000
CXUS52 KTBW 011245
CF6BKV
PRELIMINARY LOCAL CLIMATOLOGICAL DATA (WS FORM: F-6)
STATION: BROOKSVILLE
MONTH: FEBRUARY
YEAR: 2022
LATITUDE: 28 28 N
LONGITUDE: 82 27 W
TEMPERATURE IN F: :PCPN: SNOW: WIND :SUNSHINE: SKY :PK WND
================================================================================
1 2 3 4 5 6A 6B 7 8 9 10 11 12 13 14 15 16 17 18
12Z AVG MX 2MIN
DY MAX MIN AVG DEP HDD CDD WTR SNW DPTH SPD SPD DIR MIN PSBL S-S WX SPD DR
================================================================================
1 M M M M M M 0.00 0.0 0 9.5 17 110 M M 0 21 100
2 M M M M M M 0.00 0.0 0 11.2 21 90 M M 0 30 90
3 M M M M M M 0.00 0.0 0 12.4 18 120 M M 0 32 160
4 M M M M M M 0.00 0.0 0 13.7 23 180 M M 2 35 180
5 M M M M M M M 0.0 0 8.7 14 30 M M 7 M M
6 M M M M M M M 0.0 0 6.6 10 10 M M 7 18 M M
7 M M M M M M 0.00 0.0 0 6.8 14 290 M M 6 1 M M
8 M M M M M M M 0.0 0 6.8 12 330 M M 6 18 M M
9 M M M M M M M 0.0 0 9.9 18 290 M M 0 M M
10 M M M M M M M 0.0 0 7.0 10 290 M M 0 1 M M
11 78 39 59 -1 6 0 0.00 0.0 0 6.3 14 290 M M 1 1 M M
12 82 46 64 4 1 0 0.01 0.0 0 7.4 14 280 M M 1 1 M M
13 73 51 62 2 3 0 0.08 0.0 0 10.9 21 270 M M 5 1 31 300
14 M M M M M M 0.00 0.0 0 9.7 17 350 M M 0 M M
15 M M M M M M 0.00 0.0 0 12.4 23 70 M M 1 M M
16 83 52 68 7 0 3 0.00 0.0 0 15.9 25 110 M M 1 M M
17 87 61 74 13 0 9 0.00 0.0 0 9.5 20 150 M M 3 24 130
18 85 63 74 13 0 9 0.00 0.0 0 7.8 17 250 M M 8 1 22 260
19 78 52 65 4 0 0 T 0.0 0 6.9 15 280 M M 5 1 19 280
20 80 48 64 3 1 0 0.00 0.0 0 8.1 17 70 M M 0 25 50
21 83 50 67 5 0 2 0.00 0.0 0 5.5 15 120 M M 0 1 19 120
22 85 55 70 8 0 5 0.00 0.0 0 5.5 17 130 M M 1 1 22 130
23 86 57 72 10 0 7 0.00 0.0 0 4.5 14 280 M M 4 12 19 290
24 87 54 71 9 0 6 0.00 0.0 0 4.1 15 290 M M 1 12 19 280
25 86 55 71 9 0 6 0.00 0.0 0 4.9 16 290 M M 3 12 20 290
26 89 52 71 9 0 6 0.00 0.0 0 3.1 13 110 M M 2 12 16 50
27 84 56 70 8 0 5 0.00 0.0 0 5.7 15 290 M M 1 12 19 300
28 77 55 66 4 0 1 0.00 0.0 0 5.0 17 270 M M 7 12 21 260
================================================================================
SM 1323 846 11 59 0.09 0.0 225.8 M 72
================================================================================
AV 82.7 52.9 8.1 FASTST M M 3 MAX(MPH)
MISC ----> 25 110 35 180
================================================================================
NOTES:
# LAST OF SEVERAL OCCURRENCES
COLUMN 17 PEAK WIND IN M.P.H.
PRELIMINARY LOCAL CLIMATOLOGICAL DATA (WS FORM: F-6) , PAGE 2
STATION: BROOKSVILLE
MONTH: FEBRUARY
YEAR: 2022
LATITUDE: 28 28 N
LONGITUDE: 82 27 W
[TEMPERATURE DATA] [PRECIPITATION DATA] SYMBOLS USED IN COLUMN 16
AVERAGE MONTHLY: 67.8 TOTAL FOR MONTH: 0.09 1 = FOG OR MIST
DPTR FM NORMAL: 7.2 DPTR FM NORMAL: -2.48 2 = FOG REDUCING VISIBILITY
HIGHEST: 89 ON 26 GRTST 24HR 0.09 ON 12-13 TO 1/4 MILE OR LESS
LOWEST: 39 ON 11 3 = THUNDER
SNOW, ICE PELLETS, HAIL 4 = ICE PELLETS
TOTAL MONTH: 0.0 INCH 5 = HAIL
GRTST 24HR 0.0 6 = FREEZING RAIN OR DRIZZLE
GRTST DEPTH: 0 7 = DUSTSTORM OR SANDSTORM:
VSBY 1/2 MILE OR LESS
8 = SMOKE OR HAZE
[NO. OF DAYS WITH] [WEATHER - DAYS WITH] 9 = BLOWING SNOW
X = TORNADO
MAX 32 OR BELOW: 0 0.01 INCH OR MORE: 2
MAX 90 OR ABOVE: 0 0.10 INCH OR MORE: 0
MIN 32 OR BELOW: 0 0.50 INCH OR MORE: 0
MIN 0 OR BELOW: 0 1.00 INCH OR MORE: 0
[HDD (BASE 65) ]
TOTAL THIS MO. 11 CLEAR (SCALE 0-3) 18
DPTR FM NORMAL -158 PTCLDY (SCALE 4-7) 10
TOTAL FM JUL 1 263 CLOUDY (SCALE 8-10) 0
DPTR FM NORMAL -476
[CDD (BASE 65) ]
TOTAL THIS MO. 59
DPTR FM NORMAL 13 [PRESSURE DATA]
TOTAL FM JAN 1 80 HIGHEST SLP 30.48 ON 15
DPTR FM NORMAL 0 LOWEST SLP 29.97 ON 28
[REMARKS]
#FINAL-02-22#