000
CXUS52 KTBW 011136
CF6BKV
PRELIMINARY LOCAL CLIMATOLOGICAL DATA (WS FORM: F-6)
STATION: BROOKSVILLE
MONTH: JANUARY
YEAR: 2022
LATITUDE: 28 28 N
LONGITUDE: 82 27 W
TEMPERATURE IN F: :PCPN: SNOW: WIND :SUNSHINE: SKY :PK WND
================================================================================
1 2 3 4 5 6A 6B 7 8 9 10 11 12 13 14 15 16 17 18
12Z AVG MX 2MIN
DY MAX MIN AVG DEP HDD CDD WTR SNW DPTH SPD SPD DIR MIN PSBL S-S WX SPD DR
================================================================================
1 83 56 70 12 0 5 0.00 0.0 0 6.0 16 210 M M 3 12 21 210
2 84 59 72 14 0 7 0.00 0.0 0 9.4 17 200 M M 4 12 22 210
3 74 45 60 2 5 0 0.05 0.0 0 12.7 29 280 M M 3 1 36 250
4 74 42 58 0 7 0 0.00 0.0 0 6.3 17 80 M M 2 22 80
5 73 44 59 1 6 0 0.00 0.0 0 4.6 17 300 M M 6 1 24 280
6 75 42 59 2 6 0 0.06 0.0 0 2.4 18 190 M M 3 1 26 180
7 78 52 65 8 0 0 T 0.0 0 4.9 17 60 M M 5 12 22 70
8 78 48 63 6 2 0 0.00 0.0 0 8.0 15 70 M M 0 20 70
9 83 59 71 14 0 6 0.00 0.0 0 5.6 20 140 M M 3 1 25 120
10 79 56 68 11 0 3 0.00 0.0 0 6.7 16 20 M M 5 12 22 30
11 70 47 59 2 6 0 0.00 0.0 0 10.4 18 40 M M 0 25 70
12 75 49 62 5 3 0 0.00 0.0 0 6.0 15 70 M M 1 19 40
13 69 44 57 0 8 0 0.00 0.0 0 6.1 17 280 M M 1 1 23 320
14 69 37 53 -4 12 0 0.00 0.0 0 6.6 15 300 M M 0 21 330
15 M M M M M M 0.00 0.0 0 5.7 12 130 M M 1 1 M M
16 M M M M M M M 0.0 0 24.1 40 270 M M 5 13 48 270
17 M M M M M M 0.00 0.0 0 13.6 23 280 M M 2 35 280
18 M M M M M M 0.00 0.0 0 5.9 12 360 M M 0 M M
19 M M M M M M 0.00 0.0 0 7.7 15 110 M M 0 M M
20 77 46 62 5 3 0 0.00 0.0 0 M M M M M 0 M M
21 74 46 60 3 5 0 0.00 0.0 0 5.8 17 360 M M 5 M M
22 M M M M M M M 0.0 0 10.6 16 360 M M 6 M M
23 M M M M M M 0.00 0.0 0 9.7 15 300 M M 5 1 M M
24 M M M M M M 0.00 0.0 0 5.5 13 300 M M 2 M M
25 M M M M M M M M M 8.5 17 120 M M 6 1 M M
26 M M M M M M M M M 9.0 12 20 M M 6 1 M M
27 M M M M M M M M M 12.7 21 360 M M 6 1 28 40
28 M M M M M M 0.00 0.0 0 11.9 18 290 M M 4 30 290
29 M M M M M M 0.00 0.0 0 17.7 28 300 M M 1 39 320
30 M M M M M M 0.00 0.0 0 5.4 12 300 M M 0 M M
31 M M M M M M 0.00 0.0 0 7.2 13 300 M M 0 M M
================================================================================
SM 1215 772 63 21 0.11 0.0 256.7 M 85
================================================================================
AV 75.9 48.3 8.6 FASTST M M 3 MAX(MPH)
MISC ----> 40 270 48 270
================================================================================
NOTES:
# LAST OF SEVERAL OCCURRENCES
COLUMN 17 PEAK WIND IN M.P.H.
PRELIMINARY LOCAL CLIMATOLOGICAL DATA (WS FORM: F-6) , PAGE 2
STATION: BROOKSVILLE
MONTH: JANUARY
YEAR: 2022
LATITUDE: 28 28 N
LONGITUDE: 82 27 W
[TEMPERATURE DATA] [PRECIPITATION DATA] SYMBOLS USED IN COLUMN 16
AVERAGE MONTHLY: 62.1 TOTAL FOR MONTH: 0.11 1 = FOG OR MIST
DPTR FM NORMAL: 4.6 DPTR FM NORMAL: -2.90 2 = FOG REDUCING VISIBILITY
HIGHEST: 84 ON 2 GRTST 24HR 1.48 ON 16-16 TO 1/4 MILE OR LESS
LOWEST: 37 ON 14 3 = THUNDER
SNOW, ICE PELLETS, HAIL 4 = ICE PELLETS
TOTAL MONTH: 0.0 INCH 5 = HAIL
GRTST 24HR 0.0 6 = FREEZING RAIN OR DRIZZLE
GRTST DEPTH: 0 7 = DUSTSTORM OR SANDSTORM:
VSBY 1/2 MILE OR LESS
8 = SMOKE OR HAZE
[NO. OF DAYS WITH] [WEATHER - DAYS WITH] 9 = BLOWING SNOW
X = TORNADO
MAX 32 OR BELOW: 0 0.01 INCH OR MORE: 2
MAX 90 OR ABOVE: 0 0.10 INCH OR MORE: 0
MIN 32 OR BELOW: 0 0.50 INCH OR MORE: 0
MIN 0 OR BELOW: 0 1.00 INCH OR MORE: 0
[HDD (BASE 65) ]
TOTAL THIS MO. 63 CLEAR (SCALE 0-3) 18
DPTR FM NORMAL -202 PTCLDY (SCALE 4-7) 13
TOTAL FM JUL 1 252 CLOUDY (SCALE 8-10) 0
DPTR FM NORMAL -321
[CDD (BASE 65) ]
TOTAL THIS MO. 21
DPTR FM NORMAL -11 [PRESSURE DATA]
TOTAL FM JAN 1 21 HIGHEST SLP 30.40 ON 8
DPTR FM NORMAL -11 LOWEST SLP 29.75 ON 16
[REMARKS]
#FINAL-01-22#