000
CXUS52 KTBW 091615
CF6BKV
PRELIMINARY LOCAL CLIMATOLOGICAL DATA (WS FORM: F-6)
STATION: BROOKSVILLE
MONTH: DECEMBER
YEAR: 2023
LATITUDE: 28 28 N
LONGITUDE: 82 27 W
TEMPERATURE IN F: :PCPN: SNOW: WIND :SUNSHINE: SKY :PK WND
================================================================================
1 2 3 4 5 6A 6B 7 8 9 10 11 12 13 14 15 16 17 18
12Z AVG MX 2MIN
DY MAX MIN AVG DEP HDD CDD WTR SNW DPTH SPD SPD DIR MIN PSBL S-S WX SPD DR
================================================================================
1 84 56 70 7 0 5 0.00 0.0 0 4.3 16 180 M M 1 1 20 180
2 87 68 78 16 0 13 0.00 0.0 0 6.7 17 190 M M 3 1 23 180
3 86 66 76 14 0 11 0.08 0.0 0 6.4 23 320 M M 7 12 30 270
4 79 56 68 6 0 3 0.00 0.0 0 4.6 15 310 M M 4 12 22 310
5 70 49 60 -2 5 0 0.00 0.0 0 3.3 13 280 M M 0 1 23 160
6 66 36 51 -11 14 0 0.00 0.0 0 4.7 21 320 M M 0 28 310
7 70 34 52 -10 13 0 0.00 0.0 0 3.5 12 40 M M 0 15 40
8 78 48 63 1 2 0 0.00 0.0 0 4.9 14 130 M M 2 19 130
9 84 57 71 10 0 6 0.00 0.0 0 4.4 16 150 M M 1 25 140
10 83 59 71 10 0 6 0.31 0.0 0 9.4 24 280 M M 3 13 36 290
11 67 39 53 -8 12 0 0.00 0.0 0 7.1 20 300 M M 2 26 310
12 71 35 53 -8 12 0 0.00 0.0 0 8.3 17 50 M M 0 23 40
13 74 56 65 4 0 0 0.00 0.0 0 14.4 23 30 M M 4 8 33 30
14 74 59 67 6 0 2 0.00 0.0 0 12.4 26 70 M M 3 43 50
15 74 62 68 8 0 3 0.00 0.0 0 12.3 25 70 M M 2 38 80
16 68 64 66 6 0 1 2.49 0.0 0 11.7 22 100 M M 7 1 38 100
17 73 60 67 7 0 2 0.81 0.0 0 16.2 29 300 M M 10 1 44 320
18 63 44 54 -6 11 0 0.00 0.0 0 10.4 21 300 M M 3 27 280
19 62 43 53 -7 12 0 0.00 0.0 0 7.5 16 30 M M 0 23 30
20 68 44 56 -4 9 0 0.00 0.0 0 9.9 18 40 M M 0 26 40
21 72 50 61 1 4 0 0.00 0.0 0 10.0 20 60 M M 4 29 60
22 72 51 62 3 3 0 0.00 0.0 0 6.6 12 60 M M 1 16 190
23 78 51 65 6 0 0 0.00 0.0 0 7.4 17 60 M M 2 1 24 60
24 74 51 63 4 2 0 0.00 0.0 0 6.7 17 90 M M 2 31 90
25 74 64 69 10 0 4 0.23 0.0 0 8.0 20 120 M M 7 1 29 120
26 73 61 67 8 0 2 0.00 0.0 0 4.9 13 270 M M 10 12 23 160
27 69 56 63 4 2 0 0.05 0.0 0 5.6 15 300 M M 6 18 300
28 67 50 59 1 6 0 0.23 0.0 0 3.5 15 130 M M 9 12 20 140
29 59 47 53 -5 12 0 0.00 0.0 0 7.3 16 290 M M 3 12 23 310
30 61 41 51 -7 14 0 0.00 0.0 0 M 17 290 M M 2 M M
31 66 39 53 -5 12 0 0.00 0.0 0 M 17 280 M M 2 8 M M
================================================================================
SM 2246 1596 145 58 4.20 0.0 222.4 M 100
================================================================================
AV 72.5 51.5 7.7 FASTST M M 3 MAX(MPH)
MISC ----> 29 300 44 320
================================================================================
NOTES:
# LAST OF SEVERAL OCCURRENCES
COLUMN 17 PEAK WIND IN M.P.H.
PRELIMINARY LOCAL CLIMATOLOGICAL DATA (WS FORM: F-6) , PAGE 2
STATION: BROOKSVILLE
MONTH: DECEMBER
YEAR: 2023
LATITUDE: 28 28 N
LONGITUDE: 82 27 W
[TEMPERATURE DATA] [PRECIPITATION DATA] SYMBOLS USED IN COLUMN 16
AVERAGE MONTHLY: 62.0 TOTAL FOR MONTH: 4.20 1 = FOG OR MIST
DPTR FM NORMAL: 1.7 DPTR FM NORMAL: 1.64 2 = FOG REDUCING VISIBILITY
HIGHEST: 87 ON 2 GRTST 24HR 3.29 ON 16-17 TO 1/4 MILE OR LESS
LOWEST: 34 ON 7 3 = THUNDER
SNOW, ICE PELLETS, HAIL 4 = ICE PELLETS
TOTAL MONTH: 0.0 INCH 5 = HAIL
GRTST 24HR 0.0 6 = FREEZING RAIN OR DRIZZLE
GRTST DEPTH: 0 7 = DUSTSTORM OR SANDSTORM:
VSBY 1/2 MILE OR LESS
8 = SMOKE OR HAZE
[NO. OF DAYS WITH] [WEATHER - DAYS WITH] 9 = BLOWING SNOW
X = TORNADO
MAX 32 OR BELOW: 0 0.01 INCH OR MORE: 7
MAX 90 OR ABOVE: 0 0.10 INCH OR MORE: 5
MIN 32 OR BELOW: 0 0.50 INCH OR MORE: 2
MIN 0 OR BELOW: 0 1.00 INCH OR MORE: 1
[HDD (BASE 65) ]
TOTAL THIS MO. 145 CLEAR (SCALE 0-3) 19
DPTR FM NORMAL -55 PTCLDY (SCALE 4-7) 9
TOTAL FM JUL 1 225 CLOUDY (SCALE 8-10) 3
DPTR FM NORMAL -81
[CDD (BASE 65) ]
TOTAL THIS MO. 58
DPTR FM NORMAL 3 [PRESSURE DATA]
TOTAL FM JAN 1 3556 HIGHEST SLP 30.40 ON 14
DPTR FM NORMAL 592 LOWEST SLP 29.41 ON 17
[REMARKS]
#FINAL-12-23#