000
CXUS51 KRLX 011613
CF6BKW
PRELIMINARY LOCAL CLIMATOLOGICAL DATA (WS FORM: F-6)
STATION: BECKLEY WV
MONTH: MARCH
YEAR: 2023
LATITUDE: 37 46 N
LONGITUDE: 81 7 W
TEMPERATURE IN F: :PCPN: SNOW: WIND :SUNSHINE: SKY :PK WND
================================================================================
1 2 3 4 5 6A 6B 7 8 9 10 11 12 13 14 15 16 17 18
12Z AVG MX 2MIN
DY MAX MIN AVG DEP HDD CDD WTR SNW DPTH SPD SPD DIR MIN PSBL S-S WX SPD DR
================================================================================
1 71 46 59 21 6 0 0.00 0.0 0 11.3 20 140 M M 0 29 160
2 63 42 53 14 12 0 0.45 0.0 0 6.3 25 270 M M 5 13 37 250
3 59 42 51 12 14 0 0.35 0.0 0 18.2 33 260 M M 8 1 49 130
4 54 32 43 4 22 0 T T 0 11.0 33 270 M M 5 1 46 250
5 57 30 44 4 21 0 0.00 0.0 0 4.8 14 350 M M 0 27 80
6 70 37 54 14 11 0 0.00 0.0 0 9.5 20 220 M M 0 29 230
7 60 31 46 6 19 0 0.00 0.0 0 13.5 23 310 M M 6 31 330
8 45 23 34 -6 31 0 0.00 0.0 0 7.6 16 360 M M 0 23 30
9 57 25 41 0 24 0 0.00 0.0 0 4.2 14 130 M M 2 19 150
10 52 31 42 1 23 0 0.27 0.1 0 12.6 25 290 M M 10 1 35 290
11 32 25 29 -12 36 0 0.03 0.3 T 8.7 21 320 M M 8 1 32 310
12 35 28 32 -9 33 0 0.02 T 0 8.5 18 130 M M 10 16 29 130
13 38 26 32 -10 33 0 0.12 1.0 T 8.9 23 290 M M 10 128 32 290
14 26 22 24 -18 41 0 0.06 1.0 1 12.3 25 300 M M 10 12 32 310
15 43 23 33 -9 32 0 T T 1 7.9 17 340 M M 2 25 330
16 62 23 43 0 22 0 0.00 0.0 0 6.0 15 200 M M 0 21 230
17 57 32 45 2 20 0 0.28 0.2 0 11.8 24 230 M M 8 1 32 220
18 41 25 33 -10 32 0 0.01 0.2 T 12.3 25 270 M M 7 1 32 270
19 30 16 23 -21 42 0 T 0.2 T 9.8 20 340 M M 6 24 350
20 47 14 31 -13 34 0 0.00 0.0 0 2.8 10 330 M M 0 14 300
21 60 23 42 -2 23 0 0.00 0.0 0 6.2 16 170 M M 1 24 150
22 51 44 48 4 17 0 T 0.0 0 8.8 16 210 M M 10 1 21 230
23 72 51 62 17 3 0 0.00 0.0 0 11.4 26 260 M M 8 35 260
24 71 54 63 18 2 0 0.28 0.0 0 7.8 26 320 M M 7 1 37 300
25 70 49 60 14 5 0 0.23 0.0 0 15.6 31 260 M M 3 1 40 240
26 67 36 52 6 13 0 0.00 0.0 0 5.7 15 270 M M 0 20 270
27 68 47 58 12 7 0 0.00 0.0 0 10.3 24 280 M M 2 31 270
28 52 37 45 -2 20 0 0.01 0.0 0 7.2 15 340 M M 8 20 320
29 54 28 41 -6 24 0 0.00 0.0 0 5.3 17 270 M M 0 23 300
30 59 30 45 -3 20 0 0.00 0.0 0 4.8 14 210 M M 0 21 340
31 59 47 53 5 12 0 0.37 0.0 0 10.3 25 190 M M 6 1 34 190
================================================================================
SM 1682 1019 654 0 2.48 3.0 281.4 M 142
================================================================================
AV 54.3 32.9 9.1 FASTST M M 5 MAX(MPH)
MISC ----> # 33 260 49 130
================================================================================
NOTES:
# LAST OF SEVERAL OCCURRENCES
COLUMN 17 PEAK WIND IN M.P.H.
PRELIMINARY LOCAL CLIMATOLOGICAL DATA (WS FORM: F-6) , PAGE 2
STATION: BECKLEY WV
MONTH: MARCH
YEAR: 2023
LATITUDE: 37 46 N
LONGITUDE: 81 7 W
[TEMPERATURE DATA] [PRECIPITATION DATA] SYMBOLS USED IN COLUMN 16
AVERAGE MONTHLY: 43.6 TOTAL FOR MONTH: 2.48 1 = FOG OR MIST
DPTR FM NORMAL: 0.8 DPTR FM NORMAL: -1.55 2 = FOG REDUCING VISIBILITY
HIGHEST: 72 ON 23 GRTST 24HR 0.51 ON 24-25 TO 1/4 MILE OR LESS
LOWEST: 14 ON 20 3 = THUNDER
SNOW, ICE PELLETS, HAIL 4 = ICE PELLETS
TOTAL MONTH: 3.0 INCHES 5 = HAIL
GRTST 24HR 1.0 ON 13-13 6 = FREEZING RAIN OR DRIZZLE
GRTST DEPTH: 1 ON 15,14 7 = DUSTSTORM OR SANDSTORM:
VSBY 1/2 MILE OR LESS
8 = SMOKE OR HAZE
[NO. OF DAYS WITH] [WEATHER - DAYS WITH] 9 = BLOWING SNOW
X = TORNADO
MAX 32 OR BELOW: 3 0.01 INCH OR MORE: 13
MAX 90 OR ABOVE: 0 0.10 INCH OR MORE: 8
MIN 32 OR BELOW: 19 0.50 INCH OR MORE: 0
MIN 0 OR BELOW: 0 1.00 INCH OR MORE: 0
[HDD (BASE 65) ]
TOTAL THIS MO. 654 CLEAR (SCALE 0-3) 13
DPTR FM NORMAL -36 PTCLDY (SCALE 4-7) 11
TOTAL FM JUL 1 4080 CLOUDY (SCALE 8-10) 7
DPTR FM NORMAL -428
[CDD (BASE 65) ]
TOTAL THIS MO. 0
DPTR FM NORMAL -2 [PRESSURE DATA]
TOTAL FM JAN 1 0 HIGHEST SLP 30.44 ON 21
DPTR FM NORMAL -2 LOWEST SLP 29.28 ON 3
[REMARKS]
#FINAL-03-23#