000
CXUS51 KRNK 010553
CF6BLF
PRELIMINARY LOCAL CLIMATOLOGICAL DATA (WS FORM: F-6)
STATION: BLUEFIELD WV
MONTH: DECEMBER
YEAR: 2022
LATITUDE: 37 17 N
LONGITUDE: 81 12 W
TEMPERATURE IN F: :PCPN: SNOW: WIND :SUNSHINE: SKY :PK WND
================================================================================
1 2 3 4 5 6A 6B 7 8 9 10 11 12 13 14 15 16 17 18
12Z AVG MX 2MIN
DY MAX MIN AVG DEP HDD CDD WTR SNW DPTH SPD SPD DIR MIN PSBL S-S WX SPD DR
================================================================================
1 38 20 29 -10 36 0 0.00 0.0 0 7.2 22 300 M M 0 31 280
2 55 26 41 3 24 0 T 0.0 0 4.3 18 180 M M 3 33 200
3 53 33 43 5 22 0 0.24 0.0 0 10.7 25 260 M M 8 1 35 250
4 40 25 33 -5 32 0 0.00 0.0 0 2.6 9 300 M M 0 12 280
5 43 25 34 -4 31 0 T 0.0 0 4.5 15 190 M M 3 24 190
6 56 39 48 10 17 0 1.25 0.0 0 4.6 14 250 M M 10 12 21 150
7 60 55 58 21 7 0 0.24 0.0 0 7.7 14 250 M M 10 1 20 230
8 55 47 51 14 14 0 0.28 0.0 0 2.3 12 140 M M 9 12 20 150
9 47 42 45 8 20 0 T 0.0 0 4.5 10 140 M M 10 12 17 160
10 43 39 41 4 24 0 0.13 0.0 0 3.0 10 140 M M 10 1 14 130
11 46 37 42 6 23 0 0.02 0.0 0 3.6 10 280 M M 10 12 16 270
12 41 28 35 -1 30 0 0.00 0.0 0 3.9 10 10 M M 6 14 20
13 41 24 33 -3 32 0 0.00 0.0 0 3.4 8 120 M M 0 1 13 100
14 44 29 37 1 28 0 0.09 0.0 0 5.9 15 140 M M 8 1 22 140
15 36 31 34 -2 31 0 0.17 0.0 0 4.9 15 80 M M 10 12 31 90
16 36 31 34 -1 31 0 0.01 0.0 0 10.9 21 260 M M 7 27 260
17 37 29 33 -2 32 0 0.00 0.0 0 10.8 20 240 M M 7 27 270
18 31 17 24 -11 41 0 T T 0 9.7 21 260 M M 7 29 280
19 34 17 26 -9 39 0 0.00 0.0 0 6.0 14 250 M M 1 18 250
20 42 22 32 -3 33 0 0.00 0.0 0 1.8 6 350 M M 8 8 170
21 42 24 33 -1 32 0 0.00 0.0 0 4.9 14 140 M M 3 23 140
22 40 30 35 1 30 0 0.04 0.0 0 5.7 15 140 M M 9 126 26 80
23 38 -9 15 -19 50 0 0.21 1.2 1 16.4 29 290 M M 9 12 43 290
24 8 -9 0 -34 65 0 T T 1 16.6 25 270 M M 10 35 290
25 20 4 12 -22 53 0 T T 1 12.6 18 280 M M 3 26 290
26 27 8 18 -16 47 0 0.00 0.0 T 5.0 12 260 M M 5 15 270
27 36 22 29 -4 36 0 0.00 0.0 T 4.0 12 270 M M 6 15 290
28 49 26 38 5 27 0 0.00 0.0 0 4.5 12 270 M M 0 15 270
29 59 30 45 12 20 0 0.00 0.0 0 5.2 16 240 M M 0 24 240
30 59 42 51 18 14 0 0.00 0.0 0 5.8 16 180 M M 4 31 150
31 55 48 52 19 13 0 0.36 0.0 0 7.2 15 170 M M 9 1 26 180
================================================================================
SM 1311 832 934 0 3.04 1.2 200.2 M 185
================================================================================
AV 42.3 26.8 6.5 FASTST M M 6 MAX(MPH)
MISC ----> 29 290 43 290
================================================================================
NOTES:
# LAST OF SEVERAL OCCURRENCES
COLUMN 17 PEAK WIND IN M.P.H.
PRELIMINARY LOCAL CLIMATOLOGICAL DATA (WS FORM: F-6) , PAGE 2
STATION: BLUEFIELD WV
MONTH: DECEMBER
YEAR: 2022
LATITUDE: 37 17 N
LONGITUDE: 81 12 W
[TEMPERATURE DATA] [PRECIPITATION DATA] SYMBOLS USED IN COLUMN 16
AVERAGE MONTHLY: 34.6 TOTAL FOR MONTH: 3.04 1 = FOG OR MIST
DPTR FM NORMAL: -0.9 DPTR FM NORMAL: 0.03 2 = FOG REDUCING VISIBILITY
HIGHEST: 60 ON 7 GRTST 24HR 1.27 ON 6- 7 TO 1/4 MILE OR LESS
LOWEST: -9 ON 24,23 3 = THUNDER
SNOW, ICE PELLETS, HAIL 4 = ICE PELLETS
TOTAL MONTH: 1.2 INCHES 5 = HAIL
GRTST 24HR 1.2 ON 23-23 6 = FREEZING RAIN OR DRIZZLE
GRTST DEPTH: 1 ON 25,24 7 = DUSTSTORM OR SANDSTORM:
VSBY 1/2 MILE OR LESS
8 = SMOKE OR HAZE
[NO. OF DAYS WITH] [WEATHER - DAYS WITH] 9 = BLOWING SNOW
X = TORNADO
MAX 32 OR BELOW: 4 0.01 INCH OR MORE: 12
MAX 90 OR ABOVE: 0 0.10 INCH OR MORE: 8
MIN 32 OR BELOW: 22 0.50 INCH OR MORE: 1
MIN 0 OR BELOW: 2 1.00 INCH OR MORE: 1
[HDD (BASE 65) ]
TOTAL THIS MO. 934 CLEAR (SCALE 0-3) 9
DPTR FM NORMAL 21 PTCLDY (SCALE 4-7) 11
TOTAL FM JUL 1 2139 CLOUDY (SCALE 8-10) 11
DPTR FM NORMAL 101
[CDD (BASE 65) ]
TOTAL THIS MO. 0
DPTR FM NORMAL 0 [PRESSURE DATA]
TOTAL FM JAN 1 568 HIGHEST SLP M ON M
DPTR FM NORMAL 31 LOWEST SLP 29.37 ON 23
[REMARKS]
#FINAL-12-22#
DUE TO EQUIPMENT FAILURE ON JANUARY 9-10 AND AUGUST 16-17, 2022, ALL
INFORMATION WILL BE CALCULATED WITHOUT DATA FROM THESE DATES.