000
CXUS51 KRNK 010638
CF6BLF
PRELIMINARY LOCAL CLIMATOLOGICAL DATA (WS FORM: F-6)
STATION: BLUEFIELD WV
MONTH: JUNE
YEAR: 2021
LATITUDE: 37 17 N
LONGITUDE: 81 12 W
TEMPERATURE IN F: :PCPN: SNOW: WIND :SUNSHINE: SKY :PK WND
================================================================================
1 2 3 4 5 6A 6B 7 8 9 10 11 12 13 14 15 16 17 18
12Z AVG MX 2MIN
DY MAX MIN AVG DEP HDD CDD WTR SNW DPTH SPD SPD DIR MIN PSBL S-S WX SPD DR
================================================================================
1 71 52 62 -2 3 0 0.00 0.0 0 2.9 10 260 M M 3 16 270
2 70 60 65 1 0 0 T 0.0 0 6.1 14 170 M M 3 21 170
3 69 59 64 0 1 0 0.30 0.0 0 4.0 15 260 M M 8 1 23 280
4 74 59 67 3 0 2 T 0.0 0 6.0 14 270 M M 4 20 280
5 82 54 68 3 0 3 0.00 0.0 0 3.8 12 250 M M 2 15 260
6 79 62 71 6 0 6 T 0.0 0 2.9 9 140 M M 5 14 130
7 80 62 71 6 0 6 0.19 0.0 0 2.5 18 270 M M 4 13 27 260
8 80 63 72 6 0 7 0.29 0.0 0 4.1 10 200 M M 4 13 17 20
9 75 61 68 2 0 3 0.70 0.0 0 2.5 8 310 M M 7 123 11 270
10 77 64 71 5 0 6 0.19 0.0 0 4.1 18 240 M M 9 13 24 250
11 76 63 70 4 0 5 0.14 0.0 0 5.0 14 300 M M 8 13 22 300
12 77 64 71 5 0 6 0.21 0.0 0 3.4 13 20 M M 8 1 18 350
13 81 61 71 4 0 6 0.04 0.0 0 3.2 21 50 M M 5 123 33 50
14 79 60 70 3 0 5 0.00 0.0 0 7.2 15 300 M M 2 21 280
15 71 57 64 -3 1 0 T 0.0 0 6.2 15 250 M M 5 1 23 290
16 69 51 60 -8 5 0 0.00 0.0 0 6.3 15 310 M M 1 22 300
17 72 47 60 -8 5 0 0.00 0.0 0 3.9 12 250 M M 0 17 260
18 78 54 66 -2 0 1 0.00 0.0 0 6.2 16 250 M M 1 27 320
19 79 63 71 3 0 6 0.00 0.0 0 9.9 21 270 M M 1 29 280
20 81 63 72 4 0 7 0.00 0.0 0 2.0 8 110 M M 1 11 70
21 83 65 74 6 0 9 0.02 0.0 0 8.3 22 250 M M 5 3 31 260
22 66 53 60 -9 5 0 0.64 0.0 0 5.8 16 20 M M 7 1 21 360
23 71 45 58 -11 7 0 0.00 0.0 0 2.4 10 120 M M 2 14 120
24 71 57 64 -5 1 0 0.00 0.0 0 5.8 12 140 M M 1 19 150
25 75 57 66 -3 0 1 0.00 0.0 0 5.9 13 180 M M 0 21 190
26 79 59 69 0 0 4 0.00 0.0 0 5.2 14 170 M M 1 22 190
27 82 67 75 5 0 10 T 0.0 0 4.1 10 160 M M 4 3 16 160
28 84 65 75 5 0 10 0.00 0.0 0 4.0 10 160 M M 2 3 21 150
29 81 66 74 4 0 9 0.00 0.0 0 5.4 15 170 M M 2 22 180
30 83 65 74 4 0 9 0.00 0.0 0 6.1 15 250 M M 3 19 240
================================================================================
SM 2295 1778 28 121 2.72 0.0 145.2 M 108
================================================================================
AV 76.5 59.3 4.8 FASTST M M 4 MAX(MPH)
MISC ----> 22 250 33 50
================================================================================
NOTES:
# LAST OF SEVERAL OCCURRENCES
COLUMN 17 PEAK WIND IN M.P.H.
PRELIMINARY LOCAL CLIMATOLOGICAL DATA (WS FORM: F-6) , PAGE 2
STATION: BLUEFIELD WV
MONTH: JUNE
YEAR: 2021
LATITUDE: 37 17 N
LONGITUDE: 81 12 W
[TEMPERATURE DATA] [PRECIPITATION DATA] SYMBOLS USED IN COLUMN 16
AVERAGE MONTHLY: 67.9 TOTAL FOR MONTH: 2.72 1 = FOG OR MIST
DPTR FM NORMAL: 0.8 DPTR FM NORMAL: -1.42 2 = FOG REDUCING VISIBILITY
HIGHEST: 84 ON 28 GRTST 24HR 0.92 ON 8- 9 TO 1/4 MILE OR LESS
LOWEST: 45 ON 23 3 = THUNDER
SNOW, ICE PELLETS, HAIL 4 = ICE PELLETS
TOTAL MONTH: 0.0 INCH 5 = HAIL
GRTST 24HR 0.0 6 = FREEZING RAIN OR DRIZZLE
GRTST DEPTH: 0 7 = DUSTSTORM OR SANDSTORM:
VSBY 1/2 MILE OR LESS
8 = SMOKE OR HAZE
[NO. OF DAYS WITH] [WEATHER - DAYS WITH] 9 = BLOWING SNOW
X = TORNADO
MAX 32 OR BELOW: 0 0.01 INCH OR MORE: 10
MAX 90 OR ABOVE: 0 0.10 INCH OR MORE: 8
MIN 32 OR BELOW: 0 0.50 INCH OR MORE: 2
MIN 0 OR BELOW: 0 1.00 INCH OR MORE: 0
[HDD (BASE 65) ]
TOTAL THIS MO. 28 CLEAR (SCALE 0-3) 15
DPTR FM NORMAL -13 PTCLDY (SCALE 4-7) 13
TOTAL FM JUL 1 5072 CLOUDY (SCALE 8-10) 2
DPTR FM NORMAL -147
[CDD (BASE 65) ]
TOTAL THIS MO. 121
DPTR FM NORMAL 15 [PRESSURE DATA]
TOTAL FM JAN 1 163 HIGHEST SLP M ON M
DPTR FM NORMAL 10 LOWEST SLP 29.73 ON 21
[REMARKS]
#FINAL-06-21#