000
CXUS55 KPSR 221502
CF6BLH
PRELIMINARY LOCAL CLIMATOLOGICAL DATA (WS FORM: F-6)
STATION: BLYTHE CA
MONTH: APRIL
YEAR: 2021
LATITUDE: 33 37 N
LONGITUDE: 114 43 W
TEMPERATURE IN F: :PCPN: SNOW: WIND :SUNSHINE: SKY :PK WND
================================================================================
1 2 3 4 5 6A 6B 7 8 9 10 11 12 13 14 15 16 17 18
12Z AVG MX 2MIN
DY MAX MIN AVG DEP HDD CDD WTR SNW DPTH SPD SPD DIR MIN PSBL S-S WX SPD DR
================================================================================
1 92 54 73 4 0 8 T M M 5.0 14 330 M M 0 3 18 330
2 96 61 79 10 0 14 T M M 7.0 13 240 M M 0 8 M M
3 99 58 79 10 0 14 0.00 M M 5.1 14 270 M M 0 23 140
4 98 59 79 9 0 14 0.00 M M 6.4 13 190 M M M 17 140
5 100 61 81 11 0 16 0.00 M M 10.4 29 240 M M M 36 240
6 93 65 79 9 0 14 0.00 M M 9.8 22 360 M M 0 26 10
7 94 55 75 5 0 10 0.00 M M 5.6 20 240 M M 0 24 240
8 97 66 82 12 0 17 0.00 M M 10.8 26 270 M M 0 36 260
9 96 63 80 9 0 15 0.00 M M 6.0 17 340 M M 0 23 350
10 96 64 80 9 0 15 0.00 M M 5.9 15 240 M M 0 21 230
11 95 65 80 9 0 15 0.00 M M 5.8 13 240 M M 0 15 220
12 93 60 77 6 0 12 0.00 M M 9.3 21 190 M M 0 24 210
13 88 63 76 4 0 11 0.00 M M 16.4 30 220 M M 0 8 35 230
14 83 55 69 -3 0 4 0.00 M M 11.5 25 240 M M 0 31 230
15 84 52 68 -4 0 3 0.00 M M 5.7 17 320 M M 0 22 320
16 86 56 71 -1 0 6 0.00 M M 5.0 14 180 M M 0 18 180
17 86 60 73 1 0 8 0.00 M M 15.8 24 10 M M 0 32 20
18 88 64 76 3 0 11 0.00 M M 15.9 31 360 M M 0 38 360
19 94 58 76 3 0 11 0.00 M M 5.6 13 260 M M 0 16 280
20 97 59 78 5 0 13 0.00 M M 10.4 25 230 M M 0 31 220
21 86 60 73 0 0 8 0.00 M M 17.4 33 220 M M 0 8 41 220
22 86 52 69 -5 0 4 0.00 M M 7.7 29 250 M M 0 36 250
23 90 56 73 -1 0 8 0.00 M M 9.7 23 170 M M 0 35 190
24 93 64 79 5 0 14 0.00 M M 13.7 26 240 M M 0 32 230
25 91 62 77 3 0 12 0.00 M M 14.5 28 240 M M 0 36 240
26 71 55 63 -12 2 0 T M M 13.5 24 220 M M 2 29 210
27 76 51 64 -11 1 0 0.00 M M 5.3 15 350 M M 3 19 350
28 91 55 73 -2 0 8 0.00 M M 11.1 26 340 M M 0 37 330
29 97 61 79 4 0 14 0.00 M M 6.5 13 40 M M 0 M M
30 103 63 83 7 0 18 0.00 M M 6.2 13 210 M M 0 15 120
================================================================================
SM 2739 1777 3 317 T M 279.0 M 5
================================================================================
AV 91.3 59.2 9.3 FASTST M M 0 MAX(MPH)
MISC ----> 33 220 41 220
================================================================================
NOTES:
# LAST OF SEVERAL OCCURRENCES
COLUMN 17 PEAK WIND IN M.P.H.
PRELIMINARY LOCAL CLIMATOLOGICAL DATA (WS FORM: F-6) , PAGE 2
STATION: BLYTHE CA
MONTH: APRIL
YEAR: 2021
LATITUDE: 33 37 N
LONGITUDE: 114 43 W
[TEMPERATURE DATA] [PRECIPITATION DATA] SYMBOLS USED IN COLUMN 16
AVERAGE MONTHLY: 75.3 TOTAL FOR MONTH: T 1 = FOG OR MIST
DPTR FM NORMAL: 3.2 DPTR FM NORMAL: -0.09 2 = FOG REDUCING VISIBILITY
HIGHEST: 103 ON 30 GRTST 24HR T ON 1- 1 TO 1/4 MILE OR LESS
LOWEST: 51 ON 27 3 = THUNDER
SNOW, ICE PELLETS, HAIL 4 = ICE PELLETS
TOTAL MONTH: M 5 = HAIL
GRTST 24HR M ON M 6 = FREEZING RAIN OR DRIZZLE
GRTST DEPTH: M ON M 7 = DUSTSTORM OR SANDSTORM:
VSBY 1/2 MILE OR LESS
8 = SMOKE OR HAZE
[NO. OF DAYS WITH] [WEATHER - DAYS WITH] 9 = BLOWING SNOW
X = TORNADO
MAX 32 OR BELOW: 0 0.01 INCH OR MORE: 0
MAX 90 OR ABOVE: 20 0.10 INCH OR MORE: 0
MIN 32 OR BELOW: 0 0.50 INCH OR MORE: 0
MIN 0 OR BELOW: 0 1.00 INCH OR MORE: 0
[HDD (BASE 65) ]
TOTAL THIS MO. 3 CLEAR (SCALE 0-3) 28
DPTR FM NORMAL -11 PTCLDY (SCALE 4-7) 0
TOTAL FM JUL 1 989 CLOUDY (SCALE 8-10) 2
DPTR FM NORMAL -19
[CDD (BASE 65) ]
TOTAL THIS MO. 317
DPTR FM NORMAL 88 [PRESSURE DATA]
TOTAL FM JAN 1 365 HIGHEST SLP 30.10 ON 29
DPTR FM NORMAL 33 LOWEST SLP 29.56 ON 11
[REMARKS]
#FINAL-04-21#