000
CXUS55 KOHX 021643
CF6BNA
PRELIMINARY LOCAL CLIMATOLOGICAL DATA (WS FORM: F-6)
STATION: NASHVILLE
MONTH: SEPTEMBER
YEAR: 2020
LATITUDE: 36 7 N
LONGITUDE: 86 41 W
TEMPERATURE IN F: :PCPN: SNOW: WIND :SUNSHINE: SKY :PK WND
================================================================================
1 2 3 4 5 6A 6B 7 8 9 10 11 12 13 14 15 16 17 18
12Z AVG MX 2MIN
DY MAX MIN AVG DEP HDD CDD WTR SNW DPTH SPD SPD DIR MIN PSBL S-S WX SPD DR
================================================================================
1 88 71 80 3 0 15 0.10 0.0 0 4.7 18 180 M M 7 13 23 160
2 90 75 83 7 0 18 0.01 0.0 0 7.3 16 200 M M 7 8 23 190
3 89 76 83 7 0 18 0.07 0.0 0 7.2 16 250 M M 7 8 26 230
4 87 63 75 -1 0 10 0.00 0.0 0 5.2 16 360 M M 5 23 340
5 87 59 73 -3 0 8 0.00 0.0 0 2.9 9 110 M M 4 13 90
6 88 60 74 -1 0 9 0.00 0.0 0 3.9 8 110 M M 3 12 12 100
7 90 62 76 1 0 11 0.00 0.0 0 5.8 14 210 M M 0 19 200
8 90 64 77 3 0 12 0.00 0.0 0 3.7 12 180 M M 0 16 180
9 91 66 79 5 0 14 0.00 0.0 0 2.2 9 180 M M 1 12 180
10 92 68 80 6 0 15 0.00 0.0 0 3.3 13 30 M M 2 1 17 30
11 92 71 82 9 0 17 0.00 0.0 0 5.0 13 50 M M 2 18 120
12 91 73 82 9 0 17 0.20 0.0 0 4.6 17 300 M M 6 13 25 290
13 76 71 74 1 0 9 3.27 0.0 0 3.4 10 200 M M 9 13 13 300
14 84 68 76 4 0 11 0.00 0.0 0 9.2 18 30 M M 7 12 25 40
15 85 65 75 3 0 10 T 0.0 0 5.3 13 40 M M 6 16 60
16 86 67 77 5 0 12 0.00 0.0 0 3.7 9 30 M M 8 1 13 20
17 86 67 77 6 0 12 0.00 0.0 0 10.7 21 30 M M 5 29 20
18 77 58 68 -3 0 3 0.00 0.0 0 11.5 20 30 M M 5 27 40
19 77 54 66 -4 0 1 0.00 0.0 0 7.1 12 30 M M 5 16 30
20 80 57 69 -1 0 4 0.00 0.0 0 5.1 13 70 M M 3 17 90
21 77 55 66 -4 0 1 0.00 0.0 0 4.0 13 80 M M 0 19 60
22 75 52 64 -5 1 0 0.00 0.0 0 3.8 10 60 M M 7 14 150
23 69 61 65 -4 0 0 0.02 0.0 0 2.8 8 190 M M 10 13 360
24 67 61 64 -4 1 0 0.03 0.0 0 7.4 13 60 M M 9 1 17 130
25 76 64 70 2 0 5 T 0.0 0 3.7 8 40 M M 9 18 12 40
26 80 61 71 3 0 6 0.00 0.0 0 3.0 10 210 M M 6 12 14 210
27 83 60 72 5 0 7 0.00 0.0 0 5.5 12 210 M M 5 M M
28 73 53 63 -4 2 0 0.10 0.0 0 5.8 20 310 M M 7 13 28 330
29 70 50 60 -6 5 0 0.00 0.0 0 4.4 13 270 M M 4 19 280
30 79 48 64 -2 1 0 0.00 0.0 0 7.9 17 210 M M 0 28 210
================================================================================
SM 2475 1880 10 245 3.80 0.0 160.1 M 149
================================================================================
AV 82.5 62.7 5.3 FASTST M M 5 MAX(MPH)
MISC ----> # 21 30 # 29 20
================================================================================
NOTES:
# LAST OF SEVERAL OCCURRENCES
COLUMN 17 PEAK WIND IN M.P.H.
PRELIMINARY LOCAL CLIMATOLOGICAL DATA (WS FORM: F-6) , PAGE 2
STATION: NASHVILLE
MONTH: SEPTEMBER
YEAR: 2020
LATITUDE: 36 7 N
LONGITUDE: 86 41 W
[TEMPERATURE DATA] [PRECIPITATION DATA] SYMBOLS USED IN COLUMN 16
AVERAGE MONTHLY: 72.6 TOTAL FOR MONTH: 3.80 1 = FOG OR MIST
DPTR FM NORMAL: 1.1 DPTR FM NORMAL: 0.39 2 = FOG REDUCING VISIBILITY
HIGHEST: 92 ON 11,10 GRTST 24HR 3.27 ON 13-13 TO 1/4 MILE OR LESS
LOWEST: 48 ON 30 3 = THUNDER
SNOW, ICE PELLETS, HAIL 4 = ICE PELLETS
TOTAL MONTH: 0.0 INCH 5 = HAIL
GRTST 24HR 0.0 6 = FREEZING RAIN OR DRIZZLE
GRTST DEPTH: 0 7 = DUSTSTORM OR SANDSTORM:
VSBY 1/2 MILE OR LESS
8 = SMOKE OR HAZE
[NO. OF DAYS WITH] [WEATHER - DAYS WITH] 9 = BLOWING SNOW
X = TORNADO
MAX 32 OR BELOW: 0 0.01 INCH OR MORE: 8
MAX 90 OR ABOVE: 7 0.10 INCH OR MORE: 4
MIN 32 OR BELOW: 0 0.50 INCH OR MORE: 1
MIN 0 OR BELOW: 0 1.00 INCH OR MORE: 1
[HDD (BASE 65) ]
TOTAL THIS MO. 10 CLEAR (SCALE 0-3) 8
DPTR FM NORMAL -14 PTCLDY (SCALE 4-7) 18
TOTAL FM JUL 1 10 CLOUDY (SCALE 8-10) 4
DPTR FM NORMAL -14
[CDD (BASE 65) ]
TOTAL THIS MO. 245
DPTR FM NORMAL 25 [PRESSURE DATA]
TOTAL FM JAN 1 1856 HIGHEST SLP 30.41 ON 21
DPTR FM NORMAL 262 LOWEST SLP 29.77 ON 28
[REMARKS]
#FINAL-09-20#