000
CXUS55 KBOI 011002
CF6BOI
PRELIMINARY LOCAL CLIMATOLOGICAL DATA (WS FORM: F-6)
STATION: BOISE ID
MONTH: MARCH
YEAR: 2022
LATITUDE: 43 34 N
LONGITUDE: 116 13 W
TEMPERATURE IN F: :PCPN: SNOW: WIND :SUNSHINE: SKY :PK WND
================================================================================
1 2 3 4 5 6A 6B 7 8 9 10 11 12 13 14 15 16 17 18
12Z AVG MX 2MIN
DY MAX MIN AVG DEP HDD CDD WTR SNW DPTH SPD SPD DIR MIN PSBL S-S WX SPD DR
================================================================================
1 58 39 49 7 16 0 T 0.0 0 5.6 16 300 M M 6 20 310
2 67 37 52 10 13 0 0.00 0.0 0 5.4 16 150 M M 0 22 140
3 59 37 48 6 17 0 0.00 0.0 0 6.7 22 320 M M 0 26 320
4 49 33 41 -1 24 0 0.00 0.0 0 10.9 20 330 M M 3 27 310
5 52 24 38 -5 27 0 0.00 0.0 0 9.3 23 310 M M 2 29 320
6 47 29 38 -5 27 0 T 0.0 0 14.4 32 330 M M 2 8 41 330
7 50 24 37 -6 28 0 0.00 0.0 0 5.9 15 320 M M 3 24 300
8 49 29 39 -5 26 0 0.01 T 0 8.2 20 300 M M 7 27 330
9 40 22 31 -13 34 0 T T 0 10.9 20 300 M M 8 18 27 300
10 39 14 27 -17 38 0 0.00 0.0 0 5.4 16 330 M M 0 20 310
11 53 23 38 -6 27 0 0.00 0.0 0 4.5 10 110 M M 7 13 140
12 64 35 50 5 15 0 0.00 0.0 0 13.5 24 120 M M 1 32 140
13 54 37 46 1 19 0 T 0.0 0 10.4 23 280 M M 9 34 310
14 58 33 46 1 19 0 0.00 0.0 0 12.2 22 120 M M 2 30 130
15 54 40 47 2 18 0 0.34 0.0 0 8.7 18 280 M M 7 13 24 270
16 51 34 43 -3 22 0 0.00 0.0 0 8.8 22 300 M M 7 29 300
17 55 31 43 -3 22 0 0.00 0.0 0 9.3 16 120 M M 2 23 120
18 60 35 48 2 17 0 0.00 0.0 0 8.0 18 120 M M 2 25 120
19 61 40 51 5 14 0 0.04 0.0 0 10.8 25 320 M M 4 33 240
20 48 31 40 -6 25 0 0.00 0.0 0 16.2 29 300 M M 3 40 300
21 53 33 43 -3 22 0 0.00 0.0 0 5.4 17 320 M M 5 23 310
22 62 33 48 1 17 0 0.00 0.0 0 7.2 18 300 M M 1 25 290
23 70 39 55 8 10 0 0.00 0.0 0 7.4 14 140 M M 1 17 120
24 67 39 53 6 12 0 0.00 0.0 0 5.4 13 300 M M 0 19 330
25 74 42 58 11 7 0 0.00 0.0 0 6.1 15 130 M M 0 20 130
26 73 43 58 11 7 0 0.00 0.0 0 4.8 12 130 M M 0 15 140
27 65 47 56 9 9 0 0.00 0.0 0 6.0 15 130 M M 0 21 130
28 64 40 52 4 13 0 0.00 0.0 0 10.7 26 330 M M 0 35 350
29 68 41 55 7 10 0 0.00 0.0 0 14.7 29 310 M M 1 39 300
30 60 35 48 0 17 0 0.00 0.0 0 8.7 22 320 M M 2 27 300
31 53 32 43 -5 22 0 0.00 0.0 0 10.8 21 300 M M 0 28 300
================================================================================
SM 1777 1051 594 0 0.39 T 272.3 M 85
================================================================================
AV 57.3 33.9 8.8 FASTST M M 3 MAX(MPH)
MISC ----> 32 330 41 330
================================================================================
NOTES:
# LAST OF SEVERAL OCCURRENCES
COLUMN 17 PEAK WIND IN M.P.H.
PRELIMINARY LOCAL CLIMATOLOGICAL DATA (WS FORM: F-6) , PAGE 2
STATION: BOISE ID
MONTH: MARCH
YEAR: 2022
LATITUDE: 43 34 N
LONGITUDE: 116 13 W
[TEMPERATURE DATA] [PRECIPITATION DATA] SYMBOLS USED IN COLUMN 16
AVERAGE MONTHLY: 45.6 TOTAL FOR MONTH: 0.39 1 = FOG OR MIST
DPTR FM NORMAL: 0.4 DPTR FM NORMAL: -0.94 2 = FOG REDUCING VISIBILITY
HIGHEST: 74 ON 25 GRTST 24HR 0.34 ON 15-15 TO 1/4 MILE OR LESS
LOWEST: 14 ON 10 3 = THUNDER
SNOW, ICE PELLETS, HAIL 4 = ICE PELLETS
TOTAL MONTH: T 5 = HAIL
GRTST 24HR T ON 8- 8 6 = FREEZING RAIN OR DRIZZLE
GRTST DEPTH: 0 7 = DUSTSTORM OR SANDSTORM:
VSBY 1/2 MILE OR LESS
8 = SMOKE OR HAZE
[NO. OF DAYS WITH] [WEATHER - DAYS WITH] 9 = BLOWING SNOW
X = TORNADO
MAX 32 OR BELOW: 0 0.01 INCH OR MORE: 3
MAX 90 OR ABOVE: 0 0.10 INCH OR MORE: 1
MIN 32 OR BELOW: 10 0.50 INCH OR MORE: 0
MIN 0 OR BELOW: 0 1.00 INCH OR MORE: 0
[HDD (BASE 65) ]
TOTAL THIS MO. 594 CLEAR (SCALE 0-3) 21
DPTR FM NORMAL -20 PTCLDY (SCALE 4-7) 9
TOTAL FM JUL 1 4531 CLOUDY (SCALE 8-10) 1
DPTR FM NORMAL -102
[CDD (BASE 65) ]
TOTAL THIS MO. 0
DPTR FM NORMAL 0 [PRESSURE DATA]
TOTAL FM JAN 1 0 HIGHEST SLP 30.47 ON 7
DPTR FM NORMAL 0 LOWEST SLP 29.55 ON 28
[REMARKS]
#FINAL-03-22#