249
CXUS55 KRIW 040140
CF6BPI
PRELIMINARY LOCAL CLIMATOLOGICAL DATA (WS FORM: F-6)
STATION: BIG PINEY WY
MONTH: AUGUST
YEAR: 2020
LATITUDE: 42 34 N
LONGITUDE: 110 6 W
TEMPERATURE IN F: :PCPN: SNOW: WIND :SUNSHINE: SKY :PK WND
================================================================================
1 2 3 4 5 6A 6B 7 8 9 10 11 12 13 14 15 16 17 18
12Z AVG MX 2MIN
DY MAX MIN AVG DEP HDD CDD WTR SNW DPTH SPD SPD DIR MIN PSBL S-S WX SPD DR
================================================================================
1 89 43 66 3 0 1 0.00 M M 7.1 25 260 M M 0 33 260
2 90 45 68 6 0 3 0.00 M M 5.8 22 320 M M 0 36 50
3 92 46 69 7 0 4 T M M 9.6 22 300 M M 0 3 36 300
4 89 40 65 3 0 0 0.00 M M 7.9 28 350 M M 0 49 340
5 85 38 62 0 3 0 0.00 M M 6.4 24 210 M M 1 40 170
6 86 50 68 6 0 3 T M M 11.5 32 260 M M 1 46 250
7 86 37 62 0 3 0 0.00 M M 6.9 22 320 M M 1 3 32 300
8 84 37 61 -1 4 0 0.00 M M 8.1 25 300 M M 1 36 280
9 84 39 62 0 3 0 0.00 M M 9.8 26 300 M M 0 36 300
10 87 40 64 3 1 0 0.00 M M 8.0 26 280 M M 0 38 300
11 86 40 63 2 2 0 0.00 M M 8.5 23 290 M M 0 35 260
12 82 44 63 2 2 0 0.00 M M 9.5 43 310 M M 1 60 320
13 83 38 61 0 4 0 0.00 M M 10.0 36 280 M M 0 50 270
14 81 39 60 0 5 0 0.00 M M 8.2 18 330 M M 0 27 310
15 86 34 60 0 5 0 0.00 M M 8.0 20 350 M M 0 24 350
16 88 39 64 4 1 0 0.00 M M 5.1 17 20 M M 0 25 310
17 91 41 66 6 0 1 T M M 4.8 38 30 M M 0 61 50
18 90 47 69 9 0 4 T M M 6.2 21 320 M M 0 3 27 320
19 88 50 69 10 0 4 T M M 6.4 24 10 M M 1 35 320
20 85 52 69 10 0 4 0.00 M M 6.1 20 330 M M 0 8 24 340
21 86 43 65 6 0 0 0.00 M M 5.9 21 300 M M 8 8 27 310
22 88 39 64 6 1 0 0.00 M M 5.5 14 190 M M 1 8 20 200
23 87 42 65 7 0 0 T M M 6.7 35 200 M M 1 38 48 190
24 86 40 63 5 2 0 0.00 M M 5.0 21 360 M M 0 25 10
25 88 47 68 10 0 3 T M M 7.3 24 210 M M 2 3 35 30
26 84 50 67 10 0 2 T M M 7.2 22 40 M M 1 3 28 60
27 88 47 68 11 0 3 T M M 10.8 28 230 M M 1 39 280
28 82 42 62 6 3 0 0.00 M M 6.6 16 350 M M 0 23 360
29 84 41 63 7 2 0 0.00 M M 8.6 30 310 M M 2 39 300
30 78 36 57 1 8 0 0.00 M M 11.6 31 300 M M 0 8 42 260
31 56 32 44 -12 21 0 T M M 5.5 12 340 M M 4 18 360
================================================================================
SM 2639 1298 70 32 T M 234.6 M 26
================================================================================
AV 85.1 41.9 7.6 FASTST M M 1 MAX(MPH)
MISC ----> # 43 310 # 61 50
================================================================================
NOTES:
# LAST OF SEVERAL OCCURRENCES
COLUMN 17 PEAK WIND IN M.P.H.
PRELIMINARY LOCAL CLIMATOLOGICAL DATA (WS FORM: F-6) , PAGE 2
STATION: BIG PINEY WY
MONTH: AUGUST
YEAR: 2020
LATITUDE: 42 34 N
LONGITUDE: 110 6 W
[TEMPERATURE DATA] [PRECIPITATION DATA] SYMBOLS USED IN COLUMN 16
AVERAGE MONTHLY: 63.5 TOTAL FOR MONTH: T 1 = FOG OR MIST
DPTR FM NORMAL: 3.9 DPTR FM NORMAL: -0.69 2 = FOG REDUCING VISIBILITY
HIGHEST: 92 ON 3 GRTST 24HR T ON 31-31 TO 1/4 MILE OR LESS
LOWEST: 32 ON 31 3 = THUNDER
SNOW, ICE PELLETS, HAIL 4 = ICE PELLETS
TOTAL MONTH: M 5 = HAIL
GRTST 24HR M ON M 6 = FREEZING RAIN OR DRIZZLE
GRTST DEPTH: M ON M 7 = DUSTSTORM OR SANDSTORM:
VSBY 1/2 MILE OR LESS
8 = SMOKE OR HAZE
[NO. OF DAYS WITH] [WEATHER - DAYS WITH] 9 = BLOWING SNOW
X = TORNADO
MAX 32 OR BELOW: 0 0.01 INCH OR MORE: 0
MAX 90 OR ABOVE: 4 0.10 INCH OR MORE: 0
MIN 32 OR BELOW: 1 0.50 INCH OR MORE: 0
MIN 0 OR BELOW: 0 1.00 INCH OR MORE: 0
[HDD (BASE 65) ]
TOTAL THIS MO. 70 CLEAR (SCALE 0-3) 29
DPTR FM NORMAL -106 PTCLDY (SCALE 4-7) 1
TOTAL FM JUL 1 171 CLOUDY (SCALE 8-10) 1
DPTR FM NORMAL -122
[CDD (BASE 65) ]
TOTAL THIS MO. 32
DPTR FM NORMAL 21 [PRESSURE DATA]
TOTAL FM JAN 1 34 HIGHEST SLP M ON M
DPTR FM NORMAL -1 LOWEST SLP 29.66 ON 6
[REMARKS]
#FINAL-08-20#