000
CXUS54 KLZK 011230
CF6BPK
PRELIMINARY LOCAL CLIMATOLOGICAL DATA (WS FORM: F-6)
STATION: MOUNTAIN HOME AIRPORT
MONTH: JUNE
YEAR: 2023
LATITUDE: 36 22 N
LONGITUDE: 92 28 W
TEMPERATURE IN F: :PCPN: SNOW: WIND :SUNSHINE: SKY :PK WND
================================================================================
1 2 3 4 5 6A 6B 7 8 9 10 11 12 13 14 15 16 17 18
12Z AVG MX 2MIN
DY MAX MIN AVG DEP HDD CDD WTR SNW DPTH SPD SPD DIR MIN PSBL S-S WX SPD DR
================================================================================
1 86 64 75 3 0 10 0.00 M M 3.0 12 160 M M 1 16 200
2 87 64 76 4 0 11 T M M 3.4 9 90 M M 1 15 80
3 89 63 76 4 0 11 0.00 M M 3.6 13 110 M M 0 17 80
4 88 60 74 2 0 9 0.00 M M 1.3 8 80 M M 1 12 110
5 88 62 75 2 0 10 T M M 2.1 9 150 M M 1 3 11 10
6 84 58 71 -2 0 6 0.00 M M 1.1 8 270 M M 0 13 280
7 89 57 73 0 0 8 0.00 M M 1.5 13 90 M M 1 12 18 70
8 75 67 71 -3 0 6 0.05 M M 3.9 10 90 M M 6 138 14 90
9 81 61 71 -3 0 6 0.73 M M 4.1 10 140 M M 4 1 15 130
10 80 65 73 -1 0 8 0.27 M M 3.4 14 150 M M 4 13 19 160
11 85 61 73 -1 0 8 0.48 M M 3.4 12 330 M M 5 13 19 20
12 76 58 67 -7 0 2 0.00 M M 2.3 8 350 M M 3 1 14 10
13 81 56 69 -6 0 4 T M M 0.9 10 240 M M 3 14 220
14 83 64 74 -1 0 9 0.19 M M 1.7 17 120 M M 3 13 20 120
15 86 62 74 -1 0 9 0.00 M M 0.6 7 270 M M 1 11 290
16 86 63 75 -1 0 10 0.45 M M 3.2 13 210 M M 2 13 18 200
17 87 61 74 -2 0 9 0.00 M M 3.0 10 190 M M 1 1 15 190
18 78 65 72 -4 0 7 0.76 M M 4.4 17 240 M M 4 13 28 230
19 87 62 75 -1 0 10 0.00 M M 1.6 7 90 M M 2 1 11 350
20 88 65 77 1 0 12 0.00 M M 3.0 13 130 M M 0 1 18 120
21 88 65 77 0 0 12 0.00 M M 3.6 14 120 M M 2 18 130
22 87 67 77 0 0 12 T M M 3.3 12 110 M M 1 16 130
23 89 64 77 0 0 12 0.00 M M 2.3 8 220 M M 0 13 280
24 91 68 80 3 0 15 0.00 M M 4.7 13 200 M M 0 17 200
25 96 71 84 7 0 19 0.00 M M 2.6 13 220 M M 1 18 240
26 88 63 76 -2 0 11 0.00 M M 2.8 10 310 M M 0 17 270
27 85 60 73 -5 0 8 0.00 M M 1.7 10 150 M M 0 14 150
28 96 68 82 4 0 17 T M M 6.5 18 210 M M 1 23 220
29 101 74 88 10 0 23 0.00 M M 3.3 12 220 M M 0 14 220
30 99 75 87 9 0 22 0.00 M M 3.1 10 230 M M 1 14 230
================================================================================
SM 2604 1913 0 316 2.93 M 85.4 M 49
================================================================================
AV 86.8 63.8 2.8 FASTST M M 2 MAX(MPH)
MISC ----> 18 210 28 230
================================================================================
NOTES:
# LAST OF SEVERAL OCCURRENCES
COLUMN 17 PEAK WIND IN M.P.H.
PRELIMINARY LOCAL CLIMATOLOGICAL DATA (WS FORM: F-6) , PAGE 2
STATION: MOUNTAIN HOME AIRPORT
MONTH: JUNE
YEAR: 2023
LATITUDE: 36 22 N
LONGITUDE: 92 28 W
[TEMPERATURE DATA] [PRECIPITATION DATA] SYMBOLS USED IN COLUMN 16
AVERAGE MONTHLY: 75.3 TOTAL FOR MONTH: 2.93 1 = FOG OR MIST
DPTR FM NORMAL: 0.2 DPTR FM NORMAL: -0.59 2 = FOG REDUCING VISIBILITY
HIGHEST: 101 ON 29 GRTST 24HR 0.78 ON 8- 9 TO 1/4 MILE OR LESS
LOWEST: 56 ON 13 3 = THUNDER
SNOW, ICE PELLETS, HAIL 4 = ICE PELLETS
TOTAL MONTH: M 5 = HAIL
GRTST 24HR M ON M 6 = FREEZING RAIN OR DRIZZLE
GRTST DEPTH: M ON M 7 = DUSTSTORM OR SANDSTORM:
VSBY 1/2 MILE OR LESS
8 = SMOKE OR HAZE
[NO. OF DAYS WITH] [WEATHER - DAYS WITH] 9 = BLOWING SNOW
X = TORNADO
MAX 32 OR BELOW: 0 0.01 INCH OR MORE: 7
MAX 90 OR ABOVE: 5 0.10 INCH OR MORE: 6
MIN 32 OR BELOW: 0 0.50 INCH OR MORE: 2
MIN 0 OR BELOW: 0 1.00 INCH OR MORE: 0
[HDD (BASE 65) ]
TOTAL THIS MO. 0 CLEAR (SCALE 0-3) 25
DPTR FM NORMAL -2 PTCLDY (SCALE 4-7) 5
TOTAL FM JUL 1 3463 CLOUDY (SCALE 8-10) 0
DPTR FM NORMAL -348
[CDD (BASE 65) ]
TOTAL THIS MO. 316
DPTR FM NORMAL 9 [PRESSURE DATA]
TOTAL FM JAN 1 500 HIGHEST SLP 30.00 ON 23
DPTR FM NORMAL 18 LOWEST SLP 29.65 ON 18
[REMARKS]
#FINAL-06-23#