000
CXUS54 KLZK 011330
CF6BPK
PRELIMINARY LOCAL CLIMATOLOGICAL DATA (WS FORM: F-6)
STATION: MOUNTAIN HOME AIRPORT
MONTH: JANUARY
YEAR: 2023
LATITUDE: 36 22 N
LONGITUDE: 92 28 W
TEMPERATURE IN F: :PCPN: SNOW: WIND :SUNSHINE: SKY :PK WND
================================================================================
1 2 3 4 5 6A 6B 7 8 9 10 11 12 13 14 15 16 17 18
12Z AVG MX 2MIN
DY MAX MIN AVG DEP HDD CDD WTR SNW DPTH SPD SPD DIR MIN PSBL S-S WX SPD DR
================================================================================
1 67 42 55 18 10 0 0.00 M M 5.8 12 130 M M 4 12 17 140
2 75 52 64 27 1 0 0.55 M M 7.6 15 150 M M 6 123 22 150
3 67 44 56 19 9 0 0.03 M M 6.5 17 250 M M 4 13 32 240
4 50 35 43 6 22 0 0.00 M M 5.1 12 330 M M 2 21 360
5 50 34 42 5 23 0 0.00 M M 5.1 13 340 M M 0 22 320
6 54 28 41 4 24 0 0.00 M M 4.9 13 160 M M 1 16 160
7 56 42 49 12 16 0 0.00 M M 5.2 12 120 M M 8 14 130
8 46 33 40 4 25 0 0.00 M M 2.8 8 260 M M 6 13 320
9 57 27 42 6 23 0 0.00 M M 4.6 15 210 M M 0 1 21 200
10 63 36 50 14 15 0 0.00 M M 4.8 14 140 M M 0 18 150
11 66 42 54 18 11 0 0.38 M M 3.2 10 120 M M 4 123 16 320
12 54 31 43 7 22 0 0.29 M M 7.7 17 360 M M 8 123 28 320
13 32 22 27 -9 38 0 0.00 M M 4.8 13 10 M M 7 23 10
14 46 18 32 -5 33 0 0.00 M M 4.5 9 160 M M 0 13 170
15 56 31 44 7 21 0 0.00 M M 9.7 17 200 M M 5 24 200
16 69 50 60 23 5 0 0.00 M M 9.7 21 210 M M 6 31 200
17 66 40 53 16 12 0 0.00 M M 3.1 7 150 M M 0 10 160
18 53 44 49 12 16 0 0.30 M M 6.4 14 120 M M 7 13 19 130
19 46 34 40 3 25 0 0.00 M M 5.9 16 310 M M 3 26 320
20 50 30 40 3 25 0 0.00 M M 4.0 8 340 M M 0 14 340
21 48 27 38 1 27 0 0.04 M M 5.3 10 110 M M 5 M M
22 43 36 40 3 25 0 0.05 M M 3.7 10 360 M M 10 18 19 360
23 49 28 39 2 26 0 0.00 M M 2.8 8 360 M M 3 13 330
24 38 26 32 -5 33 0 0.65 M M 4.3 10 80 M M 5 1 15 70
25 35 31 33 -4 32 0 0.43 M M M M M M M 0 1 M M
26 36 26 31 -7 34 0 0.00 M M 3.9 10 320 M M 2 20 310
27 53 29 41 3 24 0 0.00 M M 7.7 17 250 M M 1 25 280
28 54 36 45 7 20 0 0.00 M M 8.6 22 220 M M 5 31 220
29 46 27 37 -1 28 0 T M M 2.9 10 70 M M 10 16 14 60
30 27 20 24 -14 41 0 0.24 M M 4.4 9 100 M M 10 16 14 330
31 23 19 21 -17 44 0 0.15 M M 3.6 8 40 M M 10 14 M M
================================================================================
SM 1575 1020 710 0 3.11 M 158.6 M 132
================================================================================
AV 50.8 32.9 5.3 FASTST M M 4 MAX(MPH)
MISC ----> 22 220 32 240
================================================================================
NOTES:
# LAST OF SEVERAL OCCURRENCES
COLUMN 17 PEAK WIND IN M.P.H.
PRELIMINARY LOCAL CLIMATOLOGICAL DATA (WS FORM: F-6) , PAGE 2
STATION: MOUNTAIN HOME AIRPORT
MONTH: JANUARY
YEAR: 2023
LATITUDE: 36 22 N
LONGITUDE: 92 28 W
[TEMPERATURE DATA] [PRECIPITATION DATA] SYMBOLS USED IN COLUMN 16
AVERAGE MONTHLY: 41.9 TOTAL FOR MONTH: 3.11 1 = FOG OR MIST
DPTR FM NORMAL: 4.9 DPTR FM NORMAL: 0.24 2 = FOG REDUCING VISIBILITY
HIGHEST: 75 ON 2 GRTST 24HR 3.96 ON 2- 3 TO 1/4 MILE OR LESS
LOWEST: 18 ON 14 3 = THUNDER
SNOW, ICE PELLETS, HAIL 4 = ICE PELLETS
TOTAL MONTH: M 5 = HAIL
GRTST 24HR M ON M 6 = FREEZING RAIN OR DRIZZLE
GRTST DEPTH: M ON M 7 = DUSTSTORM OR SANDSTORM:
VSBY 1/2 MILE OR LESS
8 = SMOKE OR HAZE
[NO. OF DAYS WITH] [WEATHER - DAYS WITH] 9 = BLOWING SNOW
X = TORNADO
MAX 32 OR BELOW: 3 0.01 INCH OR MORE: 11
MAX 90 OR ABOVE: 0 0.10 INCH OR MORE: 8
MIN 32 OR BELOW: 16 0.50 INCH OR MORE: 2
MIN 0 OR BELOW: 0 1.00 INCH OR MORE: 0
[HDD (BASE 65) ]
TOTAL THIS MO. 710 CLEAR (SCALE 0-3) 13
DPTR FM NORMAL -160 PTCLDY (SCALE 4-7) 13
TOTAL FM JUL 1 2205 CLOUDY (SCALE 8-10) 5
DPTR FM NORMAL -175
[CDD (BASE 65) ]
TOTAL THIS MO. 0
DPTR FM NORMAL 0 [PRESSURE DATA]
TOTAL FM JAN 1 0 HIGHEST SLP 30.44 ON 31
DPTR FM NORMAL 0 LOWEST SLP 29.55 ON 16
[REMARKS]
#FINAL-01-23#