000
CXUS54 KLZK 011230
CF6BPK
PRELIMINARY LOCAL CLIMATOLOGICAL DATA (WS FORM: F-6)
STATION: MOUNTAIN HOME AIRPORT
MONTH: OCTOBER
YEAR: 2022
LATITUDE: 36 22 N
LONGITUDE: 92 28 W
TEMPERATURE IN F: :PCPN: SNOW: WIND :SUNSHINE: SKY :PK WND
================================================================================
1 2 3 4 5 6A 6B 7 8 9 10 11 12 13 14 15 16 17 18
12Z AVG MX 2MIN
DY MAX MIN AVG DEP HDD CDD WTR SNW DPTH SPD SPD DIR MIN PSBL S-S WX SPD DR
================================================================================
1 78 45 62 -3 3 0 0.00 M M 2.3 10 80 M M 0 13 70
2 81 48 65 0 0 0 0.00 M M 2.9 10 80 M M 0 14 70
3 79 50 65 1 0 0 0.00 M M 2.4 10 110 M M 0 15 130
4 76 46 61 -3 4 0 0.00 M M 2.8 9 130 M M 0 15 130
5 81 46 64 0 1 0 0.00 M M 2.6 9 180 M M 0 13 170
6 82 54 68 4 0 3 0.00 M M 2.2 10 280 M M 1 16 300
7 75 51 63 0 2 0 0.00 M M 2.5 9 80 M M 1 14 90
8 68 47 58 -5 7 0 0.00 M M 2.0 9 140 M M 2 13 90
9 76 45 61 -1 4 0 0.00 M M 0.9 8 250 M M 4 12 250
10 81 51 66 4 0 1 T M M 1.8 5 180 M M 3 M M
11 82 61 72 10 0 7 T M M 6.8 20 220 M M 5 26 230
12 78 52 65 4 0 0 0.08 M M 5.8 12 210 M M 3 13 20 250
13 71 46 59 -2 6 0 0.00 M M 3.2 14 300 M M 0 29 340
14 82 40 61 1 4 0 0.00 M M 4.5 15 270 M M 0 27 260
15 79 54 67 7 0 2 0.09 M M 3.9 13 210 M M 2 13 18 100
16 75 51 63 3 2 0 0.06 M M 3.4 12 200 M M 3 13 17 330
17 58 39 49 -10 16 0 0.00 M M 4.6 13 350 M M 0 21 20
18 51 28 40 -19 25 0 0.00 M M 3.4 10 10 M M 0 19 340
19 54 25 40 -19 25 0 0.00 M M 2.3 10 290 M M 0 17 350
20 75 32 54 -4 11 0 0.00 M M 3.6 12 250 M M 0 16 230
21 84 43 64 6 1 0 0.00 M M 4.0 13 200 M M 0 17 210
22 77 60 69 11 0 4 0.00 M M 10.2 21 200 M M 0 30 190
23 80 66 73 16 0 8 0.00 M M 12.1 21 200 M M 1 32 190
24 76 61 69 12 0 4 1.22 M M 8.3 18 180 M M 6 1 26 200
25 61 40 51 -5 14 0 2.11 M M 4.5 13 330 M M 7 1 25 320
26 67 42 55 -1 10 0 0.00 M M 2.7 12 90 M M 0 13 100
27 66 40 53 -3 12 0 0.00 M M 6.2 14 120 M M 0 18 150
28 69 40 55 0 10 0 0.00 M M 3.7 14 110 M M 0 18 120
29 61 51 56 1 9 0 0.83 M M 6.0 12 80 M M 6 1 19 90
30 62 56 59 4 6 0 0.02 M M 1.9 9 90 M M 10 12 13 80
31 71 51 61 7 4 0 0.00 M M 3.2 9 360 M M 5 17 20
================================================================================
SM 2256 1461 176 29 4.41 M 126.7 M 59
================================================================================
AV 72.8 47.1 4.1 FASTST M M 2 MAX(MPH)
MISC ----> # 21 200 32 190
================================================================================
NOTES:
# LAST OF SEVERAL OCCURRENCES
COLUMN 17 PEAK WIND IN M.P.H.
PRELIMINARY LOCAL CLIMATOLOGICAL DATA (WS FORM: F-6) , PAGE 2
STATION: MOUNTAIN HOME AIRPORT
MONTH: OCTOBER
YEAR: 2022
LATITUDE: 36 22 N
LONGITUDE: 92 28 W
[TEMPERATURE DATA] [PRECIPITATION DATA] SYMBOLS USED IN COLUMN 16
AVERAGE MONTHLY: 60.0 TOTAL FOR MONTH: 4.41 1 = FOG OR MIST
DPTR FM NORMAL: 0.2 DPTR FM NORMAL: 1.00 2 = FOG REDUCING VISIBILITY
HIGHEST: 84 ON 21 GRTST 24HR 3.33 ON 24-25 TO 1/4 MILE OR LESS
LOWEST: 25 ON 19 3 = THUNDER
SNOW, ICE PELLETS, HAIL 4 = ICE PELLETS
TOTAL MONTH: M 5 = HAIL
GRTST 24HR M ON M 6 = FREEZING RAIN OR DRIZZLE
GRTST DEPTH: M ON M 7 = DUSTSTORM OR SANDSTORM:
VSBY 1/2 MILE OR LESS
8 = SMOKE OR HAZE
[NO. OF DAYS WITH] [WEATHER - DAYS WITH] 9 = BLOWING SNOW
X = TORNADO
MAX 32 OR BELOW: 0 0.01 INCH OR MORE: 7
MAX 90 OR ABOVE: 0 0.10 INCH OR MORE: 3
MIN 32 OR BELOW: 3 0.50 INCH OR MORE: 3
MIN 0 OR BELOW: 0 1.00 INCH OR MORE: 2
[HDD (BASE 65) ]
TOTAL THIS MO. 176 CLEAR (SCALE 0-3) 23
DPTR FM NORMAL -32 PTCLDY (SCALE 4-7) 7
TOTAL FM JUL 1 191 CLOUDY (SCALE 8-10) 1
DPTR FM NORMAL -44
[CDD (BASE 65) ]
TOTAL THIS MO. 29
DPTR FM NORMAL -18 [PRESSURE DATA]
TOTAL FM JAN 1 1856 HIGHEST SLP 30.47 ON 8
DPTR FM NORMAL 266 LOWEST SLP 29.49 ON 25
[REMARKS]
#FINAL-10-22#