000
CXUS54 KLZK 020018
CF6BPK
PRELIMINARY LOCAL CLIMATOLOGICAL DATA (WS FORM: F-6)
STATION: MOUNTAIN HOME AIRPORT
MONTH: FEBRUARY
YEAR: 2024
LATITUDE: 36 22 N
LONGITUDE: 92 28 W
TEMPERATURE IN F: :PCPN: SNOW: WIND :SUNSHINE: SKY :PK WND
================================================================================
1 2 3 4 5 6A 6B 7 8 9 10 11 12 13 14 15 16 17 18
12Z AVG MX 2MIN
DY MAX MIN AVG DEP HDD CDD WTR SNW DPTH SPD SPD DIR MIN PSBL S-S WX SPD DR
================================================================================
1 67 36 52 14 13 0 0.00 M M 4.6 13 230 M M 0 19 220
2 70 42 56 18 9 0 0.00 M M 4.9 13 140 M M 2 19 140
3 58 45 52 13 13 0 0.51 M M 6.8 14 130 M M 6 1 21 90
4 49 45 47 8 18 0 0.41 M M 9.3 18 90 M M 10 1 28 130
5 61 35 48 9 17 0 0.00 M M 4.1 10 30 M M 0 8 20 10
6 60 31 46 7 19 0 0.00 M M 3.1 7 160 M M 0 12 170
7 64 36 50 11 15 0 0.00 M M 6.9 14 150 M M 0 21 180
8 70 47 59 19 6 0 0.00 M M 11.2 22 210 M M 4 33 210
9 73 47 60 20 5 0 0.00 M M 6.2 17 230 M M 0 1 28 260
10 61 40 51 11 14 0 0.00 M M 4.2 9 70 M M 2 18 60
11 49 33 41 1 24 0 T M M 5.5 14 70 M M 6 20 80
12 43 31 37 -3 28 0 0.50 M M 4.6 13 110 M M 8 12 26 80
13 59 28 44 3 21 0 0.00 M M 3.2 10 240 M M 0 1 16 210
14 65 34 50 9 15 0 0.00 M M 4.5 12 200 M M 0 18 180
15 67 43 55 14 10 0 0.00 M M 4.7 9 90 M M 0 17 320
16 58 29 44 3 21 0 T M M 7.8 20 10 M M 8 33 20
17 38 24 31 -11 34 0 0.00 M M 5.2 12 350 M M 2 8 22 360
18 54 20 37 -5 28 0 0.00 M M 3.4 9 320 M M 0 17 290
19 59 25 42 0 23 0 0.00 M M 4.2 13 190 M M 2 8 17 190
20 68 36 52 10 13 0 0.00 M M 3.5 12 240 M M 1 18 240
21 71 43 57 14 8 0 0.00 M M 7.9 15 200 M M 0 22 200
22 73 50 62 19 3 0 0.03 M M 5.8 14 210 M M 4 13 21 70
23 66 44 55 12 10 0 0.00 M M 5.2 14 320 M M 1 26 320
24 60 39 50 6 15 0 0.00 M M 4.4 10 310 M M 0 17 290
25 77 42 60 16 5 0 0.00 M M 6.5 16 230 M M 1 27 280
26 76 47 62 18 3 0 0.00 M M 8.0 21 200 M M 0 29 190
27 87 61 74 30 0 9 0.00 M M 12.2 23 240 M M 1 40 250
28 63 30 47 2 18 0 0.00 M M 6.6 17 360 M M 2 36 40
29 53 26 40 -5 25 0 0.10 M M 4.8 14 170 M M 2 1 22 160
================================================================================
SM 1819 1089 433 9 1.55 M 169.3 M 62
================================================================================
AV 62.7 37.6 5.8 FASTST M M 2 MAX(MPH)
MISC ----> 23 240 40 250
================================================================================
NOTES:
# LAST OF SEVERAL OCCURRENCES
COLUMN 17 PEAK WIND IN M.P.H.
PRELIMINARY LOCAL CLIMATOLOGICAL DATA (WS FORM: F-6) , PAGE 2
STATION: MOUNTAIN HOME AIRPORT
MONTH: FEBRUARY
YEAR: 2024
LATITUDE: 36 22 N
LONGITUDE: 92 28 W
[TEMPERATURE DATA] [PRECIPITATION DATA] SYMBOLS USED IN COLUMN 16
AVERAGE MONTHLY: 50.1 TOTAL FOR MONTH: 1.55 1 = FOG OR MIST
DPTR FM NORMAL: 8.9 DPTR FM NORMAL: -0.81 2 = FOG REDUCING VISIBILITY
HIGHEST: 87 ON 27 GRTST 24HR 0.92 ON 3- 4 TO 1/4 MILE OR LESS
LOWEST: 20 ON 18 3 = THUNDER
SNOW, ICE PELLETS, HAIL 4 = ICE PELLETS
TOTAL MONTH: M 5 = HAIL
GRTST 24HR M ON M 6 = FREEZING RAIN OR DRIZZLE
GRTST DEPTH: M ON M 7 = DUSTSTORM OR SANDSTORM:
VSBY 1/2 MILE OR LESS
8 = SMOKE OR HAZE
[NO. OF DAYS WITH] [WEATHER - DAYS WITH] 9 = BLOWING SNOW
X = TORNADO
MAX 32 OR BELOW: 0 0.01 INCH OR MORE: 5
MAX 90 OR ABOVE: 0 0.10 INCH OR MORE: 4
MIN 32 OR BELOW: 9 0.50 INCH OR MORE: 2
MIN 0 OR BELOW: 0 1.00 INCH OR MORE: 0
[HDD (BASE 65) ]
TOTAL THIS MO. 433 CLEAR (SCALE 0-3) 22
DPTR FM NORMAL -235 PTCLDY (SCALE 4-7) 5
TOTAL FM JUL 1 2696 CLOUDY (SCALE 8-10) 2
DPTR FM NORMAL -399
[CDD (BASE 65) ]
TOTAL THIS MO. 9
DPTR FM NORMAL 7 [PRESSURE DATA]
TOTAL FM JAN 1 9 HIGHEST SLP 30.51 ON 29
DPTR FM NORMAL 7 LOWEST SLP 29.39 ON 27
[REMARKS]
#FINAL-02-24#