000
CXUS54 KLZK 011539
CF6BPK
PRELIMINARY LOCAL CLIMATOLOGICAL DATA (WS FORM: F-6)
STATION: MOUNTAIN HOME AIRPORT
MONTH: AUGUST
YEAR: 2022
LATITUDE: 36 22 N
LONGITUDE: 92 28 W
TEMPERATURE IN F: :PCPN: SNOW: WIND :SUNSHINE: SKY :PK WND
================================================================================
1 2 3 4 5 6A 6B 7 8 9 10 11 12 13 14 15 16 17 18
12Z AVG MX 2MIN
DY MAX MIN AVG DEP HDD CDD WTR SNW DPTH SPD SPD DIR MIN PSBL S-S WX SPD DR
================================================================================
1 94 70 82 2 0 17 0.00 0.0 0 M M M M M M M M
2 96 73 85 5 0 20 0.00 M M 4.9 12 210 M M 0 16 240
3 97 75 86 6 0 21 T M M 6.4 12 130 M M 1 17 160
4 87 70 79 -1 0 14 0.39 M M 4.2 16 80 M M 3 13 24 70
5 93 72 83 3 0 18 0.00 M M 3.8 9 190 M M 2 38 13 170
6 92 74 83 3 0 18 0.00 M M 5.3 13 220 M M 1 18 220
7 94 73 84 4 0 19 0.00 M M 5.0 13 230 M M 2 17 210
8 91 72 82 2 0 17 0.00 M M 4.8 17 100 M M 2 3 25 110
9 90 70 80 0 0 15 1.07 M M 2.7 10 100 M M 4 1 16 360
10 89 70 80 1 0 15 0.00 M M 3.2 9 100 M M 6 1 13 120
11 87 66 77 -2 0 12 0.00 M M 3.2 7 90 M M 1 M M
12 88 66 77 -2 0 12 0.00 M M 4.0 9 110 M M 1 13 150
13 88 66 77 -2 0 12 0.00 M M 3.2 8 150 M M 0 12 140
14 95 66 81 2 0 16 0.00 M M 3.3 9 220 M M 0 12 200
15 93 73 83 4 0 18 0.00 M M 4.9 15 150 M M 3 20 140
16 80 66 73 -6 0 8 0.73 M M 7.3 13 120 M M 7 13 17 99
17 73 65 69 -10 0 4 0.59 M M 3.9 15 90 M M 8 13 22 80
18 84 62 73 -5 0 8 0.00 M M 1.7 8 90 M M 1 1 12 90
19 86 62 74 -4 0 9 0.00 M M 1.8 9 180 M M 1 11 210
20 89 64 77 -1 0 12 0.04 M M 3.9 10 220 M M 1 8 14 190
21 85 69 77 -1 0 12 0.19 M M 2.2 8 290 M M 4 1 13 310
22 86 67 77 -1 0 12 0.00 M M 3.6 10 110 M M 1 15 130
23 86 66 76 -2 0 11 0.00 M M 4.8 13 120 M M 2 16 80
24 86 64 75 -2 0 10 0.00 M M 3.3 12 110 M M 2 15 70
25 89 64 77 0 0 12 0.00 M M 1.9 10 110 M M 1 16 70
26 90 65 78 1 0 13 0.00 M M 1.4 10 140 M M 1 14 140
27 90 68 79 2 0 14 0.00 M M 4.6 12 160 M M 1 16 140
28 89 72 81 5 0 16 0.25 M M 5.5 14 200 M M 1 13 19 190
29 91 69 80 4 0 15 0.80 M M 4.7 14 10 M M 4 13 24 10
30 90 68 79 3 0 14 0.00 M M 2.0 8 80 M M 4 12 12 70
31 88 62 75 -1 0 10 0.00 M M 2.2 8 230 M M 0 10 180
================================================================================
SM 2756 2109 0 424 4.06 0.0 113.7 M 65
================================================================================
AV 88.9 68.0 3.8 FASTST M M 2 MAX(MPH)
MISC ----> 17 100 25 110
================================================================================
NOTES:
# LAST OF SEVERAL OCCURRENCES
COLUMN 17 PEAK WIND IN M.P.H.
PRELIMINARY LOCAL CLIMATOLOGICAL DATA (WS FORM: F-6) , PAGE 2
STATION: MOUNTAIN HOME AIRPORT
MONTH: AUGUST
YEAR: 2022
LATITUDE: 36 22 N
LONGITUDE: 92 28 W
[TEMPERATURE DATA] [PRECIPITATION DATA] SYMBOLS USED IN COLUMN 16
AVERAGE MONTHLY: 78.5 TOTAL FOR MONTH: 4.06 1 = FOG OR MIST
DPTR FM NORMAL: 0.1 DPTR FM NORMAL: 0.64 2 = FOG REDUCING VISIBILITY
HIGHEST: 97 ON 3 GRTST 24HR 1.07 ON 9- 9 TO 1/4 MILE OR LESS
LOWEST: 62 ON 18,31 3 = THUNDER
SNOW, ICE PELLETS, HAIL 4 = ICE PELLETS
TOTAL MONTH: 0.0 INCH 5 = HAIL
GRTST 24HR 0.0 6 = FREEZING RAIN OR DRIZZLE
GRTST DEPTH: 0 7 = DUSTSTORM OR SANDSTORM:
VSBY 1/2 MILE OR LESS
8 = SMOKE OR HAZE
[NO. OF DAYS WITH] [WEATHER - DAYS WITH] 9 = BLOWING SNOW
X = TORNADO
MAX 32 OR BELOW: 0 0.01 INCH OR MORE: 8
MAX 90 OR ABOVE: 14 0.10 INCH OR MORE: 7
MIN 32 OR BELOW: 0 0.50 INCH OR MORE: 4
MIN 0 OR BELOW: 0 1.00 INCH OR MORE: 1
[HDD (BASE 65) ]
TOTAL THIS MO. 0 CLEAR (SCALE 0-3) 22
DPTR FM NORMAL 0 PTCLDY (SCALE 4-7) 7
TOTAL FM JUL 1 0 CLOUDY (SCALE 8-10) 2
DPTR FM NORMAL 0
[CDD (BASE 65) ]
TOTAL THIS MO. 424
DPTR FM NORMAL 8 [PRESSURE DATA]
TOTAL FM JAN 1 1608 HIGHEST SLP 30.14 ON 13
DPTR FM NORMAL 264 LOWEST SLP 29.79 ON 28
[REMARKS]
#FINAL-08-22#