000
CXUS54 KLZK 011230
CF6BPK
PRELIMINARY LOCAL CLIMATOLOGICAL DATA (WS FORM: F-6)
STATION: MOUNTAIN HOME AIRPORT
MONTH: JANUARY
YEAR: 2022
LATITUDE: 36 22 N
LONGITUDE: 92 28 W
TEMPERATURE IN F: :PCPN: SNOW: WIND :SUNSHINE: SKY :PK WND
================================================================================
1 2 3 4 5 6A 6B 7 8 9 10 11 12 13 14 15 16 17 18
12Z AVG MX 2MIN
DY MAX MIN AVG DEP HDD CDD WTR SNW DPTH SPD SPD DIR MIN PSBL S-S WX SPD DR
================================================================================
1 58 24 41 4 24 0 1.43 M M 5.0 12 330 M M 10 1 22 330
2 25 17 21 -16 44 0 T M M 7.6 14 360 M M 7 21 340
3 38 14 26 -11 39 0 0.00 M M 3.3 8 160 M M 0 12 160
4 46 23 35 -2 30 0 0.00 M M 7.6 17 200 M M 0 25 200
5 44 29 37 0 28 0 0.00 M M 4.7 12 360 M M 0 18 330
6 29 14 22 -15 43 0 0.01 M M 5.8 13 10 M M 7 18 18 20
7 31 13 22 -15 43 0 0.00 M M 5.9 16 140 M M 1 22 150
8 42 21 32 -4 33 0 0.01 M M 7.9 14 180 M M 10 1 18 150
9 49 26 38 2 27 0 0.02 M M 4.5 13 10 M M 5 1 24 20
10 49 19 34 -2 31 0 0.00 M M 2.5 12 310 M M 0 18 350
11 60 25 43 7 22 0 0.00 M M 5.0 14 230 M M M 19 220
12 64 36 50 14 15 0 0.00 M M 4.0 12 250 M M 0 19 290
13 65 37 51 15 14 0 0.00 M M 3.4 13 350 M M 0 23 360
14 51 33 42 5 23 0 T M M 4.7 15 140 M M 2 19 140
15 42 31 37 0 28 0 1.56 M M 6.1 15 90 M M 10 12 20 40
16 33 23 28 -9 37 0 T M M 6.2 14 340 M M 8 1 27 340
17 43 29 36 -1 29 0 0.00 M M 4.4 10 320 M M 1 17 10
18 60 29 45 8 20 0 0.00 M M 7.3 20 220 M M 0 24 210
19 49 20 35 -2 30 0 0.08 M M 6.4 14 10 M M 7 1 22 40
20 27 12 20 -17 45 0 0.00 M M 5.1 10 70 M M 0 20 10
21 29 5 17 -20 48 0 0.00 M M 2.1 7 120 M M 0 10 70
22 44 12 28 -9 37 0 0.00 M M 2.8 9 340 M M 0 16 320
23 53 29 41 4 24 0 0.00 M M 4.3 14 340 M M 0 25 330
24 65 31 48 11 17 0 0.00 M M 5.6 13 270 M M 0 21 260
25 39 22 31 -6 34 0 0.00 M M 5.3 12 80 M M 1 18 80
26 32 14 23 -15 42 0 0.00 M M 4.9 9 100 M M 6 M M
27 42 26 34 -4 31 0 T M M 2.6 9 360 M M 8 17 340
28 40 19 30 -8 35 0 0.00 M M 5.2 15 340 M M 3 31 360
29 54 12 33 -5 32 0 0.00 M M 6.0 15 230 M M 0 20 230
30 55 31 43 5 22 0 0.00 M M 3.3 9 350 M M 0 15 310
31 66 26 46 8 19 0 0.00 M M 6.1 14 190 M M 0 20 180
================================================================================
SM 1424 702 946 0 3.11 M 155.5 M 86
================================================================================
AV 45.9 22.6 5.0 FASTST M M 3 MAX(MPH)
MISC ----> 20 220 31 360
================================================================================
NOTES:
# LAST OF SEVERAL OCCURRENCES
COLUMN 17 PEAK WIND IN M.P.H.
PRELIMINARY LOCAL CLIMATOLOGICAL DATA (WS FORM: F-6) , PAGE 2
STATION: MOUNTAIN HOME AIRPORT
MONTH: JANUARY
YEAR: 2022
LATITUDE: 36 22 N
LONGITUDE: 92 28 W
[TEMPERATURE DATA] [PRECIPITATION DATA] SYMBOLS USED IN COLUMN 16
AVERAGE MONTHLY: 34.3 TOTAL FOR MONTH: 3.11 1 = FOG OR MIST
DPTR FM NORMAL: -2.7 DPTR FM NORMAL: 0.24 2 = FOG REDUCING VISIBILITY
HIGHEST: 66 ON 31 GRTST 24HR 2.84 ON 31- 1 TO 1/4 MILE OR LESS
LOWEST: 5 ON 21 3 = THUNDER
SNOW, ICE PELLETS, HAIL 4 = ICE PELLETS
TOTAL MONTH: M 5 = HAIL
GRTST 24HR M ON M 6 = FREEZING RAIN OR DRIZZLE
GRTST DEPTH: M ON M 7 = DUSTSTORM OR SANDSTORM:
VSBY 1/2 MILE OR LESS
8 = SMOKE OR HAZE
[NO. OF DAYS WITH] [WEATHER - DAYS WITH] 9 = BLOWING SNOW
X = TORNADO
MAX 32 OR BELOW: 6 0.01 INCH OR MORE: 6
MAX 90 OR ABOVE: 0 0.10 INCH OR MORE: 2
MIN 32 OR BELOW: 28 0.50 INCH OR MORE: 2
MIN 0 OR BELOW: 0 1.00 INCH OR MORE: 2
[HDD (BASE 65) ]
TOTAL THIS MO. 946 CLEAR (SCALE 0-3) 20
DPTR FM NORMAL 76 PTCLDY (SCALE 4-7) 6
TOTAL FM JUL 1 1990 CLOUDY (SCALE 8-10) 5
DPTR FM NORMAL -390
[CDD (BASE 65) ]
TOTAL THIS MO. 0
DPTR FM NORMAL 0 [PRESSURE DATA]
TOTAL FM JAN 1 0 HIGHEST SLP 30.66 ON 10
DPTR FM NORMAL 0 LOWEST SLP 29.58 ON 1
[REMARKS]
#FINAL-01-22#