000
CXUS54 KLZK 011231
CF6BPK
PRELIMINARY LOCAL CLIMATOLOGICAL DATA (WS FORM: F-6)
STATION: MOUNTAIN HOME AIRPORT
MONTH: DECEMBER
YEAR: 2021
LATITUDE: 36 22 N
LONGITUDE: 92 28 W
TEMPERATURE IN F: :PCPN: SNOW: WIND :SUNSHINE: SKY :PK WND
================================================================================
1 2 3 4 5 6A 6B 7 8 9 10 11 12 13 14 15 16 17 18
12Z AVG MX 2MIN
DY MAX MIN AVG DEP HDD CDD WTR SNW DPTH SPD SPD DIR MIN PSBL S-S WX SPD DR
================================================================================
1 70 47 59 16 6 0 T M M 3.0 10 310 M M 0 18 320
2 79 49 64 21 1 0 0.00 M M 3.8 8 230 M M 0 11 280
3 77 49 63 20 2 0 0.00 M M 3.3 9 240 M M 0 13 220
4 61 51 56 14 9 0 0.00 M M 6.4 13 170 M M 5 17 130
5 72 49 61 19 4 0 T M M 9.5 24 250 M M 9 3 37 240
6 63 30 47 5 18 0 0.39 M M 5.8 16 10 M M 3 13 24 360
7 41 25 33 -9 32 0 0.00 M M 6.0 14 160 M M 1 20 170
8 54 28 41 0 24 0 0.00 M M 3.7 10 170 M M 0 14 170
9 66 39 53 12 12 0 0.00 M M 10.3 23 210 M M 2 1 30 210
10 76 50 63 22 2 0 T M M 10.4 22 220 M M 2 13 29 240
11 72 31 52 12 13 0 T M M 6.7 18 350 M M 4 31 350
12 53 22 38 -2 27 0 0.00 M M 5.4 14 210 M M 0 18 200
13 67 31 49 9 16 0 0.00 M M 5.6 12 170 M M 0 14 190
14 64 46 55 15 10 0 0.11 M M 7.4 14 200 M M 8 1 20 190
15 73 63 68 28 0 3 T M M 13.8 25 210 M M 9 35 210
16 67 44 56 17 9 0 0.28 M M 5.5 20 200 M M 5 13 29 200
17 53 42 48 9 17 0 2.35 M M 6.5 14 140 M M 10 123 20 140
18 54 32 43 4 22 0 0.75 M M 5.6 13 350 M M 5 1 21 310
19 41 25 33 -6 32 0 0.00 M M 2.7 8 90 M M 0 11 30
20 42 22 32 -6 33 0 T M M 1.3 6 230 M M 0 1 9 310
21 58 26 42 4 23 0 0.00 M M 2.4 9 350 M M 1 12 14 310
22 50 30 40 2 25 0 0.00 M M 4.6 10 160 M M 0 15 180
23 61 35 48 10 17 0 0.00 M M 6.4 13 210 M M 3 18 200
24 73 52 63 25 2 0 0.00 M M 12.0 22 220 M M 0 31 220
25 74 51 63 25 2 0 0.00 M M 5.1 14 240 M M 0 22 250
26 68 45 57 19 8 0 0.00 M M 8.9 21 200 M M 2 31 210
27 67 54 61 24 4 0 T M M 5.0 17 220 M M 2 24 230
28 61 45 53 16 12 0 0.16 M M 4.5 15 140 M M 7 12 20 360
29 48 40 44 7 21 0 0.08 M M 3.5 9 100 M M 8 12 M M
30 64 46 55 18 10 0 0.00 M M 4.6 13 210 M M 6 12 15 230
31 74 49 62 25 3 0 0.09 M M 7.3 18 250 M M 3 1 26 250
================================================================================
SM 1943 1248 416 3 4.21 M 187.0 M 95
================================================================================
AV 62.7 40.3 6.0 FASTST M M 3 MAX(MPH)
MISC ----> 25 210 37 240
================================================================================
NOTES:
# LAST OF SEVERAL OCCURRENCES
COLUMN 17 PEAK WIND IN M.P.H.
PRELIMINARY LOCAL CLIMATOLOGICAL DATA (WS FORM: F-6) , PAGE 2
STATION: MOUNTAIN HOME AIRPORT
MONTH: DECEMBER
YEAR: 2021
LATITUDE: 36 22 N
LONGITUDE: 92 28 W
[TEMPERATURE DATA] [PRECIPITATION DATA] SYMBOLS USED IN COLUMN 16
AVERAGE MONTHLY: 51.5 TOTAL FOR MONTH: 4.21 1 = FOG OR MIST
DPTR FM NORMAL: 11.9 DPTR FM NORMAL: 1.35 2 = FOG REDUCING VISIBILITY
HIGHEST: 79 ON 2 GRTST 24HR 3.09 ON 17-18 TO 1/4 MILE OR LESS
LOWEST: 22 ON 12,20 3 = THUNDER
SNOW, ICE PELLETS, HAIL 4 = ICE PELLETS
TOTAL MONTH: M 5 = HAIL
GRTST 24HR M ON M 6 = FREEZING RAIN OR DRIZZLE
GRTST DEPTH: M ON M 7 = DUSTSTORM OR SANDSTORM:
VSBY 1/2 MILE OR LESS
8 = SMOKE OR HAZE
[NO. OF DAYS WITH] [WEATHER - DAYS WITH] 9 = BLOWING SNOW
X = TORNADO
MAX 32 OR BELOW: 0 0.01 INCH OR MORE: 8
MAX 90 OR ABOVE: 0 0.10 INCH OR MORE: 6
MIN 32 OR BELOW: 11 0.50 INCH OR MORE: 2
MIN 0 OR BELOW: 0 1.00 INCH OR MORE: 1
[HDD (BASE 65) ]
TOTAL THIS MO. 416 CLEAR (SCALE 0-3) 19
DPTR FM NORMAL -372 PTCLDY (SCALE 4-7) 8
TOTAL FM JUL 1 1044 CLOUDY (SCALE 8-10) 4
DPTR FM NORMAL -474
[CDD (BASE 65) ]
TOTAL THIS MO. 3
DPTR FM NORMAL 2 [PRESSURE DATA]
TOTAL FM JAN 1 1701 HIGHEST SLP 30.42 ON 19
DPTR FM NORMAL 107 LOWEST SLP 29.44 ON 10
[REMARKS]
#FINAL-12-21#