000
CXUS54 KLZK 011130
CF6BPK
PRELIMINARY LOCAL CLIMATOLOGICAL DATA (WS FORM: F-6)
STATION: MOUNTAIN HOME AIRPORT
MONTH: AUGUST
YEAR: 2021
LATITUDE: 36 22 N
LONGITUDE: 92 28 W
TEMPERATURE IN F: :PCPN: SNOW: WIND :SUNSHINE: SKY :PK WND
================================================================================
1 2 3 4 5 6A 6B 7 8 9 10 11 12 13 14 15 16 17 18
12Z AVG MX 2MIN
DY MAX MIN AVG DEP HDD CDD WTR SNW DPTH SPD SPD DIR MIN PSBL S-S WX SPD DR
================================================================================
1 82 69 76 -4 0 11 0.13 M M 1.5 7 340 M M 4 13 12 90
2 86 66 76 -4 0 11 T M M 2.5 9 100 M M 3 18 13 80
3 86 64 75 -5 0 10 0.00 M M 3.0 10 80 M M 5 1 15 80
4 85 64 75 -5 0 10 0.00 M M 3.2 12 120 M M 4 17 100
5 88 62 75 -5 0 10 0.00 M M 2.7 12 210 M M 4 8 18 240
6 84 69 77 -3 0 12 0.07 M M 3.6 10 200 M M 4 1 15 260
7 92 66 79 -1 0 14 0.00 M M 5.2 13 230 M M 0 1 17 230
8 93 71 82 2 0 17 0.00 M M 6.8 16 230 M M 1 23 230
9 96 74 85 5 0 20 T M M 7.2 16 210 M M 2 20 220
10 99 74 87 8 0 22 0.00 M M 6.1 18 220 M M 0 25 220
11 97 73 85 6 0 20 0.00 M M 6.0 17 220 M M 0 8 23 220
12 99 70 85 6 0 20 0.03 M M 5.3 12 230 M M 2 3 23 60
13 96 68 82 3 0 17 2.06 M M 4.2 15 120 M M 3 13 23 260
14 86 69 78 -1 0 13 0.00 M M 1.7 8 110 M M 0 1 13 80
15 87 64 76 -3 0 11 0.00 M M 3.0 9 90 M M 0 13 80
16 87 64 76 -3 0 11 0.00 M M 3.6 9 110 M M 2 12 120
17 89 66 78 -1 0 13 0.00 M M 3.1 12 140 M M 1 1 16 140
18 79 71 75 -3 0 10 0.06 M M 4.6 9 110 M M 6 1 14 90
19 89 73 81 3 0 16 0.05 M M 4.0 12 220 M M 7 1 15 230
20 88 73 81 3 0 16 0.03 M M 3.7 12 230 M M 6 13 15 230
21 88 69 79 1 0 14 0.10 M M 2.6 12 30 M M 3 1 23 10
22 92 70 81 3 0 16 0.00 M M 1.6 7 220 M M 1 9 160
23 96 74 85 7 0 20 0.00 M M 3.4 10 150 M M 1 13 160
24 96 72 84 7 0 19 0.00 M M 3.3 13 210 M M 0 1 17 210
25 95 71 83 6 0 18 0.00 M M 3.0 7 140 M M 0 M M
26 95 72 84 7 0 19 0.00 M M 3.5 12 200 M M 1 14 190
27 93 72 83 6 0 18 0.00 M M 3.7 12 140 M M 2 1 16 160
28 92 70 81 5 0 16 0.00 M M 4.9 14 220 M M 1 23 220
29 91 72 82 6 0 17 0.09 M M 2.6 10 10 M M 3 138 20 20
30 88 67 78 2 0 13 T M M 4.2 12 140 M M 4 12 16 150
31 90 66 78 2 0 13 0.00 M M 1.4 9 340 M M 1 16 350
================================================================================
SM 2804 2145 0 467 2.62 M 115.2 M 71
================================================================================
AV 90.5 69.2 3.7 FASTST M M 2 MAX(MPH)
MISC ----> 18 220 25 220
================================================================================
NOTES:
# LAST OF SEVERAL OCCURRENCES
COLUMN 17 PEAK WIND IN M.P.H.
PRELIMINARY LOCAL CLIMATOLOGICAL DATA (WS FORM: F-6) , PAGE 2
STATION: MOUNTAIN HOME AIRPORT
MONTH: AUGUST
YEAR: 2021
LATITUDE: 36 22 N
LONGITUDE: 92 28 W
[TEMPERATURE DATA] [PRECIPITATION DATA] SYMBOLS USED IN COLUMN 16
AVERAGE MONTHLY: 79.8 TOTAL FOR MONTH: 2.62 1 = FOG OR MIST
DPTR FM NORMAL: 1.4 DPTR FM NORMAL: -0.80 2 = FOG REDUCING VISIBILITY
HIGHEST: 99 ON 12,10 GRTST 24HR 2.06 ON 13-14 TO 1/4 MILE OR LESS
LOWEST: 62 ON 5 3 = THUNDER
SNOW, ICE PELLETS, HAIL 4 = ICE PELLETS
TOTAL MONTH: M 5 = HAIL
GRTST 24HR M ON M 6 = FREEZING RAIN OR DRIZZLE
GRTST DEPTH: M ON M 7 = DUSTSTORM OR SANDSTORM:
VSBY 1/2 MILE OR LESS
8 = SMOKE OR HAZE
[NO. OF DAYS WITH] [WEATHER - DAYS WITH] 9 = BLOWING SNOW
X = TORNADO
MAX 32 OR BELOW: 0 0.01 INCH OR MORE: 9
MAX 90 OR ABOVE: 16 0.10 INCH OR MORE: 3
MIN 32 OR BELOW: 0 0.50 INCH OR MORE: 1
MIN 0 OR BELOW: 0 1.00 INCH OR MORE: 1
[HDD (BASE 65) ]
TOTAL THIS MO. 0 CLEAR (SCALE 0-3) 20
DPTR FM NORMAL 0 PTCLDY (SCALE 4-7) 11
TOTAL FM JUL 1 0 CLOUDY (SCALE 8-10) 0
DPTR FM NORMAL 0
[CDD (BASE 65) ]
TOTAL THIS MO. 467
DPTR FM NORMAL 51 [PRESSURE DATA]
TOTAL FM JAN 1 1334 HIGHEST SLP 30.21 ON 14
DPTR FM NORMAL -10 LOWEST SLP 29.66 ON 31
[REMARKS]
#FINAL-08-21#