000
CXUS54 KLZK 011130
CF6BPK
PRELIMINARY LOCAL CLIMATOLOGICAL DATA (WS FORM: F-6)
STATION: MOUNTAIN HOME AIRPORT
MONTH: MARCH
YEAR: 2021
LATITUDE: 36 22 N
LONGITUDE: 92 28 W
TEMPERATURE IN F: :PCPN: SNOW: WIND :SUNSHINE: SKY :PK WND
================================================================================
1 2 3 4 5 6A 6B 7 8 9 10 11 12 13 14 15 16 17 18
12Z AVG MX 2MIN
DY MAX MIN AVG DEP HDD CDD WTR SNW DPTH SPD SPD DIR MIN PSBL S-S WX SPD DR
================================================================================
1 54 32 43 -3 22 0 0.00 M M 1.9 12 70 M M 0 17 100
2 57 27 42 -4 23 0 0.00 M M 3.2 10 230 M M 0 M M
3 69 34 52 6 13 0 0.00 M M 3.2 12 200 M M 0 15 220
4 71 36 54 7 11 0 0.00 M M 4.5 13 170 M M 0 16 170
5 54 36 45 -2 20 0 T M M 6.9 16 120 M M 6 21 110
6 59 28 44 -3 21 0 0.00 M M 2.2 9 200 M M 0 13 200
7 67 35 51 3 14 0 0.00 M M 4.3 14 170 M M 0 19 230
8 69 40 55 7 10 0 0.00 M M 6.7 13 200 M M 0 18 200
9 70 48 59 11 6 0 0.00 M M 10.0 21 220 M M 3 30 220
10 67 59 63 15 2 0 0.00 M M 14.5 23 220 M M 6 32 210
11 74 52 63 15 2 0 0.03 0.0 M 8.4 21 210 M M 8 1 29 220
12 52 47 50 1 15 0 0.79 0.0 M 7.9 17 100 M M 10 1 24 100
13 52 47 50 1 15 0 1.34 0.0 0 6.4 16 190 M M 10 1 M M
14 64 48 56 7 9 0 1.06 0.0 M 10.2 22 120 M M 9 28 140
15 71 49 60 10 5 0 0.00 0.0 M 5.7 24 180 M M 4 33 220
16 71 44 58 8 7 0 0.00 0.0 M 5.2 13 140 M M 0 18 140
17 69 47 58 8 7 0 0.10 0.0 0 7.9 15 170 M M 7 1 23 320
18 47 36 42 -8 23 0 0.03 0.0 0 8.8 16 360 M M 10 28 360
19 59 39 49 -1 16 0 0.00 0.0 0 6.0 13 70 M M 2 20 20
20 63 32 48 -3 17 0 0.00 0.0 0 5.8 14 140 M M 0 18 210
21 68 39 54 3 11 0 0.00 0.0 0 8.1 20 180 M M 0 27 180
22 67 45 56 5 9 0 T M M 9.4 21 210 M M 1 28 210
23 69 49 59 7 6 0 0.66 M M 9.4 20 220 M M 7 1 31 140
24 71 44 58 6 7 0 0.00 M M 4.4 14 230 M M 0 18 240
25 55 47 51 -1 14 0 1.35 M M 4.9 29 120 M M 8 1 40 110
26 70 40 55 3 10 0 0.00 M M 5.4 14 150 M M 0 1 20 140
27 83 47 65 12 0 0 0.02 M M 6.7 15 230 M M 3 25 330
28 60 43 52 -1 13 0 0.00 M M 6.8 18 10 M M 1 31 20
29 70 35 53 0 12 0 0.00 M M 7.5 14 190 M M 0 8 22 210
30 73 51 62 8 3 0 0.00 M M 9.4 18 220 M M 6 24 220
31 58 40 49 -5 16 0 0.00 M M 5.8 16 360 M M 4 28 20
================================================================================
SM 2003 1296 359 0 5.38 0.0 207.4 M 105
================================================================================
AV 64.6 41.8 6.7 FASTST M M 3 MAX(MPH)
MISC ----> 29 120 40 110
================================================================================
NOTES:
# LAST OF SEVERAL OCCURRENCES
COLUMN 17 PEAK WIND IN M.P.H.
PRELIMINARY LOCAL CLIMATOLOGICAL DATA (WS FORM: F-6) , PAGE 2
STATION: MOUNTAIN HOME AIRPORT
MONTH: MARCH
YEAR: 2021
LATITUDE: 36 22 N
LONGITUDE: 92 28 W
[TEMPERATURE DATA] [PRECIPITATION DATA] SYMBOLS USED IN COLUMN 16
AVERAGE MONTHLY: 53.2 TOTAL FOR MONTH: 5.38 1 = FOG OR MIST
DPTR FM NORMAL: 3.4 DPTR FM NORMAL: 1.78 2 = FOG REDUCING VISIBILITY
HIGHEST: 83 ON 27 GRTST 24HR 1.35 ON 25-25 TO 1/4 MILE OR LESS
LOWEST: 27 ON 2 3 = THUNDER
SNOW, ICE PELLETS, HAIL 4 = ICE PELLETS
TOTAL MONTH: 0.0 INCH 5 = HAIL
GRTST 24HR 0.0 6 = FREEZING RAIN OR DRIZZLE
GRTST DEPTH: 0 7 = DUSTSTORM OR SANDSTORM:
VSBY 1/2 MILE OR LESS
8 = SMOKE OR HAZE
[NO. OF DAYS WITH] [WEATHER - DAYS WITH] 9 = BLOWING SNOW
X = TORNADO
MAX 32 OR BELOW: 0 0.01 INCH OR MORE: 9
MAX 90 OR ABOVE: 0 0.10 INCH OR MORE: 6
MIN 32 OR BELOW: 4 0.50 INCH OR MORE: 5
MIN 0 OR BELOW: 0 1.00 INCH OR MORE: 3
[HDD (BASE 65) ]
TOTAL THIS MO. 359 CLEAR (SCALE 0-3) 17
DPTR FM NORMAL -118 PTCLDY (SCALE 4-7) 9
TOTAL FM JUL 1 3519 CLOUDY (SCALE 8-10) 5
DPTR FM NORMAL 10
[CDD (BASE 65) ]
TOTAL THIS MO. 0
DPTR FM NORMAL -6 [PRESSURE DATA]
TOTAL FM JAN 1 0 HIGHEST SLP M ON M
DPTR FM NORMAL -9 LOWEST SLP 29.47 ON 17
[REMARKS]
#FINAL-03-21#