000
CXUS54 KLZK 111700
CF6BPK
PRELIMINARY LOCAL CLIMATOLOGICAL DATA (WS FORM: F-6)
STATION: MOUNTAIN HOME AIRPORT
MONTH: FEBRUARY
YEAR: 2021
LATITUDE: 36 22 N
LONGITUDE: 92 28 W
TEMPERATURE IN F: :PCPN: SNOW: WIND :SUNSHINE: SKY :PK WND
================================================================================
1 2 3 4 5 6A 6B 7 8 9 10 11 12 13 14 15 16 17 18
12Z AVG MX 2MIN
DY MAX MIN AVG DEP HDD CDD WTR SNW DPTH SPD SPD DIR MIN PSBL S-S WX SPD DR
================================================================================
1 41 26 34 -5 31 0 0.00 M M 5.7 16 360 M M 6 27 340
2 44 25 35 -4 30 0 0.00 M M 1.8 7 190 M M 4 11 70
3 55 25 40 0 25 0 0.00 M M 6.9 14 170 M M 0 19 180
4 50 32 41 1 24 0 0.04 M M 8.9 16 200 M M 7 18 26 310
5 54 23 39 -1 26 0 0.00 M M 2.8 10 300 M M 1 18 360
6 43 29 36 -4 29 0 0.18 M M 5.3 12 150 M M 7 1 16 80
7 29 24 27 -13 38 0 0.00 M M 7.2 13 140 M M 10 1 16 140
8 33 24 29 -12 36 0 0.07 M M 5.2 12 140 M M 10 1 15 150
9 33 26 30 -11 35 0 T M M 4.6 9 80 M M 10 1 12 60
10 28 19 24 -17 41 0 0.02 M M 4.1 10 80 M M 10 16 15 10
11 23 18 21 -20 44 0 T M M 5.1 9 10 M M 10 18 16 360
12 23 16 20 -22 45 0 0.00 M M 5.6 12 90 M M 10 16 40
13 23 9 16 -26 49 0 T M M 5.3 10 40 M M 7 19 360
14 12 5 9 -33 56 0 0.01 M M 6.1 12 40 M M 9 8 19 70
15 6 -2 2 -40 63 0 0.19 M M 6.8 10 360 M M 10 12 17 20
16 19 -7 6 -37 59 0 0.00 M M 4.6 13 160 M M 3 18 140
17 19 11 15 -28 50 0 0.12 M M 5.1 13 140 M M 10 18 16 140
18 31 16 24 -19 41 0 0.00 M M 5.2 10 10 M M 3 17 10
19 36 9 23 -20 42 0 0.00 M M 2.3 9 190 M M 2 12 12 190
20 47 17 32 -12 33 0 0.00 M M 3.9 12 170 M M 0 16 160
21 46 30 38 -6 27 0 0.01 M M 7.9 23 220 M M 6 1 33 210
22 60 27 44 0 21 0 0.00 M M 4.9 13 310 M M 0 22 310
23 74 43 59 15 6 0 0.00 M M 6.1 18 220 M M 0 25 210
24 69 41 55 10 10 0 0.00 M M 6.0 12 350 M M 1 20 340
25 53 32 43 -2 22 0 0.00 M M 5.6 15 140 M M 2 19 140
26 44 37 41 -4 24 0 0.41 M M 6.0 12 100 M M 10 1 20 100
27 50 36 43 -2 22 0 0.47 M M 5.2 17 150 M M 8 13 24 150
28 69 42 56 10 9 0 0.46 M M 5.8 14 350 M M 7 123 20 20
================================================================================
SM 1114 633 938 0 1.98 M 150.0 M 163
================================================================================
AV 39.8 22.6 5.4 FASTST M M 6 MAX(MPH)
MISC ----> 23 220 33 210
================================================================================
NOTES:
# LAST OF SEVERAL OCCURRENCES
COLUMN 17 PEAK WIND IN M.P.H.
PRELIMINARY LOCAL CLIMATOLOGICAL DATA (WS FORM: F-6) , PAGE 2
STATION: MOUNTAIN HOME AIRPORT
MONTH: FEBRUARY
YEAR: 2021
LATITUDE: 36 22 N
LONGITUDE: 92 28 W
[TEMPERATURE DATA] [PRECIPITATION DATA] SYMBOLS USED IN COLUMN 16
AVERAGE MONTHLY: 31.2 TOTAL FOR MONTH: 1.98 1 = FOG OR MIST
DPTR FM NORMAL: -11.1 DPTR FM NORMAL: -0.58 2 = FOG REDUCING VISIBILITY
HIGHEST: 74 ON 23 GRTST 24HR 0.91 ON 27-28 TO 1/4 MILE OR LESS
LOWEST: -7 ON 16 3 = THUNDER
SNOW, ICE PELLETS, HAIL 4 = ICE PELLETS
TOTAL MONTH: M 5 = HAIL
GRTST 24HR M ON M 6 = FREEZING RAIN OR DRIZZLE
GRTST DEPTH: M ON M 7 = DUSTSTORM OR SANDSTORM:
VSBY 1/2 MILE OR LESS
8 = SMOKE OR HAZE
[NO. OF DAYS WITH] [WEATHER - DAYS WITH] 9 = BLOWING SNOW
X = TORNADO
MAX 32 OR BELOW: 10 0.01 INCH OR MORE: 11
MAX 90 OR ABOVE: 0 0.10 INCH OR MORE: 6
MIN 32 OR BELOW: 23 0.50 INCH OR MORE: 0
MIN 0 OR BELOW: 2 1.00 INCH OR MORE: 0
[HDD (BASE 65) ]
TOTAL THIS MO. 938 CLEAR (SCALE 0-3) 9
DPTR FM NORMAL 300 PTCLDY (SCALE 4-7) 8
TOTAL FM JUL 1 3160 CLOUDY (SCALE 8-10) 11
DPTR FM NORMAL 130
[CDD (BASE 65) ]
TOTAL THIS MO. 0
DPTR FM NORMAL -2 [PRESSURE DATA]
TOTAL FM JAN 1 0 HIGHEST SLP 30.50 ON 19
DPTR FM NORMAL -1 LOWEST SLP 29.54 ON 4
[REMARKS]
#FINAL-02-21#