000
CXUS54 KLZK 011330
CF6BPK
PRELIMINARY LOCAL CLIMATOLOGICAL DATA (WS FORM: F-6)
STATION: MOUNTAIN HOME AIRPORT
MONTH: DECEMBER
YEAR: 2023
LATITUDE: 36 22 N
LONGITUDE: 92 28 W
TEMPERATURE IN F: :PCPN: SNOW: WIND :SUNSHINE: SKY :PK WND
================================================================================
1 2 3 4 5 6A 6B 7 8 9 10 11 12 13 14 15 16 17 18
12Z AVG MX 2MIN
DY MAX MIN AVG DEP HDD CDD WTR SNW DPTH SPD SPD DIR MIN PSBL S-S WX SPD DR
================================================================================
1 60 46 53 10 12 0 T M M 5.9 12 220 M M 10 19 260
2 49 38 44 1 21 0 T M M 3.2 10 130 M M 8 18 14 140
3 61 38 50 7 15 0 0.00 M M 3.6 10 310 M M 2 1 20 310
4 52 35 44 2 21 0 0.00 M M 5.1 14 300 M M 4 30 330
5 54 34 44 2 21 0 0.00 M M 4.9 16 350 M M 1 29 350
6 51 27 39 -3 26 0 T M M 3.3 8 210 M M 0 1 12 190
7 64 37 51 9 14 0 0.00 M M 8.8 20 220 M M 0 31 220
8 62 47 55 14 10 0 0.00 M M 8.4 15 190 M M 7 23 200
9 62 40 51 10 14 0 T M M 6.5 13 340 M M 3 8 25 320
10 49 31 40 -1 25 0 0.00 M M 4.3 10 310 M M 0 8 21 340
11 55 25 40 0 25 0 0.00 M M 3.8 12 220 M M 0 17 240
12 60 29 45 5 20 0 0.00 M M 2.3 8 190 M M 0 12 160
13 57 37 47 7 18 0 0.00 M M 5.3 12 180 M M 0 18 140
14 60 35 48 8 17 0 0.00 M M 6.6 14 140 M M 2 18 130
15 57 41 49 9 16 0 0.02 M M 6.3 13 150 M M 3 19 140
16 52 39 46 7 19 0 0.10 M M 3.1 12 320 M M 10 1 22 300
17 54 30 42 3 23 0 0.00 M M 3.1 9 330 M M 0 1 18 300
18 46 28 37 -2 28 0 0.00 M M 5.9 15 10 M M 0 28 10
19 47 21 34 -5 31 0 0.00 M M 5.0 13 180 M M 0 17 180
20 57 32 45 7 20 0 0.00 M M 5.8 12 210 M M 0 16 230
21 56 37 47 9 18 0 0.13 M M 5.0 9 190 M M 7 1 13 190
22 59 47 53 15 12 0 0.08 M M 4.6 10 230 M M 10 1 15 240
23 65 50 58 20 7 0 T M M 5.7 10 150 M M 7 1 15 160
24 57 53 55 17 10 0 0.47 M M 10.2 21 150 M M 8 1 36 150
25 54 33 44 6 21 0 0.33 M M 6.6 16 150 M M 10 1 27 180
26 49 28 39 1 26 0 0.00 M M 7.7 16 220 M M 2 25 270
27 43 36 40 3 25 0 T M M 7.0 15 320 M M 9 28 340
28 42 36 39 2 26 0 T M M 6.2 13 360 M M 8 23 350
29 38 31 35 -2 30 0 0.01 M M 5.3 12 340 M M 9 1 23 320
30 55 26 41 4 24 0 T M M 2.3 8 310 M M 0 13 310
31 45 30 38 1 27 0 T M M 3.5 10 20 M M 3 19 30
================================================================================
SM 1672 1097 622 0 1.14 M 165.3 M 123
================================================================================
AV 53.9 35.4 5.3 FASTST M M 4 MAX(MPH)
MISC ----> 21 150 36 150
================================================================================
NOTES:
# LAST OF SEVERAL OCCURRENCES
COLUMN 17 PEAK WIND IN M.P.H.
PRELIMINARY LOCAL CLIMATOLOGICAL DATA (WS FORM: F-6) , PAGE 2
STATION: MOUNTAIN HOME AIRPORT
MONTH: DECEMBER
YEAR: 2023
LATITUDE: 36 22 N
LONGITUDE: 92 28 W
[TEMPERATURE DATA] [PRECIPITATION DATA] SYMBOLS USED IN COLUMN 16
AVERAGE MONTHLY: 44.7 TOTAL FOR MONTH: 1.14 1 = FOG OR MIST
DPTR FM NORMAL: 5.1 DPTR FM NORMAL: -1.72 2 = FOG REDUCING VISIBILITY
HIGHEST: 65 ON 23 GRTST 24HR 0.80 ON 24-25 TO 1/4 MILE OR LESS
LOWEST: 21 ON 19 3 = THUNDER
SNOW, ICE PELLETS, HAIL 4 = ICE PELLETS
TOTAL MONTH: M 5 = HAIL
GRTST 24HR M ON M 6 = FREEZING RAIN OR DRIZZLE
GRTST DEPTH: M ON M 7 = DUSTSTORM OR SANDSTORM:
VSBY 1/2 MILE OR LESS
8 = SMOKE OR HAZE
[NO. OF DAYS WITH] [WEATHER - DAYS WITH] 9 = BLOWING SNOW
X = TORNADO
MAX 32 OR BELOW: 0 0.01 INCH OR MORE: 7
MAX 90 OR ABOVE: 0 0.10 INCH OR MORE: 4
MIN 32 OR BELOW: 12 0.50 INCH OR MORE: 0
MIN 0 OR BELOW: 0 1.00 INCH OR MORE: 0
[HDD (BASE 65) ]
TOTAL THIS MO. 622 CLEAR (SCALE 0-3) 18
DPTR FM NORMAL -166 PTCLDY (SCALE 4-7) 5
TOTAL FM JUL 1 1262 CLOUDY (SCALE 8-10) 8
DPTR FM NORMAL -256
[CDD (BASE 65) ]
TOTAL THIS MO. 0
DPTR FM NORMAL -1 [PRESSURE DATA]
TOTAL FM JAN 1 1693 HIGHEST SLP 30.66 ON 14
DPTR FM NORMAL 99 LOWEST SLP 29.67 ON 25
[REMARKS]
#FINAL-12-23#