000
CXUS54 KLZK 011130
CF6BPK
PRELIMINARY LOCAL CLIMATOLOGICAL DATA (WS FORM: F-6)
STATION: Mountain Home Airport
MONTH: SEPTEMBER
YEAR: 2020
LATITUDE: 36 22 N
LONGITUDE: 92 28 W
TEMPERATURE IN F: :PCPN: SNOW: WIND :SUNSHINE: SKY :PK WND
================================================================================
1 2 3 4 5 6A 6B 7 8 9 10 11 12 13 14 15 16 17 18
12Z AVG MX 2MIN
DY MAX MIN AVG DEP HDD CDD WTR SNW DPTH SPD SPD DIR MIN PSBL S-S WX SPD DR
================================================================================
1 77 68 73 -3 0 8 1.96 M M 3.0 13 170 M M 6 123 17 170
2 76 68 72 -4 0 7 0.27 M M 1.0 8 190 M M 7 12 10 200
3 84 68 76 0 0 11 0.00 M M 1.8 7 220 M M 5 12 9 220
4 81 65 73 -2 0 8 0.00 M M 3.3 9 90 M M 2 14 70
5 89 62 76 1 0 11 0.00 M M 3.0 8 230 M M 1 11 210
6 89 67 78 4 0 13 0.00 M M 3.9 13 210 M M 1 17 220
7 90 65 78 4 0 13 0.00 M M 5.0 13 210 M M 0 18 220
8 89 69 79 5 0 14 0.00 M M 4.2 14 220 M M 0 18 220
9 88 67 78 5 0 13 0.00 M M 4.0 12 200 M M 2 1 15 190
10 84 67 76 3 0 11 T M M 2.5 8 170 M M 3 11 180
11 81 69 75 3 0 10 0.04 M M 1.0 5 99 M M 8 1 M M
12 81 67 74 2 0 9 T M M 1.1 6 360 M M 7 1 11 360
13 78 64 71 -1 0 6 0.00 M M 3.0 10 70 M M 5 1 14 80
14 82 59 71 0 0 6 0.00 M M 3.9 12 90 M M 0 16 90
15 84 59 72 1 0 7 0.00 M M 4.1 10 90 M M 0 17 90
16 84 62 73 3 0 8 0.00 M M 2.3 8 120 M M 3 10 60
17 84 61 73 3 0 8 0.00 M M 2.7 9 10 M M 1 16 90
18 76 58 67 -3 0 2 0.00 M M 3.5 14 90 M M 0 18 90
19 73 51 62 -7 3 0 0.00 M M 5.0 10 80 M M 0 15 80
20 77 48 63 -6 2 0 0.00 M M 4.0 10 120 M M 1 14 110
21 78 54 66 -2 0 1 0.00 M M 5.8 14 120 M M 1 19 130
22 72 59 66 -2 0 1 T M M 4.5 8 170 M M 4 12 170
23 72 56 64 -3 1 0 0.00 M M 5.1 10 150 M M 6 17 150
24 76 56 66 -1 0 1 0.00 M M 3.4 8 150 M M 5 1 12 90
25 81 53 67 1 0 2 0.00 M M 3.7 9 200 M M 3 12 12 190
26 81 57 69 3 0 4 0.00 M M 5.0 12 190 M M 3 15 190
27 86 54 70 4 0 5 0.26 M M 4.6 10 190 M M 2 13 18 360
28 70 50 60 -5 5 0 0.36 M M 3.5 14 360 M M 5 13 21 340
29 71 45 58 -7 7 0 0.00 M M 2.6 13 350 M M 1 22 340
30 90 54 72 8 0 7 0.00 M M 4.5 12 250 M M 0 18 260
================================================================================
SM 2424 1802 18 186 2.89 M 105.0 M 82
================================================================================
AV 80.8 60.1 3.5 FASTST M M 3 MAX(MPH)
MISC ----> # 14 220 # 22 340
================================================================================
NOTES:
# LAST OF SEVERAL OCCURRENCES
COLUMN 17 PEAK WIND IN M.P.H.
PRELIMINARY LOCAL CLIMATOLOGICAL DATA (WS FORM: F-6) , PAGE 2
STATION: Mountain Home Airport
MONTH: SEPTEMBER
YEAR: 2020
LATITUDE: 36 22 N
LONGITUDE: 92 28 W
[TEMPERATURE DATA] [PRECIPITATION DATA] SYMBOLS USED IN COLUMN 16
AVERAGE MONTHLY: 70.4 TOTAL FOR MONTH: 2.89 1 = FOG OR MIST
DPTR FM NORMAL: -0.1 DPTR FM NORMAL: -1.27 2 = FOG REDUCING VISIBILITY
HIGHEST: 90 ON 30, 7 GRTST 24HR 1.96 ON 1- 1 TO 1/4 MILE OR LESS
LOWEST: 45 ON 29 3 = THUNDER
SNOW, ICE PELLETS, HAIL 4 = ICE PELLETS
TOTAL MONTH: M 5 = HAIL
GRTST 24HR M ON M 6 = FREEZING RAIN OR DRIZZLE
GRTST DEPTH: M ON M 7 = DUSTSTORM OR SANDSTORM:
VSBY 1/2 MILE OR LESS
8 = SMOKE OR HAZE
[NO. OF DAYS WITH] [WEATHER - DAYS WITH] 9 = BLOWING SNOW
X = TORNADO
MAX 32 OR BELOW: 0 0.01 INCH OR MORE: 5
MAX 90 OR ABOVE: 2 0.10 INCH OR MORE: 4
MIN 32 OR BELOW: 0 0.50 INCH OR MORE: 1
MIN 0 OR BELOW: 0 1.00 INCH OR MORE: 1
[HDD (BASE 65) ]
TOTAL THIS MO. 18 CLEAR (SCALE 0-3) 19
DPTR FM NORMAL -11 PTCLDY (SCALE 4-7) 11
TOTAL FM JUL 1 18 CLOUDY (SCALE 8-10) 0
DPTR FM NORMAL -12
[CDD (BASE 65) ]
TOTAL THIS MO. 186
DPTR FM NORMAL -7 [PRESSURE DATA]
TOTAL FM JAN 1 1493 HIGHEST SLP 30.32 ON 5
DPTR FM NORMAL -22 LOWEST SLP 29.69 ON 27
[REMARKS]
#FINAL-09-20#