615
CXUS54 KLZK 011130
CF6BPK
PRELIMINARY LOCAL CLIMATOLOGICAL DATA (WS FORM: F-6)
STATION: Mountain Home Airport
MONTH: AUGUST
YEAR: 2020
LATITUDE: 36 22 N
LONGITUDE: 92 28 W
TEMPERATURE IN F: :PCPN: SNOW: WIND :SUNSHINE: SKY :PK WND
================================================================================
1 2 3 4 5 6A 6B 7 8 9 10 11 12 13 14 15 16 17 18
12Z AVG MX 2MIN
DY MAX MIN AVG DEP HDD CDD WTR SNW DPTH SPD SPD DIR MIN PSBL S-S WX SPD DR
================================================================================
1 84 65 75 -5 0 10 0.00 M M 3.3 9 360 M M 5 15 350
2 86 61 74 -6 0 9 0.62 M M 3.0 13 70 M M 3 13 19 80
3 82 64 73 -7 0 8 0.26 M M 0.6 10 80 M M 6 12 20 80
4 79 61 70 -10 0 5 0.00 M M 2.3 9 90 M M 3 14 80
5 81 57 69 -11 0 4 0.00 M M 3.5 8 160 M M 3 12 150
6 86 61 74 -6 0 9 0.00 M M 4.9 12 180 M M 1 16 190
7 87 67 77 -3 0 12 0.00 M M 3.6 10 140 M M 1 15 250
8 90 68 79 -1 0 14 T M M 5.1 12 200 M M 1 16 200
9 93 72 83 3 0 18 T M M 3.3 16 190 M M 1 3 23 170
10 96 73 85 5 0 20 0.00 M M 4.1 12 220 M M 1 16 250
11 82 69 76 -4 0 11 0.39 M M 3.7 12 90 M M 4 123 16 100
12 85 68 77 -3 0 12 0.00 M M 4.6 12 150 M M 7 12 15 190
13 87 72 80 1 0 15 0.00 M M 2.5 8 140 M M 5 1 16 140
14 91 71 81 2 0 16 0.00 M M 1.9 8 140 M M 2 1 11 140
15 94 71 83 4 0 18 0.00 M M 1.6 7 70 M M 1 12 11 50
16 89 66 78 -1 0 13 0.00 M M 2.5 9 80 M M 0 15 80
17 93 60 77 -2 0 12 T M M 2.3 10 340 M M 1 18 320
18 88 64 76 -3 0 11 0.00 M M 3.1 9 80 M M 0 16 340
19 85 61 73 -6 0 8 0.00 M M 3.5 12 90 M M 2 16 100
20 87 57 72 -7 0 7 0.00 M M 2.1 10 110 M M 0 15 90
21 90 62 76 -3 0 11 0.00 M M 2.6 10 160 M M 1 14 180
22 94 64 79 0 0 14 0.00 M M 2.3 8 340 M M 1 1 13 290
23 95 65 80 2 0 15 0.00 M M 2.1 6 99 M M 1 M M
24 97 66 82 4 0 17 0.00 M M 2.9 10 170 M M 1 15 190
25 96 68 82 4 0 17 0.00 M M 4.3 12 140 M M 2 17 130
26 86 71 79 1 0 14 0.03 M M 5.2 14 210 M M 4 1 20 190
27 77 70 74 -4 0 9 0.95 M M 5.4 17 110 M M 6 1 28 120
28 91 70 81 4 0 16 0.10 M M 3.3 12 360 M M 5 1 20 360
29 91 70 81 4 0 16 0.47 M M 2.1 8 80 M M 3 13 M M
30 81 68 75 -2 0 10 0.03 M M 5.1 10 170 M M 8 1 14 150
31 83 68 76 0 0 11 0.04 M M 3.4 14 90 M M 3 1 24 80
================================================================================
SM 2726 2050 0 382 2.89 M 100.2 M 82
================================================================================
AV 87.9 66.1 3.2 FASTST M M 3 MAX(MPH)
MISC ----> # 17 110 # 28 120
================================================================================
NOTES:
# LAST OF SEVERAL OCCURRENCES
COLUMN 17 PEAK WIND IN M.P.H.
PRELIMINARY LOCAL CLIMATOLOGICAL DATA (WS FORM: F-6) , PAGE 2
STATION: Mountain Home Airport
MONTH: AUGUST
YEAR: 2020
LATITUDE: 36 22 N
LONGITUDE: 92 28 W
[TEMPERATURE DATA] [PRECIPITATION DATA] SYMBOLS USED IN COLUMN 16
AVERAGE MONTHLY: 77.0 TOTAL FOR MONTH: 2.89 1 = FOG OR MIST
DPTR FM NORMAL: -1.8 DPTR FM NORMAL: -0.20 2 = FOG REDUCING VISIBILITY
HIGHEST: 97 ON 24 GRTST 24HR 0.95 ON 27-27 TO 1/4 MILE OR LESS
LOWEST: 57 ON 20, 5 3 = THUNDER
SNOW, ICE PELLETS, HAIL 4 = ICE PELLETS
TOTAL MONTH: M 5 = HAIL
GRTST 24HR M ON M 6 = FREEZING RAIN OR DRIZZLE
GRTST DEPTH: M ON M 7 = DUSTSTORM OR SANDSTORM:
VSBY 1/2 MILE OR LESS
8 = SMOKE OR HAZE
[NO. OF DAYS WITH] [WEATHER - DAYS WITH] 9 = BLOWING SNOW
X = TORNADO
MAX 32 OR BELOW: 0 0.01 INCH OR MORE: 9
MAX 90 OR ABOVE: 13 0.10 INCH OR MORE: 6
MIN 32 OR BELOW: 0 0.50 INCH OR MORE: 2
MIN 0 OR BELOW: 0 1.00 INCH OR MORE: 0
[HDD (BASE 65) ]
TOTAL THIS MO. 0 CLEAR (SCALE 0-3) 22
DPTR FM NORMAL -1 PTCLDY (SCALE 4-7) 9
TOTAL FM JUL 1 0 CLOUDY (SCALE 8-10) 0
DPTR FM NORMAL -1
[CDD (BASE 65) ]
TOTAL THIS MO. 382
DPTR FM NORMAL -46 [PRESSURE DATA]
TOTAL FM JAN 1 1307 HIGHEST SLP 30.14 ON 8
DPTR FM NORMAL -15 LOWEST SLP 29.59 ON 28
[REMARKS]
#FINAL-08-20#