175
CXUS54 KLZK 011130
CF6BPK
PRELIMINARY LOCAL CLIMATOLOGICAL DATA (WS FORM: F-6)
STATION: Mountain Home Airport
MONTH: JULY
YEAR: 2020
LATITUDE: 36 22 N
LONGITUDE: 92 28 W
TEMPERATURE IN F: :PCPN: SNOW: WIND :SUNSHINE: SKY :PK WND
================================================================================
1 2 3 4 5 6A 6B 7 8 9 10 11 12 13 14 15 16 17 18
12Z AVG MX 2MIN
DY MAX MIN AVG DEP HDD CDD WTR SNW DPTH SPD SPD DIR MIN PSBL S-S WX SPD DR
================================================================================
1 84 70 77 -1 0 12 0.60 M M 5.1 15 70 M M 4 13 27 70
2 92 68 80 2 0 15 0.26 M M 1.4 14 170 M M 4 13 19 200
3 90 67 79 1 0 14 0.00 M M 1.4 8 210 M M 2 1 12 310
4 87 69 78 0 0 13 T M M 2.2 16 110 M M 4 13 23 80
5 89 68 79 1 0 14 0.00 M M 3.0 9 90 M M 2 1 14 140
6 89 70 80 1 0 15 0.38 M M 2.3 24 140 M M 1 1 34 140
7 91 70 81 2 0 16 T M M 1.4 13 220 M M 1 13 16 220
8 90 70 80 1 0 15 0.00 M M 3.5 10 180 M M 2 1 15 180
9 84 70 77 -2 0 12 0.47 M M 2.6 10 360 M M 2 13 20 20
10 89 69 79 0 0 14 0.00 M M 1.1 5 80 M M 1 M M
11 94 70 82 3 0 17 0.00 M M 2.1 10 220 M M 1 14 260
12 88 70 79 0 0 14 0.00 M M 3.9 13 320 M M 2 23 350
13 87 64 76 -3 0 11 0.00 M M 2.9 9 110 M M 0 M M
14 90 69 80 1 0 15 0.00 M M 6.9 14 150 M M 2 20 160
15 92 74 83 4 0 18 0.00 M M 5.3 14 190 M M 1 19 200
16 94 71 83 4 0 18 T M M 2.9 12 180 M M 2 3 16 160
17 93 74 84 5 0 19 T M M 4.6 14 150 M M 2 19 150
18 92 71 82 3 0 17 0.00 M M 5.8 14 220 M M 1 20 250
19 95 72 84 5 0 19 0.00 M M 3.8 13 190 M M 1 17 210
20 96 74 85 6 0 20 0.00 M M 2.8 10 200 M M 0 15 190
21 94 72 83 4 0 18 0.01 M M 4.3 14 220 M M 2 3 20 200
22 91 72 82 3 0 17 T M M 2.2 10 210 M M 2 3 14 190
23 93 71 82 3 0 17 0.00 M M 3.2 14 170 M M 2 19 160
24 94 72 83 4 0 18 0.00 M M 4.3 14 150 M M 4 12 17 160
25 92 72 82 3 0 17 T M M 4.2 13 190 M M 2 17 210
26 94 70 82 3 0 17 0.00 M M 4.2 13 210 M M 1 19 210
27 95 72 84 5 0 19 0.00 M M 4.2 12 200 M M 2 17 200
28 90 71 81 2 0 16 0.94 M M 2.8 23 250 M M 4 13 32 250
29 90 72 81 2 0 16 0.19 M M 4.8 12 200 M M 4 13 16 220
30 90 71 81 1 0 16 0.03 M M 3.5 9 220 M M 2 17 260
31 82 68 75 -5 0 10 0.39 M M 4.7 15 220 M M 8 1 20 210
================================================================================
SM 2811 2183 0 489 3.27 M 107.4 M 68
================================================================================
AV 90.7 70.4 3.5 FASTST M M 2 MAX(MPH)
MISC ----> # 24 140 # 34 140
================================================================================
NOTES:
# LAST OF SEVERAL OCCURRENCES
COLUMN 17 PEAK WIND IN M.P.H.
PRELIMINARY LOCAL CLIMATOLOGICAL DATA (WS FORM: F-6) , PAGE 2
STATION: Mountain Home Airport
MONTH: JULY
YEAR: 2020
LATITUDE: 36 22 N
LONGITUDE: 92 28 W
[TEMPERATURE DATA] [PRECIPITATION DATA] SYMBOLS USED IN COLUMN 16
AVERAGE MONTHLY: 80.6 TOTAL FOR MONTH: 3.27 1 = FOG OR MIST
DPTR FM NORMAL: 1.5 DPTR FM NORMAL: 0.11 2 = FOG REDUCING VISIBILITY
HIGHEST: 96 ON 20 GRTST 24HR 0.94 ON 28-28 TO 1/4 MILE OR LESS
LOWEST: 64 ON 13 3 = THUNDER
SNOW, ICE PELLETS, HAIL 4 = ICE PELLETS
TOTAL MONTH: M 5 = HAIL
GRTST 24HR M ON M 6 = FREEZING RAIN OR DRIZZLE
GRTST DEPTH: M ON M 7 = DUSTSTORM OR SANDSTORM:
VSBY 1/2 MILE OR LESS
8 = SMOKE OR HAZE
[NO. OF DAYS WITH] [WEATHER - DAYS WITH] 9 = BLOWING SNOW
X = TORNADO
MAX 32 OR BELOW: 0 0.01 INCH OR MORE: 9
MAX 90 OR ABOVE: 22 0.10 INCH OR MORE: 7
MIN 32 OR BELOW: 0 0.50 INCH OR MORE: 2
MIN 0 OR BELOW: 0 1.00 INCH OR MORE: 0
[HDD (BASE 65) ]
TOTAL THIS MO. 0 CLEAR (SCALE 0-3) 24
DPTR FM NORMAL 0 PTCLDY (SCALE 4-7) 6
TOTAL FM JUL 1 0 CLOUDY (SCALE 8-10) 1
DPTR FM NORMAL 0
[CDD (BASE 65) ]
TOTAL THIS MO. 489
DPTR FM NORMAL 55 [PRESSURE DATA]
TOTAL FM JAN 1 925 HIGHEST SLP 30.12 ON 17
DPTR FM NORMAL 31 LOWEST SLP 29.72 ON 31
[REMARKS]
#FINAL-07-20#