000
CXUS54 KLZK 011230
CF6BPK
PRELIMINARY LOCAL CLIMATOLOGICAL DATA (WS FORM: F-6)
STATION: MOUNTAIN HOME AIRPORT
MONTH: SEPTEMBER
YEAR: 2023
LATITUDE: 36 22 N
LONGITUDE: 92 28 W
TEMPERATURE IN F: :PCPN: SNOW: WIND :SUNSHINE: SKY :PK WND
================================================================================
1 2 3 4 5 6A 6B 7 8 9 10 11 12 13 14 15 16 17 18
12Z AVG MX 2MIN
DY MAX MIN AVG DEP HDD CDD WTR SNW DPTH SPD SPD DIR MIN PSBL S-S WX SPD DR
================================================================================
1 84 56 70 -5 0 5 0.00 M M 2.9 10 150 M M 0 13 150
2 88 59 74 -1 0 9 0.00 M M 3.3 9 190 M M 0 14 160
3 91 71 81 6 0 16 0.00 M M 4.5 12 190 M M 3 1 15 200
4 93 69 81 6 0 16 0.47 M M 5.9 23 260 M M 1 13 33 260
5 89 68 79 5 0 14 0.20 M M 7.9 20 360 M M 2 13 36 350
6 85 66 76 2 0 11 0.67 M M 3.5 15 230 M M 2 13 19 230
7 85 62 74 0 0 9 0.00 M M 1.1 7 70 M M 0 1 11 80
8 84 62 73 0 0 8 0.11 M M 4.6 23 210 M M 1 138 30 200
9 80 57 69 -4 0 4 0.00 M M 1.9 9 70 M M 1 14 90
10 83 57 70 -3 0 5 0.00 M M 1.1 9 110 M M 0 13 110
11 80 61 71 -1 0 6 0.07 M M 1.6 8 60 M M 1 13 60
12 75 62 69 -3 0 4 0.61 M M 1.5 7 120 M M 7 1 12 50
13 82 58 70 -2 0 5 0.00 M M 3.0 8 110 M M 0 1 M M
14 79 53 66 -5 0 1 0.00 M M 3.6 15 140 M M 1 24 100
15 80 54 67 -4 0 2 0.00 M M 1.3 9 80 M M 0 15 100
16 82 57 70 -1 0 5 T M M 1.8 13 20 M M 2 24 30
17 80 55 68 -2 0 3 0.02 M M 1.9 10 360 M M 1 1 20 300
18 82 53 68 -2 0 3 0.00 M M 2.0 6 150 M M 2 12 M M
19 83 59 71 1 0 6 T M M 5.1 13 220 M M 1 20 240
20 74 62 68 -1 0 3 0.60 M M 4.2 9 120 M M 6 1 17 360
21 85 61 73 4 0 8 0.14 M M 3.7 13 250 M M 4 13 22 260
22 80 65 73 5 0 8 0.81 M M 5.1 15 230 M M 5 13 24 250
23 86 63 75 7 0 10 0.03 M M 6.7 12 150 M M 2 13 19 190
24 81 65 73 5 0 8 0.71 M M 4.2 17 190 M M 5 13 26 210
25 85 63 74 6 0 9 0.00 M M 1.0 6 350 M M 2 1 10 300
26 86 61 74 7 0 9 0.00 M M 0.7 7 210 M M 2 12 11 210
27 87 64 76 9 0 11 0.00 M M 2.1 6 230 M M 0 10 240
28 87 62 75 9 0 10 0.00 M M 1.4 7 230 M M 1 12 10 200
29 88 63 76 10 0 11 0.00 M M 3.1 10 220 M M 0 1 15 220
30 89 63 76 10 0 11 0.00 M M 1.5 7 200 M M 0 1 10 220
================================================================================
SM 2513 1831 0 230 4.44 M 92.2 M 52
================================================================================
AV 83.8 61.0 3.1 FASTST M M 2 MAX(MPH)
MISC ----> # 23 210 36 350
================================================================================
NOTES:
# LAST OF SEVERAL OCCURRENCES
COLUMN 17 PEAK WIND IN M.P.H.
PRELIMINARY LOCAL CLIMATOLOGICAL DATA (WS FORM: F-6) , PAGE 2
STATION: MOUNTAIN HOME AIRPORT
MONTH: SEPTEMBER
YEAR: 2023
LATITUDE: 36 22 N
LONGITUDE: 92 28 W
[TEMPERATURE DATA] [PRECIPITATION DATA] SYMBOLS USED IN COLUMN 16
AVERAGE MONTHLY: 72.4 TOTAL FOR MONTH: 4.44 1 = FOG OR MIST
DPTR FM NORMAL: 1.7 DPTR FM NORMAL: 1.78 2 = FOG REDUCING VISIBILITY
HIGHEST: 93 ON 4 GRTST 24HR 0.95 ON 21-22 TO 1/4 MILE OR LESS
LOWEST: 53 ON 14,18 3 = THUNDER
SNOW, ICE PELLETS, HAIL 4 = ICE PELLETS
TOTAL MONTH: M 5 = HAIL
GRTST 24HR M ON M 6 = FREEZING RAIN OR DRIZZLE
GRTST DEPTH: M ON M 7 = DUSTSTORM OR SANDSTORM:
VSBY 1/2 MILE OR LESS
8 = SMOKE OR HAZE
[NO. OF DAYS WITH] [WEATHER - DAYS WITH] 9 = BLOWING SNOW
X = TORNADO
MAX 32 OR BELOW: 0 0.01 INCH OR MORE: 12
MAX 90 OR ABOVE: 2 0.10 INCH OR MORE: 9
MIN 32 OR BELOW: 0 0.50 INCH OR MORE: 5
MIN 0 OR BELOW: 0 1.00 INCH OR MORE: 0
[HDD (BASE 65) ]
TOTAL THIS MO. 0 CLEAR (SCALE 0-3) 25
DPTR FM NORMAL -26 PTCLDY (SCALE 4-7) 5
TOTAL FM JUL 1 0 CLOUDY (SCALE 8-10) 0
DPTR FM NORMAL -25
[CDD (BASE 65) ]
TOTAL THIS MO. 230
DPTR FM NORMAL 31 [PRESSURE DATA]
TOTAL FM JAN 1 1613 HIGHEST SLP 30.17 ON 10
DPTR FM NORMAL 70 LOWEST SLP 29.81 ON 23
[REMARKS]
#FINAL-09-23#