000
CXUS53 KDLH 010820
CF6BRD
PRELIMINARY LOCAL CLIMATOLOGICAL DATA (WS FORM: F-6)
STATION: BRAINERD
MONTH: AUGUST
YEAR: 2023
LATITUDE: 46 24 N
LONGITUDE: 94 8 W
TEMPERATURE IN F: :PCPN: SNOW: WIND :SUNSHINE: SKY :PK WND
================================================================================
1 2 3 4 5 6A 6B 7 8 9 10 11 12 13 14 15 16 17 18
12Z AVG MX 2MIN
DY MAX MIN AVG DEP HDD CDD WTR SNW DPTH SPD SPD DIR MIN PSBL S-S WX SPD DR
================================================================================
1 81 57 69 0 0 4 0.89 M M 7.0 28 200 M M 4 138 42 30
2 90 63 77 8 0 12 0.00 M M 2.2 12 160 M M 1 1 16 180
3 92 61 77 8 0 12 0.00 M M 4.8 16 20 M M 1 12 22 20
4 84 58 71 2 0 6 0.00 M M 4.9 12 70 M M 0 18 20 60
5 82 63 73 4 0 8 0.00 M M 5.1 12 140 M M 1 18 17 130
6 82 64 73 4 0 8 T M M 4.9 17 340 M M 3 18 22 340
7 81 56 69 0 0 4 0.00 M M 6.2 16 340 M M 1 1 23 320
8 85 53 69 0 0 4 0.06 M M 7.8 20 280 M M 1 18 32 200
9 77 54 66 -2 0 1 0.01 M M 4.0 12 50 M M 3 12 15 330
10 75 48 62 -6 3 0 0.78 M M 3.1 21 300 M M 5 123 32 280
11 78 62 70 2 0 5 0.08 M M 7.3 16 280 M M 5 13 23 270
12 77 56 67 -1 0 2 T M M 5.0 15 290 M M 4 1 20 270
13 75 58 67 -1 0 2 0.05 M M 5.2 10 60 M M 8 12 17 80
14 77 53 65 -3 0 0 0.39 M M 6.1 15 30 M M 4 1 21 40
15 84 50 67 -1 0 2 0.00 M M 9.0 20 250 M M 0 27 250
16 87 62 75 7 0 10 T M M 12.5 33 210 M M 1 49 210
17 73 50 62 -5 3 0 0.00 M M 10.9 21 330 M M 3 18 37 320
18 79 46 63 -4 2 0 0.00 M M 10.3 26 180 M M 0 18 40 150
19 90 65 78 11 0 13 0.00 M M 8.3 17 170 M M 0 31 190
20 74 57 66 -1 0 1 0.00 M M 8.8 17 10 M M 1 23 360
21 76 57 67 0 0 2 0.00 M M 6.9 13 130 M M 6 22 120
22 84 66 75 9 0 10 0.00 M M 6.4 13 140 M M 8 18 19 140
23 82 63 73 7 0 8 0.00 M M 4.9 10 40 M M 9 128 14 60
24 80 63 72 6 0 7 0.00 M M 3.7 12 350 M M 7 18 17 20
25 84 64 74 8 0 9 T M M 8.8 20 330 M M 3 1 35 340
26 69 53 61 -5 4 0 0.00 M M 5.1 12 30 M M 7 18 16 50
27 76 48 62 -3 3 0 0.01 M M 3.9 10 190 M M 3 18 14 200
28 84 57 71 6 0 6 T M M 4.5 14 230 M M 3 1 19 270
29 82 51 67 2 0 2 0.00 M M 4.2 12 350 M M 2 128 M M
30 81 54 68 4 0 3 0.00 M M 4.9 14 180 M M 1 1 20 170
31 83 61 72 8 0 7 T M M 13.5 29 180 M M 1 44 150
================================================================================
SM 2504 1773 15 148 2.27 M 200.2 M 96
================================================================================
AV 80.8 57.2 6.5 FASTST M M 3 MAX(MPH)
MISC ----> 33 210 49 210
================================================================================
NOTES:
# LAST OF SEVERAL OCCURRENCES
COLUMN 17 PEAK WIND IN M.P.H.
PRELIMINARY LOCAL CLIMATOLOGICAL DATA (WS FORM: F-6) , PAGE 2
STATION: BRAINERD
MONTH: AUGUST
YEAR: 2023
LATITUDE: 46 24 N
LONGITUDE: 94 8 W
[TEMPERATURE DATA] [PRECIPITATION DATA] SYMBOLS USED IN COLUMN 16
AVERAGE MONTHLY: 69.0 TOTAL FOR MONTH: 2.27 1 = FOG OR MIST
DPTR FM NORMAL: 1.7 DPTR FM NORMAL: -0.79 2 = FOG REDUCING VISIBILITY
HIGHEST: 92 ON 3 GRTST 24HR 0.89 ON 1- 1 TO 1/4 MILE OR LESS
LOWEST: 46 ON 18 3 = THUNDER
SNOW, ICE PELLETS, HAIL 4 = ICE PELLETS
TOTAL MONTH: M 5 = HAIL
GRTST 24HR M ON M 6 = FREEZING RAIN OR DRIZZLE
GRTST DEPTH: M ON M 7 = DUSTSTORM OR SANDSTORM:
VSBY 1/2 MILE OR LESS
8 = SMOKE OR HAZE
[NO. OF DAYS WITH] [WEATHER - DAYS WITH] 9 = BLOWING SNOW
X = TORNADO
MAX 32 OR BELOW: 0 0.01 INCH OR MORE: 8
MAX 90 OR ABOVE: 3 0.10 INCH OR MORE: 3
MIN 32 OR BELOW: 0 0.50 INCH OR MORE: 2
MIN 0 OR BELOW: 0 1.00 INCH OR MORE: 0
[HDD (BASE 65) ]
TOTAL THIS MO. 15 CLEAR (SCALE 0-3) 16
DPTR FM NORMAL -26 PTCLDY (SCALE 4-7) 14
TOTAL FM JUL 1 45 CLOUDY (SCALE 8-10) 1
DPTR FM NORMAL -20
[CDD (BASE 65) ]
TOTAL THIS MO. 148
DPTR FM NORMAL 38 [PRESSURE DATA]
TOTAL FM JAN 1 490 HIGHEST SLP M ON M
DPTR FM NORMAL 113 LOWEST SLP 29.49 ON 16
[REMARKS]
#FINAL-08-23#