000
CXUS55 KDVN 011000
CF6BRL
PRELIMINARY LOCAL CLIMATOLOGICAL DATA (WS FORM: F-6)
STATION: BURLINGTON IA
MONTH: JULY
YEAR: 2021
LATITUDE: 40 46 N
LONGITUDE: 91 7 W
TEMPERATURE IN F: :PCPN: SNOW: WIND :SUNSHINE: SKY :PK WND
================================================================================
1 2 3 4 5 6A 6B 7 8 9 10 11 12 13 14 15 16 17 18
12Z AVG MX 2MIN
DY MAX MIN AVG DEP HDD CDD WTR SNW DPTH SPD SPD DIR MIN PSBL S-S WX SPD DR
================================================================================
1 86 65 76 1 0 11 0.00 M M 6.4 16 30 M M 2 12 23 40
2 81 63 72 -3 0 7 0.00 M M 4.0 9 40 M M 2 12 30
3 83 59 71 -5 0 6 0.00 M M 2.5 8 250 M M 0 8 11 310
4 85 63 74 -2 0 9 0.00 M M 5.5 12 210 M M 0 15 190
5 88 68 78 2 0 13 0.00 M M 6.3 14 200 M M 0 20 200
6 87 66 77 1 0 12 0.00 M M 6.4 14 190 M M 0 8 18 190
7 87 68 78 2 0 13 0.75 M M 4.0 17 290 M M 3 13 27 270
8 77 64 71 -5 0 6 0.01 M M 6.7 13 350 M M 8 1 18 360
9 79 62 71 -5 0 6 1.43 M M 7.7 29 10 M M 4 1238 37 350
10 72 64 68 -8 0 3 0.74 M M 8.9 16 30 M M 9 1 22 10
11 68 65 67 -9 0 2 0.61 M M 12.8 21 30 M M 10 13 31 50
12 73 64 69 -7 0 4 0.36 M M 7.8 14 40 M M 10 13 18 60
13 81 64 73 -3 0 8 0.00 M M 4.6 10 190 M M 6 1 14 240
14 86 66 76 0 0 11 0.01 M M 9.6 18 190 M M 1 26 190
15 77 69 73 -3 0 8 1.03 M M 4.2 14 170 M M 9 13 16 190
16 79 67 73 -3 0 8 0.00 M M 5.8 14 30 M M 6 1 18 30
17 82 61 72 -4 0 7 0.00 M M 3.9 12 20 M M 1 12 17 30
18 84 64 74 -2 0 9 0.00 M M 6.3 13 60 M M 2 1 18 50
19 86 67 77 1 0 12 0.00 M M 4.6 10 50 M M 1 15 30
20 85 64 75 -1 0 10 0.00 M M 3.5 10 350 M M 1 1 16 330
21 87 67 77 1 0 12 0.00 M M 1.4 6 290 M M 1 18 11 240
22 86 68 77 1 0 12 0.00 M M 4.1 13 180 M M 1 18 18 250
23 89 69 79 3 0 14 0.00 M M 5.8 13 180 M M 1 18 19 180
24 92 72 82 6 0 17 0.01 M M 6.7 16 230 M M 2 138 24 210
25 91 67 79 3 0 14 0.00 M M 5.0 10 350 M M 0 8 15 350
26 89 62 76 1 0 11 0.00 M M 1.9 7 140 M M 0 18 11 140
27 88 64 76 1 0 11 0.00 M M 3.8 13 190 M M 1 128 18 170
28 91 70 81 6 0 16 0.00 M M 5.2 13 200 M M 0 1 17 200
29 88 74 81 6 0 16 0.57 M M 6.4 14 250 M M 3 138 23 230
30 78 68 73 -2 0 8 T M M 7.3 13 120 M M 4 1 18 90
31 75 61 68 -7 0 3 0.33 M M 6.1 14 80 M M 6 1 21 80
================================================================================
SM 2580 2035 0 299 5.85 M 175.2 M 94
================================================================================
AV 83.2 65.6 5.7 FASTST M M 3 MAX(MPH)
MISC ----> 29 10 37 350
================================================================================
NOTES:
# LAST OF SEVERAL OCCURRENCES
COLUMN 17 PEAK WIND IN M.P.H.
PRELIMINARY LOCAL CLIMATOLOGICAL DATA (WS FORM: F-6) , PAGE 2
STATION: BURLINGTON IA
MONTH: JULY
YEAR: 2021
LATITUDE: 40 46 N
LONGITUDE: 91 7 W
[TEMPERATURE DATA] [PRECIPITATION DATA] SYMBOLS USED IN COLUMN 16
AVERAGE MONTHLY: 74.4 TOTAL FOR MONTH: 5.85 1 = FOG OR MIST
DPTR FM NORMAL: -1.2 DPTR FM NORMAL: 1.83 2 = FOG REDUCING VISIBILITY
HIGHEST: 92 ON 24 GRTST 24HR 2.10 ON 9-10 TO 1/4 MILE OR LESS
LOWEST: 59 ON 3 3 = THUNDER
SNOW, ICE PELLETS, HAIL 4 = ICE PELLETS
TOTAL MONTH: M 5 = HAIL
GRTST 24HR M ON M 6 = FREEZING RAIN OR DRIZZLE
GRTST DEPTH: M ON M 7 = DUSTSTORM OR SANDSTORM:
VSBY 1/2 MILE OR LESS
8 = SMOKE OR HAZE
[NO. OF DAYS WITH] [WEATHER - DAYS WITH] 9 = BLOWING SNOW
X = TORNADO
MAX 32 OR BELOW: 0 0.01 INCH OR MORE: 11
MAX 90 OR ABOVE: 3 0.10 INCH OR MORE: 8
MIN 32 OR BELOW: 0 0.50 INCH OR MORE: 6
MIN 0 OR BELOW: 0 1.00 INCH OR MORE: 2
[HDD (BASE 65) ]
TOTAL THIS MO. 0 CLEAR (SCALE 0-3) 21
DPTR FM NORMAL -2 PTCLDY (SCALE 4-7) 6
TOTAL FM JUL 1 0 CLOUDY (SCALE 8-10) 4
DPTR FM NORMAL 0
[CDD (BASE 65) ]
TOTAL THIS MO. 299
DPTR FM NORMAL -31 [PRESSURE DATA]
TOTAL FM JAN 1 666 HIGHEST SLP 30.20 ON 18
DPTR FM NORMAL 5 LOWEST SLP 29.80 ON 11
[REMARKS]
#FINAL-07-21#