000
CXAK56 PAFG 010959
CF6BRW
PRELIMINARY LOCAL CLIMATOLOGICAL DATA (WS FORM: F-6)
STATION: UTQIAGVIK (BARROW) AK
MONTH: JULY
YEAR: 2021
LATITUDE: 71 17 N
LONGITUDE: 156 47 W
TEMPERATURE IN F: :PCPN: SNOW: WIND :SUNSHINE: SKY :PK WND
================================================================================
1 2 3 4 5 6A 6B 7 8 9 10 11 12 13 14 15 16 17 18
12Z AVG MX 2MIN
DY MAX MIN AVG DEP HDD CDD WTR SNW DPTH SPD SPD DIR MIN PSBL S-S WX SPD DR
================================================================================
1 37 32 35 -7 30 0 T M M 7.1 12 80 M M 6 128 14 60
2 40 30 35 -7 30 0 0.00 M M 17.0 25 70 M M 3 1 29 80
3 35 29 32 -10 33 0 0.05 M M 17.6 25 70 M M 10 18 30 70
4 54 35 45 3 20 0 0.00 M M 6.0 13 70 M M 5 128 15 110
5 53 39 46 4 19 0 T M M 11.3 17 90 M M 5 12 21 80
6 49 38 44 2 21 0 0.02 M M 13.8 20 100 M M 5 25 90
7 51 38 45 3 20 0 T M M 6.9 13 240 M M 7 128 17 240
8 49 32 41 -1 24 0 T M M 8.4 14 240 M M 10 128 17 240
9 39 32 36 -6 29 0 0.00 M M 9.2 15 250 M M 7 128 18 250
10 56 32 44 2 21 0 0.12 M M 15.7 29 220 M M 7 168 34 230
11 49 32 41 -2 24 0 T M M 11.2 22 290 M M 8 18 26 300
12 50 35 43 0 22 0 0.00 M M 14.1 23 250 M M 5 128 30 230
13 35 30 33 -10 32 0 0.00 M M 8.4 13 310 M M 10 128 15 310
14 40 31 36 -7 29 0 0.00 M M 9.4 15 90 M M 8 12 20 70
15 53 34 44 1 21 0 0.00 M M 13.6 21 90 M M 5 25 110
16 53 40 47 5 18 0 0.00 M M 14.8 23 250 M M 5 18 29 250
17 54 40 47 5 18 0 0.14 M M 14.5 21 220 M M 10 128 25 210
18 55 42 49 7 16 0 0.01 M M 13.9 21 230 M M 8 18 26 220
19 48 36 42 0 23 0 0.03 M M 8.2 16 40 M M 10 12 20 250
20 40 35 38 -4 27 0 0.07 M M 18.7 31 60 M M 10 128 35 60
21 39 35 37 -5 28 0 0.08 M M 18.8 24 70 M M 10 1 28 60
22 41 35 38 -4 27 0 0.00 M M 14.9 20 80 M M 10 12 23 80
23 39 36 38 -4 27 0 T M M 14.7 21 80 M M 10 128 24 90
24 47 37 42 0 23 0 0.13 M M 4.8 10 110 M M 10 12 12 100
25 46 38 42 0 23 0 0.14 M M 11.5 20 90 M M 10 128 24 100
26 50 38 44 2 21 0 0.17 M M 8.3 14 100 M M 10 12 17 100
27 45 37 41 -1 24 0 0.00 M M 12.9 23 80 M M 10 128 27 80
28 56 37 47 5 18 0 0.58 M M 15.5 23 100 M M 10 12 30 90
29 56 43 50 8 15 0 0.11 M M 5.6 10 250 M M 10 128 13 250
30 52 41 47 5 18 0 0.03 M M 8.0 14 70 M M 9 12 16 70
31 60 41 51 9 14 0 0.09 M M 14.1 26 110 M M 8 32 110
================================================================================
SM 1471 1110 715 0 1.77 M 368.9 M 251
================================================================================
AV 47.5 35.8 11.9 FASTST M M 8 MAX(MPH)
MISC ----> 31 60 35 60
================================================================================
NOTES:
# LAST OF SEVERAL OCCURRENCES
COLUMN 17 PEAK WIND IN M.P.H.
PRELIMINARY LOCAL CLIMATOLOGICAL DATA (WS FORM: F-6) , PAGE 2
STATION: UTQIAGVIK (BARROW) AK
MONTH: JULY
YEAR: 2021
LATITUDE: 71 17 N
LONGITUDE: 156 47 W
[TEMPERATURE DATA] [PRECIPITATION DATA] SYMBOLS USED IN COLUMN 16
AVERAGE MONTHLY: 41.6 TOTAL FOR MONTH: 1.77 1 = FOG OR MIST
DPTR FM NORMAL: -0.6 DPTR FM NORMAL: 0.79 2 = FOG REDUCING VISIBILITY
HIGHEST: 60 ON 31 GRTST 24HR 0.68 ON 28-29 TO 1/4 MILE OR LESS
LOWEST: 29 ON 3 3 = THUNDER
SNOW, ICE PELLETS, HAIL 4 = ICE PELLETS
TOTAL MONTH: M 5 = HAIL
GRTST 24HR M ON M 6 = FREEZING RAIN OR DRIZZLE
GRTST DEPTH: M ON M 7 = DUSTSTORM OR SANDSTORM:
VSBY 1/2 MILE OR LESS
8 = SMOKE OR HAZE
[NO. OF DAYS WITH] [WEATHER - DAYS WITH] 9 = BLOWING SNOW
X = TORNADO
MAX 32 OR BELOW: 0 0.01 INCH OR MORE: 15
MAX 90 OR ABOVE: 0 0.10 INCH OR MORE: 7
MIN 32 OR BELOW: 9 0.50 INCH OR MORE: 1
MIN 0 OR BELOW: 0 1.00 INCH OR MORE: 0
[HDD (BASE 65) ]
TOTAL THIS MO. 715 CLEAR (SCALE 0-3) 1
DPTR FM NORMAL 8 PTCLDY (SCALE 4-7) 13
TOTAL FM JUL 1 715 CLOUDY (SCALE 8-10) 17
DPTR FM NORMAL 11
[CDD (BASE 65) ]
TOTAL THIS MO. 0
DPTR FM NORMAL 0 [PRESSURE DATA]
TOTAL FM JAN 1 0 HIGHEST SLP M ON M
DPTR FM NORMAL 0 LOWEST SLP 29.47 ON 31
[REMARKS]
#FINAL-07-21#