759
CXAK56 PAFG 020224
CF6BRW
PRELIMINARY LOCAL CLIMATOLOGICAL DATA (WS FORM: F-6)
STATION: UTQIAGVIK (BARROW) AK
MONTH: AUGUST
YEAR: 2020
LATITUDE: 71 17 N
LONGITUDE: 156 47 W
TEMPERATURE IN F: :PCPN: SNOW: WIND :SUNSHINE: SKY :PK WND
================================================================================
1 2 3 4 5 6A 6B 7 8 9 10 11 12 13 14 15 16 17 18
12Z AVG MX 2MIN
DY MAX MIN AVG DEP HDD CDD WTR SNW DPTH SPD SPD DIR MIN PSBL S-S WX SPD DR
================================================================================
1 39 32 36 -5 29 0 0.00 M M 8.2 12 70 M M 10 1 15 60
2 42 32 37 -3 28 0 0.00 M M 11.2 15 40 M M 10 1 18 50
3 36 31 34 -6 31 0 0.01 M M 7.1 12 350 M M 10 128 15 350
4 46 35 41 1 24 0 0.04 M M 7.1 15 60 M M 10 12 16 70
5 49 42 46 6 19 0 0.06 M M 9.8 16 230 M M 8 1 21 210
6 44 37 41 1 24 0 0.03 M M 12.0 18 80 M M 10 1 22 90
7 41 36 39 -1 26 0 0.00 M M 13.8 25 30 M M 10 12 28 30
8 51 40 46 6 19 0 0.00 M M 5.3 10 110 M M 10 12 12 110
9 47 39 43 3 22 0 0.00 M M 8.4 13 280 M M 10 12 15 270
10 46 39 43 3 22 0 0.00 M M 8.1 14 250 M M 9 12 17 250
11 54 41 48 8 17 0 0.02 M 0 10.9 17 230 M M 7 1 22 220
12 48 37 43 3 22 0 0.04 M M 6.5 15 240 M M 9 12 19 230
13 53 45 49 9 16 0 0.02 M 0 12.1 18 230 M M 5 1 22 230
14 53 41 47 8 18 0 0.00 M M 10.4 16 230 M M 5 12 19 240
15 47 39 43 4 22 0 0.00 M M 6.3 12 230 M M 10 12 14 230
16 49 40 45 6 20 0 0.00 M M 13.5 20 70 M M 10 12 22 80
17 53 42 48 9 17 0 0.00 M M 18.8 26 100 M M 5 12 33 110
18 58 41 50 11 15 0 T M M 12.6 21 120 M M 7 12 24 120
19 43 38 41 2 24 0 T M M 10.0 16 350 M M 10 128 19 350
20 49 39 44 5 21 0 0.00 M M 6.8 12 110 M M 10 12 14 100
21 57 40 49 10 16 0 0.00 M M 9.9 18 100 M M 7 12 22 100
22 43 37 40 2 25 0 0.00 M M 20.3 26 100 M M 9 12 32 110
23 48 35 42 4 23 0 0.00 M M 9.2 18 100 M M 8 12 23 100
24 46 35 41 3 24 0 0.00 M M 3.7 8 290 M M 10 1 9 290
25 41 38 40 2 25 0 0.00 M M 6.8 14 70 M M 10 12 17 70
26 41 38 40 2 25 0 0.00 M M 15.9 21 70 M M 10 1 26 70
27 41 37 39 1 26 0 0.00 M M 17.2 23 80 M M 10 1 27 70
28 41 36 39 2 26 0 0.00 M M 14.9 22 70 M M 10 18 26 70
29 40 37 39 2 26 0 0.01 M M 17.0 23 70 M M 10 18 27 70
30 41 37 39 2 26 0 T M M 14.6 23 60 M M 10 18 27 60
31 40 35 38 1 27 0 T M M 22.7 31 60 M M 10 18 36 60
================================================================================
SM 1427 1171 705 0 0.23 M 351.1 M 279
================================================================================
AV 46.0 37.8 11.3 FASTST M M 9 MAX(MPH)
MISC ----> # 31 60 # 36 60
================================================================================
NOTES:
# LAST OF SEVERAL OCCURRENCES
COLUMN 17 PEAK WIND IN M.P.H.
PRELIMINARY LOCAL CLIMATOLOGICAL DATA (WS FORM: F-6) , PAGE 2
STATION: UTQIAGVIK (BARROW) AK
MONTH: AUGUST
YEAR: 2020
LATITUDE: 71 17 N
LONGITUDE: 156 47 W
[TEMPERATURE DATA] [PRECIPITATION DATA] SYMBOLS USED IN COLUMN 16
AVERAGE MONTHLY: 41.9 TOTAL FOR MONTH: 0.23 1 = FOG OR MIST
DPTR FM NORMAL: 2.9 DPTR FM NORMAL: -0.82 2 = FOG REDUCING VISIBILITY
HIGHEST: 58 ON 18 GRTST 24HR 0.06 ON 5- 5 TO 1/4 MILE OR LESS
LOWEST: 31 ON 3 3 = THUNDER
SNOW, ICE PELLETS, HAIL 4 = ICE PELLETS
TOTAL MONTH: M 5 = HAIL
GRTST 24HR M ON M 6 = FREEZING RAIN OR DRIZZLE
GRTST DEPTH: 0 7 = DUSTSTORM OR SANDSTORM:
VSBY 1/2 MILE OR LESS
8 = SMOKE OR HAZE
[NO. OF DAYS WITH] [WEATHER - DAYS WITH] 9 = BLOWING SNOW
X = TORNADO
MAX 32 OR BELOW: 0 0.01 INCH OR MORE: 8
MAX 90 OR ABOVE: 0 0.10 INCH OR MORE: 0
MIN 32 OR BELOW: 3 0.50 INCH OR MORE: 0
MIN 0 OR BELOW: 0 1.00 INCH OR MORE: 0
[HDD (BASE 65) ]
TOTAL THIS MO. 705 CLEAR (SCALE 0-3) 0
DPTR FM NORMAL -101 PTCLDY (SCALE 4-7) 8
TOTAL FM JUL 1 1528 CLOUDY (SCALE 8-10) 23
DPTR FM NORMAL -27
[CDD (BASE 65) ]
TOTAL THIS MO. 0
DPTR FM NORMAL 0 [PRESSURE DATA]
TOTAL FM JAN 1 0 HIGHEST SLP 30.18 ON 28
DPTR FM NORMAL 0 LOWEST SLP 29.41 ON 6
[REMARKS]
#FINAL-08-20#