000
CXUS53 KGRR 010910
CF6BTL
PRELIMINARY LOCAL CLIMATOLOGICAL DATA (WS FORM: F-6)
STATION: BATTLE CREEK
MONTH: MARCH
YEAR: 2022
LATITUDE: 42 17 N
LONGITUDE: 85 14 W
TEMPERATURE IN F: :PCPN: SNOW: WIND :SUNSHINE: SKY :PK WND
================================================================================
1 2 3 4 5 6A 6B 7 8 9 10 11 12 13 14 15 16 17 18
12Z AVG MX 2MIN
DY MAX MIN AVG DEP HDD CDD WTR SNW DPTH SPD SPD DIR MIN PSBL S-S WX SPD DR
================================================================================
1 48 28 38 7 27 0 0.00 M M 9.9 20 280 M M 3 25 290
2 47 23 35 4 30 0 T M M 8.5 18 360 M M 5 8 24 330
3 34 19 27 -4 38 0 0.00 M M 6.7 15 350 M M 2 20 10
4 42 18 30 -2 35 0 0.00 M M 3.7 10 130 M M 1 15 120
5 67 34 51 19 14 0 T M M 12.6 26 200 M M 1 37 200
6 63 35 49 17 16 0 0.16 M M 16.6 38 280 M M 8 53 280
7 38 31 35 2 30 0 0.26 M M 9.4 22 310 M M 10 16 34 310
8 38 25 32 -1 33 0 0.00 M M 8.0 17 210 M M 7 25 220
9 46 22 34 0 31 0 0.00 M M 8.0 22 280 M M 2 18 30 250
10 37 21 29 -5 36 0 0.02 M M 5.7 14 320 M M 6 18 20 290
11 30 20 25 -9 40 0 0.12 M M 10.1 28 260 M M 9 18 35 310
12 20 12 16 -19 49 0 T M M 12.1 26 300 M M 7 8 36 290
13 43 14 29 -6 36 0 0.05 M M 12.1 24 240 M M 5 18 32 250
14 58 28 43 7 22 0 0.00 M M 6.4 16 210 M M 3 20 210
15 57 33 45 9 20 0 T M M 3.2 10 320 M M 4 18 14 310
16 68 29 49 13 16 0 0.00 M M 8.1 21 200 M M 5 18 28 200
17 72 40 56 19 9 0 0.00 M M 7.6 21 250 M M 4 29 230
18 53 42 48 11 17 0 0.22 M M 11.0 18 50 M M 7 1 26 50
19 43 37 40 3 25 0 0.17 M M 9.7 22 270 M M 10 12 29 280
20 59 33 46 8 19 0 0.00 M M 6.7 15 250 M M 2 1 20 240
21 71 32 52 14 13 0 0.00 M M 6.6 18 230 M M 4 26 200
22 47 39 43 5 22 0 0.25 M M 11.3 20 100 M M 6 1 30 100
23 52 42 47 8 18 0 0.71 M M 11.8 24 110 M M 10 13 35 130
24 49 39 44 5 21 0 0.16 M M 14.0 24 220 M M 10 1 35 230
25 48 34 41 1 24 0 0.20 M M 11.9 25 270 M M 10 1 37 260
26 34 26 30 -10 35 0 0.03 M M 16.1 25 300 M M 10 18 36 290
27 30 17 24 -16 41 0 T M M 14.0 23 280 M M 8 33 320
28 33 17 25 -16 40 0 0.00 M M 8.4 18 330 M M 4 26 320
29 41 20 31 -10 34 0 T M M 10.2 18 120 M M 5 29 120
30 60 35 48 6 17 0 0.41 M M 10.5 21 140 M M 9 1 32 170
31 60 32 46 4 19 0 0.23 M M 16.0 35 240 M M 10 1 48 230
================================================================================
SM 1488 877 827 0 2.99 M 306.9 M 187
================================================================================
AV 48.0 28.3 9.9 FASTST M M 6 MAX(MPH)
MISC ----> 38 280 53 280
================================================================================
NOTES:
# LAST OF SEVERAL OCCURRENCES
COLUMN 17 PEAK WIND IN M.P.H.
PRELIMINARY LOCAL CLIMATOLOGICAL DATA (WS FORM: F-6) , PAGE 2
STATION: BATTLE CREEK
MONTH: MARCH
YEAR: 2022
LATITUDE: 42 17 N
LONGITUDE: 85 14 W
[TEMPERATURE DATA] [PRECIPITATION DATA] SYMBOLS USED IN COLUMN 16
AVERAGE MONTHLY: 38.1 TOTAL FOR MONTH: 2.99 1 = FOG OR MIST
DPTR FM NORMAL: 1.8 DPTR FM NORMAL: 1.32 2 = FOG REDUCING VISIBILITY
HIGHEST: 72 ON 17 GRTST 24HR 0.74 ON 22-23 TO 1/4 MILE OR LESS
LOWEST: 12 ON 12 3 = THUNDER
SNOW, ICE PELLETS, HAIL 4 = ICE PELLETS
TOTAL MONTH: M 5 = HAIL
GRTST 24HR M ON M 6 = FREEZING RAIN OR DRIZZLE
GRTST DEPTH: M ON M 7 = DUSTSTORM OR SANDSTORM:
VSBY 1/2 MILE OR LESS
8 = SMOKE OR HAZE
[NO. OF DAYS WITH] [WEATHER - DAYS WITH] 9 = BLOWING SNOW
X = TORNADO
MAX 32 OR BELOW: 3 0.01 INCH OR MORE: 14
MAX 90 OR ABOVE: 0 0.10 INCH OR MORE: 11
MIN 32 OR BELOW: 19 0.50 INCH OR MORE: 1
MIN 0 OR BELOW: 0 1.00 INCH OR MORE: 0
[HDD (BASE 65) ]
TOTAL THIS MO. 827 CLEAR (SCALE 0-3) 7
DPTR FM NORMAL -65 PTCLDY (SCALE 4-7) 15
TOTAL FM JUL 1 5268 CLOUDY (SCALE 8-10) 9
DPTR FM NORMAL -371
[CDD (BASE 65) ]
TOTAL THIS MO. 0
DPTR FM NORMAL -1 [PRESSURE DATA]
TOTAL FM JAN 1 0 HIGHEST SLP 30.51 ON 4
DPTR FM NORMAL -1 LOWEST SLP 29.02 ON 31
[REMARKS]
#FINAL-03-22#