000
CXUS55 KMSO 011000
CF6BTM
PRELIMINARY LOCAL CLIMATOLOGICAL DATA (WS FORM: F-6)
STATION: BUTTE MT
MONTH: JANUARY
YEAR: 2023
LATITUDE: 45 57 N
LONGITUDE: 112 30 W
TEMPERATURE IN F: :PCPN: SNOW: WIND :SUNSHINE: SKY :PK WND
================================================================================
1 2 3 4 5 6A 6B 7 8 9 10 11 12 13 14 15 16 17 18
12Z AVG MX 2MIN
DY MAX MIN AVG DEP HDD CDD WTR SNW DPTH SPD SPD DIR MIN PSBL S-S WX SPD DR
================================================================================
1 30 14 22 3 43 0 0.00 M M 2.8 14 330 M M 10 19 330
2 27 2 15 -4 50 0 0.00 M M 1.5 7 300 M M 2 8 300
3 21 -5 8 -11 57 0 0.00 M M 2.4 7 10 M M 3 8 20
4 32 1 17 -2 48 0 0.00 M M 2.6 9 20 M M 3 15 340
5 30 0 15 -4 50 0 0.06 M M 2.0 8 290 M M 8 12 9 300
6 33 9 21 2 44 0 0.00 M M 1.4 9 170 M M 9 128 10 170
7 28 1 15 -5 50 0 0.00 M M 2.0 8 200 M M 2 128 10 200
8 37 8 23 3 42 0 0.00 M M 5.8 20 180 M M 2 25 170
9 35 9 22 2 43 0 0.00 M M 4.0 18 210 M M 5 8 24 210
10 33 6 20 0 45 0 0.00 M M 2.3 8 160 M M 0 8 12 30
11 30 7 19 -1 46 0 0.00 M M 1.6 10 160 M M 3 11 160
12 41 5 23 3 42 0 0.00 M M 2.1 9 170 M M 4 11 170
13 37 15 26 6 39 0 0.00 M M 3.9 9 120 M M 1 15 110
14 43 28 36 16 29 0 T M M 2.7 14 190 M M 8 18 170
15 36 25 31 11 34 0 0.01 M M 1.4 7 200 M M 9 1 9 10
16 31 13 22 2 43 0 0.16 M M 1.9 9 140 M M 9 12 9 140
17 28 8 18 -2 47 0 T M M 3.0 7 290 M M 9 12 10 310
18 21 -5 8 -12 57 0 0.00 M M 1.9 8 160 M M 2 128 10 160
19 25 2 14 -6 51 0 T M M 1.7 9 290 M M 10 1 12 270
20 25 -3 11 -9 54 0 0.00 M M 2.6 8 310 M M 2 10 320
21 24 0 12 -8 53 0 0.00 M M 3.1 8 200 M M 2 11 340
22 27 -1 13 -7 52 0 0.01 M M 4.3 14 340 M M 10 18 19 340
23 24 -2 11 -9 54 0 T M M 3.7 9 340 M M 6 12 12 340
24 31 -9 11 -9 54 0 0.05 M M 3.5 17 310 M M 5 1 27 310
25 28 15 22 2 43 0 0.01 M M 2.0 8 160 M M 10 1 8 160
26 39 14 27 7 38 0 0.03 M M 5.3 20 310 M M 10 1 28 310
27 33 24 29 9 36 0 0.08 M M 6.1 16 310 M M 10 12 22 290
28 24 -15 5 -15 60 0 0.03 M M 9.6 24 20 M M 10 18 37 10
29 -7 -31 -19 -39 84 0 T M M 3.0 8 130 M M 2 18 9 130
30 -3 -36 -19 -39 84 0 T M M 2.5 8 150 M M 2 18 9 150
31 25 -21 2 -18 63 0 T M M 2.1 10 270 M M 7 18 17 260
================================================================================
SM 868 78 1535 0 0.44 M 94.8 M 175
================================================================================
AV 28.0 2.5 3.1 FASTST M M 6 MAX(MPH)
MISC ----> 24 20 37 10
================================================================================
NOTES:
# LAST OF SEVERAL OCCURRENCES
COLUMN 17 PEAK WIND IN M.P.H.
PRELIMINARY LOCAL CLIMATOLOGICAL DATA (WS FORM: F-6) , PAGE 2
STATION: BUTTE MT
MONTH: JANUARY
YEAR: 2023
LATITUDE: 45 57 N
LONGITUDE: 112 30 W
[TEMPERATURE DATA] [PRECIPITATION DATA] SYMBOLS USED IN COLUMN 16
AVERAGE MONTHLY: 15.3 TOTAL FOR MONTH: 0.44 1 = FOG OR MIST
DPTR FM NORMAL: -4.7 DPTR FM NORMAL: 0.02 2 = FOG REDUCING VISIBILITY
HIGHEST: 43 ON 14 GRTST 24HR 0.18 ON 26-27 TO 1/4 MILE OR LESS
LOWEST: -36 ON 30 3 = THUNDER
SNOW, ICE PELLETS, HAIL 4 = ICE PELLETS
TOTAL MONTH: M 5 = HAIL
GRTST 24HR M ON M 6 = FREEZING RAIN OR DRIZZLE
GRTST DEPTH: M ON M 7 = DUSTSTORM OR SANDSTORM:
VSBY 1/2 MILE OR LESS
8 = SMOKE OR HAZE
[NO. OF DAYS WITH] [WEATHER - DAYS WITH] 9 = BLOWING SNOW
X = TORNADO
MAX 32 OR BELOW: 21 0.01 INCH OR MORE: 9
MAX 90 OR ABOVE: 0 0.10 INCH OR MORE: 1
MIN 32 OR BELOW: 31 0.50 INCH OR MORE: 0
MIN 0 OR BELOW: 12 1.00 INCH OR MORE: 0
[HDD (BASE 65) ]
TOTAL THIS MO. 1535 CLEAR (SCALE 0-3) 13
DPTR FM NORMAL 140 PTCLDY (SCALE 4-7) 7
TOTAL FM JUL 1 5377 CLOUDY (SCALE 8-10) 11
DPTR FM NORMAL 103
[CDD (BASE 65) ]
TOTAL THIS MO. 0
DPTR FM NORMAL 0 [PRESSURE DATA]
TOTAL FM JAN 1 0 HIGHEST SLP 30.81 ON 30
DPTR FM NORMAL 0 LOWEST SLP 29.48 ON 15
[REMARKS]
#FINAL-01-23#