000
CXUS54 KTSA 010950
CF6BVO
PRELIMINARY LOCAL CLIMATOLOGICAL DATA (WS FORM: F-6)
STATION: BARTLESVILLE OKLAHOMA
MONTH: NOVEMBER
YEAR: 2021
LATITUDE: 36 45 N
LONGITUDE: 96 0 W
TEMPERATURE IN F: :PCPN: SNOW: WIND :SUNSHINE: SKY :PK WND
================================================================================
1 2 3 4 5 6A 6B 7 8 9 10 11 12 13 14 15 16 17 18
12Z AVG MX 2MIN
DY MAX MIN AVG DEP HDD CDD WTR SNW DPTH SPD SPD DIR MIN PSBL S-S WX SPD DR
================================================================================
1 48 40 44 -9 21 0 T 0.0 M 8.5 15 60 M M 8 21 70
2 47 40 44 -8 21 0 0.20 0.0 M 6.8 13 30 M M 10 1 18 60
3 52 42 47 -5 18 0 0.02 0.0 M 2.1 8 120 M M 10 11 130
4 60 32 46 -6 19 0 0.00 0.0 M 2.0 10 130 M M 6 1 15 200
5 60 30 45 -6 20 0 0.00 0.0 M 4.0 15 150 M M 2 12 20 160
6 67 31 49 -2 16 0 0.00 0.0 M 4.5 14 210 M M 0 1 18 210
7 76 33 55 5 10 0 0.00 0.0 M 7.9 18 170 M M 0 1 28 180
8 78 47 63 13 2 0 0.00 0.0 M 8.3 21 160 M M 0 31 190
9 74 51 63 13 2 0 0.00 0.0 M 2.4 9 220 M M 5 14 230
10 67 53 60 11 5 0 0.83 0.0 M 9.7 20 170 M M 10 13 28 170
11 64 38 51 2 14 0 0.00 0.0 M 4.6 14 270 M M 2 23 260
12 54 29 42 -7 23 0 0.25 0.0 M 5.8 17 320 M M 3 1 29 280
13 57 25 41 -7 24 0 0.00 0.0 M 2.9 14 170 M M 0 21 190
14 63 34 49 1 16 0 0.00 0.0 M 3.1 16 10 M M 0 22 360
15 73 33 53 6 12 0 0.00 0.0 M 6.0 17 210 M M 0 26 230
16 77 37 57 10 8 0 0.00 0.0 M 8.8 23 170 M M 1 12 34 170
17 68 40 54 7 11 0 0.00 0.0 M 10.4 28 20 M M 5 1 40 10
18 56 24 40 -6 25 0 0.00 0.0 M 1.5 12 10 M M 0 17 20
19 56 20 38 -8 27 0 0.00 0.0 M 7.9 24 160 M M 0 33 160
20 62 40 51 6 14 0 0.00 0.0 M 5.8 15 150 M M 0 20 160
21 64 35 50 5 15 0 0.00 0.0 M 5.0 20 20 M M 2 25 10
22 61 26 44 -1 21 0 0.00 0.0 M 2.7 12 220 M M 0 18 200
23 71 26 49 5 16 0 0.00 0.0 M 8.3 20 180 M M 0 1 31 180
24 68 47 58 14 7 0 T 0.0 M 11.7 26 180 M M 2 40 180
25 51 22 37 -7 28 0 0.00 0.0 M 6.0 22 10 M M 0 31 360
26 63 19 41 -2 24 0 0.00 0.0 M 6.2 16 190 M M 0 25 190
27 71 27 49 6 16 0 0.00 0.0 M 2.7 12 230 M M 0 16 220
28 59 30 45 3 20 0 0.00 0.0 M 1.7 10 30 M M 0 18 15 50
29 71 28 50 8 15 0 0.00 0.0 M 3.1 13 170 M M 0 21 220
30 69 30 50 8 15 0 0.00 0.0 M 2.9 15 30 M M 0 22 40
================================================================================
SM 1907 1009 485 0 1.30 0.0 163.3 M 66
================================================================================
AV 63.6 33.6 5.4 FASTST M M 2 MAX(MPH)
MISC ----> 28 20 # 40 10
================================================================================
NOTES:
# LAST OF SEVERAL OCCURRENCES
COLUMN 17 PEAK WIND IN M.P.H.
PRELIMINARY LOCAL CLIMATOLOGICAL DATA (WS FORM: F-6) , PAGE 2
STATION: BARTLESVILLE OKLAHOMA
MONTH: NOVEMBER
YEAR: 2021
LATITUDE: 36 45 N
LONGITUDE: 96 0 W
[TEMPERATURE DATA] [PRECIPITATION DATA] SYMBOLS USED IN COLUMN 16
AVERAGE MONTHLY: 48.6 TOTAL FOR MONTH: 1.30 1 = FOG OR MIST
DPTR FM NORMAL: 1.4 DPTR FM NORMAL: -1.06 2 = FOG REDUCING VISIBILITY
HIGHEST: 78 ON 8 GRTST 24HR 0.83 ON 10-10 TO 1/4 MILE OR LESS
LOWEST: 19 ON 26 3 = THUNDER
SNOW, ICE PELLETS, HAIL 4 = ICE PELLETS
TOTAL MONTH: 0.0 INCH 5 = HAIL
GRTST 24HR 0.0 6 = FREEZING RAIN OR DRIZZLE
GRTST DEPTH: M ON M 7 = DUSTSTORM OR SANDSTORM:
VSBY 1/2 MILE OR LESS
8 = SMOKE OR HAZE
[NO. OF DAYS WITH] [WEATHER - DAYS WITH] 9 = BLOWING SNOW
X = TORNADO
MAX 32 OR BELOW: 0 0.01 INCH OR MORE: 4
MAX 90 OR ABOVE: 0 0.10 INCH OR MORE: 3
MIN 32 OR BELOW: 15 0.50 INCH OR MORE: 1
MIN 0 OR BELOW: 0 1.00 INCH OR MORE: 0
[HDD (BASE 65) ]
TOTAL THIS MO. 485 CLEAR (SCALE 0-3) 23
DPTR FM NORMAL -52 PTCLDY (SCALE 4-7) 4
TOTAL FM JUL 1 622 CLOUDY (SCALE 8-10) 3
DPTR FM NORMAL -174
[CDD (BASE 65) ]
TOTAL THIS MO. 0
DPTR FM NORMAL -3 [PRESSURE DATA]
TOTAL FM JAN 1 1761 HIGHEST SLP 30.59 ON 18
DPTR FM NORMAL 73 LOWEST SLP 29.65 ON 16
[REMARKS]
#FINAL-11-21#