000
CXUS53 KLMK 030406
CF6BWG
PRELIMINARY LOCAL CLIMATOLOGICAL DATA (WS FORM: F-6)
STATION: BOWLING GREEN KY
MONTH: NOVEMBER
YEAR: 2020
LATITUDE: 36 58 N
LONGITUDE: 86 26 W
TEMPERATURE IN F: :PCPN: SNOW: WIND :SUNSHINE: SKY :PK WND
================================================================================
1 2 3 4 5 6A 6B 7 8 9 10 11 12 13 14 15 16 17 18
12Z AVG MX 2MIN
DY MAX MIN AVG DEP HDD CDD WTR SNW DPTH SPD SPD DIR MIN PSBL S-S WX SPD DR
================================================================================
1 59 36 48 -6 17 0 0.00 0.0 0 8.5 24 280 M M 1 38 290
2 53 30 42 -11 23 0 0.00 0.0 0 2.0 10 230 M M 0 16 230
3 66 34 50 -3 15 0 0.00 0.0 0 3.4 13 220 M M 0 18 210
4 72 38 55 2 10 0 0.00 0.0 0 3.5 14 200 M M 0 20 190
5 70 43 57 5 8 0 0.00 0.0 0 2.8 13 200 M M 0 17 190
6 73 39 56 4 9 0 0.00 0.0 0 0.6 7 90 M M 0 1 10 80
7 78 42 60 8 5 0 0.00 0.0 0 1.7 10 100 M M 2 1 13 80
8 82 52 67 16 0 2 0.00 0.0 0 3.7 16 160 M M 1 21 160
9 81 53 67 16 0 2 0.00 0.0 0 3.6 18 180 M M 4 24 170
10 80 56 68 17 0 3 0.41 0.0 0 7.5 22 170 M M 9 1 31 170
11 70 46 58 8 7 0 0.08 0.0 0 4.6 12 300 M M 9 1 22 350
12 62 38 50 0 15 0 0.00 0.0 0 3.7 14 50 M M 0 18 50
13 61 38 50 0 15 0 0.00 0.0 0 3.5 12 280 M M 2 18 310
14 67 35 51 2 14 0 0.01 0.0 0 5.9 24 180 M M 6 1 37 180
15 67 43 55 6 10 0 0.36 0.0 0 15.2 33 190 M M 4 1 50 180
16 59 33 46 -2 19 0 0.00 0.0 0 4.7 14 200 M M 0 19 230
17 52 33 43 -5 22 0 0.00 0.0 0 6.8 15 290 M M 0 22 310
18 56 29 43 -5 22 0 0.00 0.0 0 3.0 14 130 M M 0 18 120
19 67 34 51 4 14 0 0.00 0.0 0 10.1 24 200 M M 0 34 190
20 68 45 57 10 8 0 0.00 0.0 0 7.0 20 220 M M 5 26 200
21 70 47 59 13 6 0 0.00 0.0 0 1.4 7 210 M M 6 9 210
22 62 39 51 5 14 0 0.02 0.0 0 7.6 18 230 M M 8 128 26 240
23 55 34 45 -1 20 0 0.00 0.0 0 1.2 8 300 M M 2 13 290
24 59 36 48 3 17 0 0.00 0.0 0 6.9 20 190 M M 1 29 170
25 66 50 58 13 7 0 0.22 0.0 0 13.9 29 190 M M 7 41 190
26 53 46 50 6 15 0 0.00 0.0 0 4.3 8 250 M M 10 M M
27 58 35 47 3 18 0 T 0.0 0 0.9 6 340 M M 6 12 10 320
28 53 33 43 -1 22 0 0.00 0.0 0 1.5 7 80 M M 1 1 13 340
29 51 30 41 -2 24 0 0.33 0.0 0 1.8 12 340 M M 4 1 20 340
30 41 31 36 -7 29 0 0.46 T 0 8.8 17 310 M M 10 1 29 320
================================================================================
SM 1911 1178 405 7 1.89 T 150.1 M 98
================================================================================
AV 63.7 39.3 5.0 FASTST M M 3 MAX(MPH)
MISC ----> 33 190 50 180
================================================================================
NOTES:
# LAST OF SEVERAL OCCURRENCES
COLUMN 17 PEAK WIND IN M.P.H.
PRELIMINARY LOCAL CLIMATOLOGICAL DATA (WS FORM: F-6) , PAGE 2
STATION: BOWLING GREEN KY
MONTH: NOVEMBER
YEAR: 2020
LATITUDE: 36 58 N
LONGITUDE: 86 26 W
[TEMPERATURE DATA] [PRECIPITATION DATA] SYMBOLS USED IN COLUMN 16
AVERAGE MONTHLY: 51.5 TOTAL FOR MONTH: 1.89 1 = FOG OR MIST
DPTR FM NORMAL: 3.1 DPTR FM NORMAL: -2.33 2 = FOG REDUCING VISIBILITY
HIGHEST: 82 ON 8 GRTST 24HR 0.79 ON 29-30 TO 1/4 MILE OR LESS
LOWEST: 29 ON 18 3 = THUNDER
SNOW, ICE PELLETS, HAIL 4 = ICE PELLETS
TOTAL MONTH: T 5 = HAIL
GRTST 24HR T ON 30-30 6 = FREEZING RAIN OR DRIZZLE
GRTST DEPTH: 0 7 = DUSTSTORM OR SANDSTORM:
VSBY 1/2 MILE OR LESS
8 = SMOKE OR HAZE
[NO. OF DAYS WITH] [WEATHER - DAYS WITH] 9 = BLOWING SNOW
X = TORNADO
MAX 32 OR BELOW: 0 0.01 INCH OR MORE: 8
MAX 90 OR ABOVE: 0 0.10 INCH OR MORE: 5
MIN 32 OR BELOW: 4 0.50 INCH OR MORE: 0
MIN 0 OR BELOW: 0 1.00 INCH OR MORE: 0
[HDD (BASE 65) ]
TOTAL THIS MO. 405 CLEAR (SCALE 0-3) 17
DPTR FM NORMAL -95 PTCLDY (SCALE 4-7) 9
TOTAL FM JUL 1 619 CLOUDY (SCALE 8-10) 4
DPTR FM NORMAL -144
[CDD (BASE 65) ]
TOTAL THIS MO. 7
DPTR FM NORMAL 4 [PRESSURE DATA]
TOTAL FM JAN 1 1638 HIGHEST SLP 30.65 ON 18
DPTR FM NORMAL 147 LOWEST SLP 29.66 ON 15
[REMARKS]
#FINAL-11-20#