000
CXUS55 KRIW 011010
CF6BYG
PRELIMINARY LOCAL CLIMATOLOGICAL DATA (WS FORM: F-6)
STATION: BUFFALO WY
MONTH: APRIL
YEAR: 2023
LATITUDE: 44 22 N
LONGITUDE: 106 43 W
TEMPERATURE IN F: :PCPN: SNOW: WIND :SUNSHINE: SKY :PK WND
================================================================================
1 2 3 4 5 6A 6B 7 8 9 10 11 12 13 14 15 16 17 18
12Z AVG MX 2MIN
DY MAX MIN AVG DEP HDD CDD WTR SNW DPTH SPD SPD DIR MIN PSBL S-S WX SPD DR
================================================================================
1 53 25 39 -1 26 0 0.00 M M 8.8 35 220 M M 1 1 43 230
2 46 28 37 -3 28 0 T M M 9.8 36 340 M M 5 1 49 340
3 36 26 31 -9 34 0 0.10 M M 5.2 13 150 M M 8 18 16 150
4 26 17 22 -19 43 0 0.06 M M 20.0 32 340 M M 10 12 41 350
5 27 13 20 -21 45 0 T M M 8.9 30 350 M M 5 18 34 340
6 41 21 31 -10 34 0 0.00 M M 7.7 16 140 M M 0 20 160
7 53 26 40 -1 25 0 0.00 M M 5.0 20 210 M M 0 26 210
8 55 37 46 5 19 0 0.00 M M 7.6 26 260 M M 1 40 270
9 59 36 48 7 17 0 0.00 M M 6.8 14 360 M M 0 19 160
10 75 41 58 16 7 0 0.00 M M 10.3 21 150 M M 0 27 130
11 78 47 63 21 2 0 0.00 M M 10.6 28 240 M M 0 40 220
12 63 39 51 9 14 0 0.00 M M 10.5 23 330 M M 1 34 330
13 51 31 41 -1 24 0 0.00 M M 15.6 31 350 M M 4 40 360
14 40 27 34 -8 31 0 0.00 M M 12.4 23 350 M M 7 32 360
15 47 27 37 -5 28 0 0.00 M M 9.2 21 350 M M 5 29 350
16 62 27 45 2 20 0 0.00 M M 5.6 17 150 M M 0 26 160
17 70 48 59 16 6 0 0.00 M M 7.5 26 260 M M 1 32 250
18 55 32 44 1 21 0 0.19 M M 9.5 26 350 M M 5 1 34 350
19 44 30 37 -6 28 0 T M M 12.7 31 350 M M 7 1 43 350
20 39 22 31 -13 34 0 T M M 21.5 39 350 M M 10 1 53 350
21 35 21 28 -16 37 0 T M M 14.6 28 360 M M 9 34 350
22 40 22 31 -13 34 0 T M M 4.1 17 320 M M 10 23 330
23 54 28 41 -3 24 0 0.00 M M 6.5 15 140 M M 3 21 130
24 63 31 47 2 18 0 0.00 M M 5.5 14 170 M M 2 19 160
25 59 36 48 3 17 0 0.00 M M 7.3 18 350 M M 5 24 360
26 60 38 49 4 16 0 0.00 M M 9.9 26 360 M M 1 34 340
27 57 33 45 -1 20 0 0.37 M M 20.7 43 330 M M 8 1 59 340
28 61 30 46 0 19 0 0.00 M M 12.7 25 360 M M 3 35 360
29 67 43 55 9 10 0 0.00 M M 10.3 20 340 M M 4 27 350
30 65 35 50 4 15 0 0.00 M M 5.6 12 110 M M 0 18 120
================================================================================
SM 1581 917 696 0 0.72 M 302.4 M 115
================================================================================
AV 52.7 30.6 10.1 FASTST M M 4 MAX(MPH)
MISC ----> 43 330 59 340
================================================================================
NOTES:
# LAST OF SEVERAL OCCURRENCES
COLUMN 17 PEAK WIND IN M.P.H.
PRELIMINARY LOCAL CLIMATOLOGICAL DATA (WS FORM: F-6) , PAGE 2
STATION: BUFFALO WY
MONTH: APRIL
YEAR: 2023
LATITUDE: 44 22 N
LONGITUDE: 106 43 W
[TEMPERATURE DATA] [PRECIPITATION DATA] SYMBOLS USED IN COLUMN 16
AVERAGE MONTHLY: 41.6 TOTAL FOR MONTH: 0.72 1 = FOG OR MIST
DPTR FM NORMAL: -1.3 DPTR FM NORMAL: -0.74 2 = FOG REDUCING VISIBILITY
HIGHEST: 78 ON 11 GRTST 24HR 0.37 ON 27-27 TO 1/4 MILE OR LESS
LOWEST: 13 ON 5 3 = THUNDER
SNOW, ICE PELLETS, HAIL 4 = ICE PELLETS
TOTAL MONTH: M 5 = HAIL
GRTST 24HR M ON M 6 = FREEZING RAIN OR DRIZZLE
GRTST DEPTH: M ON M 7 = DUSTSTORM OR SANDSTORM:
VSBY 1/2 MILE OR LESS
8 = SMOKE OR HAZE
[NO. OF DAYS WITH] [WEATHER - DAYS WITH] 9 = BLOWING SNOW
X = TORNADO
MAX 32 OR BELOW: 2 0.01 INCH OR MORE: 4
MAX 90 OR ABOVE: 0 0.10 INCH OR MORE: 3
MIN 32 OR BELOW: 19 0.50 INCH OR MORE: 0
MIN 0 OR BELOW: 0 1.00 INCH OR MORE: 0
[HDD (BASE 65) ]
TOTAL THIS MO. 696 CLEAR (SCALE 0-3) 15
DPTR FM NORMAL 31 PTCLDY (SCALE 4-7) 10
TOTAL FM JUL 1 6711 CLOUDY (SCALE 8-10) 5
DPTR FM NORMAL -14
[CDD (BASE 65) ]
TOTAL THIS MO. 0
DPTR FM NORMAL 0 [PRESSURE DATA]
TOTAL FM JAN 1 0 HIGHEST SLP 30.34 ON 22
DPTR FM NORMAL 0 LOWEST SLP 29.38 ON 18
[REMARKS]
#FINAL-04-23#