000
CXUS55 KRIW 011110
CF6BYG
PRELIMINARY LOCAL CLIMATOLOGICAL DATA (WS FORM: F-6)
STATION: BUFFALO WY
MONTH: FEBRUARY
YEAR: 2022
LATITUDE: 44 22 N
LONGITUDE: 106 43 W
TEMPERATURE IN F: :PCPN: SNOW: WIND :SUNSHINE: SKY :PK WND
================================================================================
1 2 3 4 5 6A 6B 7 8 9 10 11 12 13 14 15 16 17 18
12Z AVG MX 2MIN
DY MAX MIN AVG DEP HDD CDD WTR SNW DPTH SPD SPD DIR MIN PSBL S-S WX SPD DR
================================================================================
1 22 6 14 -12 51 0 T M M 9.4 22 360 M M 7 18 29 360
2 9 -6 2 -24 63 0 T M M 12.7 31 340 M M 7 18 42 350
3 27 -5 11 -15 54 0 0.00 M M 5.2 12 250 M M 1 14 360
4 45 15 30 4 35 0 0.00 M M 5.7 20 170 M M 3 23 170
5 45 30 38 12 27 0 T M M 20.7 36 320 M M 7 18 49 340
6 41 23 32 6 33 0 T M M 8.1 28 320 M M 2 42 320
7 59 28 44 18 21 0 0.00 M M 9.1 37 350 M M 0 52 340
8 46 32 39 13 26 0 0.00 M M 13.7 31 340 M M 0 41 350
9 47 32 40 14 25 0 0.01 M M 10.5 36 330 M M 8 51 320
10 61 30 46 20 19 0 0.02 M M 14.6 41 320 M M 2 1 60 320
11 33 16 25 -1 40 0 0.01 M M 23.3 36 330 M M 7 1289 49 330
12 43 10 27 1 38 0 0.00 M M 9.3 28 320 M M 3 42 320
13 51 23 37 11 28 0 0.00 M M 7.9 28 350 M M 0 36 350
14 47 22 35 9 30 0 0.00 M M 4.9 12 240 M M 0 13 230
15 50 25 38 11 27 0 0.01 M M 13.5 32 340 M M 5 1 51 340
16 26 5 16 -11 49 0 0.18 M M 7.9 23 350 M M 9 1 27 350
17 37 4 21 -6 44 0 0.00 M M 7.4 23 330 M M 5 32 320
18 41 27 34 7 31 0 T M M 8.7 23 360 M M 9 12 35 320
19 54 19 37 9 28 0 0.00 M M 5.4 16 290 M M 2 12 20 270
20 51 9 30 2 35 0 0.02 M M 10.4 31 350 M M 3 1 41 330
21 9 -6 2 -26 63 0 0.01 M M 23.0 32 350 M M 9 18 43 350
22 -4 -14 -9 -37 74 0 T M M 9.5 20 360 M M 7 8 23 350
23 5 -14 -4 -33 69 0 T M M 15.0 30 160 M M 3 8 36 160
24 15 -6 5 -24 60 0 T M M 4.7 15 350 M M 2 19 340
25 20 4 12 -17 53 0 0.00 M M 6.8 14 170 M M 1 21 190
26 33 10 22 -8 43 0 0.00 M M 5.3 13 240 M M 0 15 250
27 50 24 37 7 28 0 0.00 M M 6.0 20 320 M M 0 27 320
28 58 34 46 16 19 0 0.00 M M 5.8 17 350 M M 2 23 340
================================================================================
SM 1021 377 1113 0 0.26 M 284.5 M 104
================================================================================
AV 36.5 13.5 10.2 FASTST M M 4 MAX(MPH)
MISC ----> 41 320 60 320
================================================================================
NOTES:
# LAST OF SEVERAL OCCURRENCES
COLUMN 17 PEAK WIND IN M.P.H.
PRELIMINARY LOCAL CLIMATOLOGICAL DATA (WS FORM: F-6) , PAGE 2
STATION: BUFFALO WY
MONTH: FEBRUARY
YEAR: 2022
LATITUDE: 44 22 N
LONGITUDE: 106 43 W
[TEMPERATURE DATA] [PRECIPITATION DATA] SYMBOLS USED IN COLUMN 16
AVERAGE MONTHLY: 25.0 TOTAL FOR MONTH: 0.26 1 = FOG OR MIST
DPTR FM NORMAL: -2.3 DPTR FM NORMAL: 0.02 2 = FOG REDUCING VISIBILITY
HIGHEST: 61 ON 10 GRTST 24HR 0.19 ON 15-16 TO 1/4 MILE OR LESS
LOWEST: -14 ON 23,22 3 = THUNDER
SNOW, ICE PELLETS, HAIL 4 = ICE PELLETS
TOTAL MONTH: M 5 = HAIL
GRTST 24HR M ON M 6 = FREEZING RAIN OR DRIZZLE
GRTST DEPTH: M ON M 7 = DUSTSTORM OR SANDSTORM:
VSBY 1/2 MILE OR LESS
8 = SMOKE OR HAZE
[NO. OF DAYS WITH] [WEATHER - DAYS WITH] 9 = BLOWING SNOW
X = TORNADO
MAX 32 OR BELOW: 9 0.01 INCH OR MORE: 7
MAX 90 OR ABOVE: 0 0.10 INCH OR MORE: 1
MIN 32 OR BELOW: 27 0.50 INCH OR MORE: 0
MIN 0 OR BELOW: 6 1.00 INCH OR MORE: 0
[HDD (BASE 65) ]
TOTAL THIS MO. 1113 CLEAR (SCALE 0-3) 17
DPTR FM NORMAL 56 PTCLDY (SCALE 4-7) 8
TOTAL FM JUL 1 4590 CLOUDY (SCALE 8-10) 3
DPTR FM NORMAL -569
[CDD (BASE 65) ]
TOTAL THIS MO. 0
DPTR FM NORMAL 0 [PRESSURE DATA]
TOTAL FM JAN 1 0 HIGHEST SLP 30.67 ON 22
DPTR FM NORMAL 0 LOWEST SLP 29.51 ON 20
[REMARKS]
#FINAL-02-22#