000
CXUS55 KPIH 012341 RRA
CF6BYI
PRELIMINARY LOCAL CLIMATOLOGICAL DATA (WS FORM: F-6)
STATION: BURLEY
MONTH: MAY
YEAR: 2023
LATITUDE: 42 32 N
LONGITUDE: 113 46 W
TEMPERATURE IN F: :PCPN: SNOW: WIND :SUNSHINE: SKY :PK WND
================================================================================
1 2 3 4 5 6A 6B 7 8 9 10 11 12 13 14 15 16 17 18
12Z AVG MX 2MIN
DY MAX MIN AVG DEP HDD CDD WTR SNW DPTH SPD SPD DIR MIN PSBL S-S WX SPD DR
================================================================================
1 84 47 66 15 0 1 0.00 M M 9.2 24 180 M M 0 34 170
2 77 46 62 10 3 0 0.00 M M 6.4 18 200 M M 0 29 190
3 79 43 61 9 4 0 0.00 M M 9.0 31 210 M M 0 8 41 210
4 65 46 56 4 9 0 0.40 M M 8.9 31 180 M M 4 138 43 180
5 61 40 51 -1 14 0 T M M 7.0 25 250 M M 6 33 250
6 58 40 49 -4 16 0 0.05 M M 6.2 28 190 M M 8 3 37 190
7 54 39 47 -6 18 0 T M M 5.4 15 280 M M 6 23 290
8 60 32 46 -8 19 0 0.04 M M 6.6 15 20 M M 4 1 22 10
9 58 37 48 -6 17 0 0.00 M M 6.9 23 290 M M 2 32 300
10 65 41 53 -1 12 0 0.00 M M 5.7 12 280 M M 1 18 280
11 69 35 52 -2 13 0 0.00 M M 7.7 15 250 M M 0 22 290
12 73 38 56 1 9 0 0.00 M M 3.6 13 320 M M 1 18 10
13 71 45 58 3 7 0 T M M 10.0 24 70 M M 3 33 80
14 70 51 61 5 4 0 T M M 8.7 24 90 M M 5 34 80
15 78 45 62 6 3 0 0.10 M M 7.6 36 200 M M 3 3 50 200
16 77 44 61 5 4 0 0.00 M M 6.9 28 210 M M 0 36 210
17 76 45 61 5 4 0 0.00 M M 5.7 17 330 M M 1 24 310
18 76 48 62 5 3 0 0.00 M M 4.4 10 30 M M 2 17 40
19 81 49 65 8 0 0 0.00 M M 5.2 14 80 M M 0 8 17 80
20 85 46 66 9 0 1 0.00 M M 3.2 15 360 M M 0 18 26 340
21 85 47 66 8 0 1 T M M 4.5 25 250 M M 0 39 240
22 76 51 64 6 1 0 0.00 M M 9.5 22 250 M M 1 33 260
23 74 44 59 1 6 0 0.08 M M 6.1 16 200 M M 5 3 22 200
24 71 49 60 2 5 0 M M M 6.1 31 260 M M 6 13 48 240
25 70 44 57 -1 8 0 M M M 4.1 24 80 M M 4 123 35 270
26 71 49 60 1 5 0 0.01 M M 6.3 22 260 M M 2 33 250
27 70 48 59 0 6 0 0.09 M M 7.6 23 260 M M 6 13 41 260
28 72 48 60 1 5 0 0.00 M M 5.4 15 240 M M 2 25 260
29 77 49 63 4 2 0 0.04 M M 3.8 25 180 M M 2 3 36 180
30 78 49 64 4 1 0 0.00 M M 4.8 25 190 M M 1 3 37 200
31 78 48 63 3 2 0 0.00 M M 7.2 24 230 M M 1 3 42 280
================================================================================
SM 2239 1383 200 3 0.81 M 199.7 M 76
================================================================================
AV 72.2 44.6 6.4 FASTST M M 2 MAX(MPH)
MISC ----> 36 200 50 200
================================================================================
NOTES:
# LAST OF SEVERAL OCCURRENCES
COLUMN 17 PEAK WIND IN M.P.H.
PRELIMINARY LOCAL CLIMATOLOGICAL DATA (WS FORM: F-6) , PAGE 2
STATION: BURLEY
MONTH: MAY
YEAR: 2023
LATITUDE: 42 32 N
LONGITUDE: 113 46 W
[TEMPERATURE DATA] [PRECIPITATION DATA] SYMBOLS USED IN COLUMN 16
AVERAGE MONTHLY: 58.4 TOTAL FOR MONTH: 0.81 1 = FOG OR MIST
DPTR FM NORMAL: 2.6 DPTR FM NORMAL: -0.88 2 = FOG REDUCING VISIBILITY
HIGHEST: 85 ON 21,20 GRTST 24HR 0.59 ON 23-24 TO 1/4 MILE OR LESS
LOWEST: 32 ON 8 3 = THUNDER
SNOW, ICE PELLETS, HAIL 4 = ICE PELLETS
TOTAL MONTH: M 5 = HAIL
GRTST 24HR M ON M 6 = FREEZING RAIN OR DRIZZLE
GRTST DEPTH: M ON M 7 = DUSTSTORM OR SANDSTORM:
VSBY 1/2 MILE OR LESS
8 = SMOKE OR HAZE
[NO. OF DAYS WITH] [WEATHER - DAYS WITH] 9 = BLOWING SNOW
X = TORNADO
MAX 32 OR BELOW: 0 0.01 INCH OR MORE: 8
MAX 90 OR ABOVE: 0 0.10 INCH OR MORE: 2
MIN 32 OR BELOW: 1 0.50 INCH OR MORE: 0
MIN 0 OR BELOW: 0 1.00 INCH OR MORE: 0
[HDD (BASE 65) ]
TOTAL THIS MO. 200 CLEAR (SCALE 0-3) 20
DPTR FM NORMAL -94 PTCLDY (SCALE 4-7) 10
TOTAL FM JUL 1 6651 CLOUDY (SCALE 8-10) 1
DPTR FM NORMAL 473
[CDD (BASE 65) ]
TOTAL THIS MO. 3
DPTR FM NORMAL -8 [PRESSURE DATA]
TOTAL FM JAN 1 3 HIGHEST SLP 30.22 ON 15
DPTR FM NORMAL -8 LOWEST SLP 29.41 ON 1
[REMARKS]
#FINAL-05-23#