000
CXUS55 KPIH 011100
CF6BYI
PRELIMINARY LOCAL CLIMATOLOGICAL DATA (WS FORM: F-6)
STATION: BURLEY
MONTH: MARCH
YEAR: 2023
LATITUDE: 42 32 N
LONGITUDE: 113 46 W
TEMPERATURE IN F: :PCPN: SNOW: WIND :SUNSHINE: SKY :PK WND
================================================================================
1 2 3 4 5 6A 6B 7 8 9 10 11 12 13 14 15 16 17 18
12Z AVG MX 2MIN
DY MAX MIN AVG DEP HDD CDD WTR SNW DPTH SPD SPD DIR MIN PSBL S-S WX SPD DR
================================================================================
1 33 24 29 -8 36 0 0.01 M M 8.6 17 260 M M 10 1 26 270
2 34 19 27 -11 38 0 0.00 M M 12.9 22 240 M M 4 30 200
3 34 19 27 -11 38 0 T M M 13.5 24 290 M M 5 1 37 250
4 32 18 25 -13 40 0 T M M 6.0 16 60 M M 7 1 21 50
5 36 22 29 -10 36 0 T M M 9.8 18 240 M M 5 1 27 270
6 35 15 25 -14 40 0 T M M 4.3 10 340 M M 3 18 280
7 35 13 24 -15 41 0 0.00 M M 7.5 15 80 M M 4 20 90
8 36 19 28 -12 37 0 T M M 8.0 16 80 M M 7 1 22 240
9 41 21 31 -9 34 0 0.07 M M 8.3 16 60 M M 4 1 22 70
10 50 26 38 -2 27 0 0.17 M M 19.5 46 200 M M 6 123 68 200
11 43 25 34 -6 31 0 0.00 M M 8.0 16 250 M M 3 20 250
12 40 25 33 -8 32 0 0.01 M M 9.1 16 50 M M 9 1 21 70
13 49 32 41 0 24 0 T M M 6.4 24 200 M M 8 32 200
14 55 39 47 6 18 0 T M M 14.5 38 190 M M 9 56 190
15 46 30 38 -4 27 0 T M M 19.5 32 250 M M 3 54 250
16 42 23 33 -9 32 0 0.00 M M 6.0 17 90 M M 0 24 60
17 42 22 32 -10 33 0 0.00 M M 10.5 17 50 M M 0 24 70
18 47 22 35 -7 30 0 0.00 M M 8.3 16 50 M M 0 22 70
19 54 24 39 -3 26 0 0.00 M M 11.6 18 220 M M 3 26 220
20 45 30 38 -5 27 0 0.03 M M 9.7 30 250 M M 8 1 51 250
21 46 32 39 -4 26 0 T M M 11.0 21 60 M M 8 29 60
22 43 29 36 -7 29 0 T M M 9.0 16 250 M M 9 1 23 90
23 45 33 39 -4 26 0 0.01 M M 9.9 18 290 M M 9 18 29 290
24 38 26 32 -11 33 0 T M M 17.1 30 290 M M 6 1 53 290
25 36 23 30 -14 35 0 T M M 16.0 26 260 M M 2 42 260
26 35 24 30 -14 35 0 T M M 14.3 22 260 M M 9 1 30 290
27 40 25 33 -11 32 0 T M M 7.8 17 240 M M 7 27 270
28 53 26 40 -4 25 0 T M M 8.7 23 60 M M 7 32 60
29 40 33 37 -7 28 0 T M M 10.9 23 80 M M 10 1 34 80
30 36 29 33 -11 32 0 0.02 M M 14.3 24 260 M M 9 12 35 280
31 43 33 38 -6 27 0 T M M 13.6 25 250 M M 8 1 36 250
================================================================================
SM 1284 781 975 0 0.32 M 334.6 M 182
================================================================================
AV 41.4 25.2 10.8 FASTST M M 6 MAX(MPH)
MISC ----> 46 200 68 200
================================================================================
NOTES:
# LAST OF SEVERAL OCCURRENCES
COLUMN 17 PEAK WIND IN M.P.H.
PRELIMINARY LOCAL CLIMATOLOGICAL DATA (WS FORM: F-6) , PAGE 2
STATION: BURLEY
MONTH: MARCH
YEAR: 2023
LATITUDE: 42 32 N
LONGITUDE: 113 46 W
[TEMPERATURE DATA] [PRECIPITATION DATA] SYMBOLS USED IN COLUMN 16
AVERAGE MONTHLY: 33.3 TOTAL FOR MONTH: 0.32 1 = FOG OR MIST
DPTR FM NORMAL: -8.1 DPTR FM NORMAL: -0.70 2 = FOG REDUCING VISIBILITY
HIGHEST: 55 ON 14 GRTST 24HR 0.24 ON 9-10 TO 1/4 MILE OR LESS
LOWEST: 13 ON 7 3 = THUNDER
SNOW, ICE PELLETS, HAIL 4 = ICE PELLETS
TOTAL MONTH: M 5 = HAIL
GRTST 24HR M ON M 6 = FREEZING RAIN OR DRIZZLE
GRTST DEPTH: M ON M 7 = DUSTSTORM OR SANDSTORM:
VSBY 1/2 MILE OR LESS
8 = SMOKE OR HAZE
[NO. OF DAYS WITH] [WEATHER - DAYS WITH] 9 = BLOWING SNOW
X = TORNADO
MAX 32 OR BELOW: 1 0.01 INCH OR MORE: 7
MAX 90 OR ABOVE: 0 0.10 INCH OR MORE: 1
MIN 32 OR BELOW: 27 0.50 INCH OR MORE: 0
MIN 0 OR BELOW: 0 1.00 INCH OR MORE: 0
[HDD (BASE 65) ]
TOTAL THIS MO. 975 CLEAR (SCALE 0-3) 8
DPTR FM NORMAL 245 PTCLDY (SCALE 4-7) 14
TOTAL FM JUL 1 5853 CLOUDY (SCALE 8-10) 9
DPTR FM NORMAL 504
[CDD (BASE 65) ]
TOTAL THIS MO. 0
DPTR FM NORMAL 0 [PRESSURE DATA]
TOTAL FM JAN 1 0 HIGHEST SLP 30.38 ON 27
DPTR FM NORMAL 0 LOWEST SLP 29.35 ON 10
[REMARKS]
#FINAL-03-23#