000
CXUS55 KPIH 011332
CF6BYI
PRELIMINARY LOCAL CLIMATOLOGICAL DATA (WS FORM: F-6)
STATION: BURLEY ID
MONTH: APRIL
YEAR: 2021
LATITUDE: 42 32 N
LONGITUDE: 113 46 W
TEMPERATURE IN F: :PCPN: SNOW: WIND :SUNSHINE: SKY :PK WND
================================================================================
1 2 3 4 5 6A 6B 7 8 9 10 11 12 13 14 15 16 17 18
12Z AVG MX 2MIN
DY MAX MIN AVG DEP HDD CDD WTR SNW DPTH SPD SPD DIR MIN PSBL S-S WX SPD DR
================================================================================
1 72 24 48 5 17 0 0.00 M M 10.1 23 200 M M 0 31 200
2 76 41 59 16 6 0 0.00 M M 8.2 23 210 M M 0 33 210
3 77 33 55 12 10 0 0.00 M M 2.3 12 290 M M 0 18 300
4 74 38 56 12 9 0 0.00 M M 5.1 17 270 M M 0 26 260
5 54 35 45 1 20 0 T M M 13.3 24 290 M M 6 37 260
6 56 32 44 0 21 0 0.01 M M 11.2 25 270 M M 3 1 38 250
7 69 25 47 3 18 0 0.00 M M 3.9 13 240 M M 1 19 260
8 55 34 45 1 20 0 0.00 M M 17.2 32 290 M M 0 52 290
9 59 21 40 -4 25 0 0.00 M M 4.3 13 180 M M 0 21 180
10 65 37 51 6 14 0 0.00 M M 15.3 25 260 M M 0 36 280
11 48 27 38 -7 27 0 0.00 M M 13.4 31 260 M M 0 40 260
12 54 22 38 -7 27 0 0.00 M M 7.4 17 60 M M 0 27 70
13 56 33 45 0 20 0 0.00 M M 20.6 31 60 M M 1 52 50
14 46 33 40 -6 25 0 0.23 M M 14.1 28 60 M M 9 1 41 60
15 46 34 40 -6 25 0 0.19 M M 4.7 13 90 M M 10 1 15 90
16 56 33 45 -1 20 0 0.00 M M 7.6 20 50 M M 8 30 50
17 60 28 44 -2 21 0 0.00 M M 6.4 15 60 M M 0 21 30
18 68 36 52 6 13 0 0.00 M M 9.9 21 260 M M 0 30 290
19 63 37 50 3 15 0 T M M 16.4 33 80 M M 3 1 59 300
20 57 28 43 -4 22 0 0.00 M M 11.5 22 80 M M 0 29 80
21 62 33 48 1 17 0 0.00 M M 7.7 15 70 M M 0 23 60
22 65 32 49 1 16 0 0.00 M M 11.1 24 260 M M 0 35 260
23 64 39 52 4 13 0 0.00 M M 10.4 22 250 M M 1 31 240
24 61 38 50 2 15 0 0.00 M M 6.2 21 250 M M 4 29 250
25 52 43 48 0 17 0 0.05 M M 8.4 17 250 M M 8 25 270
26 50 34 42 -6 23 0 T M M 9.0 20 230 M M 9 29 280
27 56 31 44 -5 21 0 T M M 6.3 15 230 M M 5 20 230
28 68 36 52 3 13 0 0.00 M M 11.5 20 250 M M 0 31 250
29 79 38 59 10 6 0 0.00 M M 4.9 12 200 M M 0 16 250
30 87 52 70 20 0 5 0.00 M M 7.2 16 200 M M 0 21 200
================================================================================
SM 1855 1007 516 5 0.48 M 285.6 M 68
================================================================================
AV 61.8 33.6 9.5 FASTST M M 2 MAX(MPH)
MISC ----> 33 80 59 300
================================================================================
NOTES:
# LAST OF SEVERAL OCCURRENCES
PRECIPITATION AMOUNTS ARE SUSPECT DURING FREEZING/FROZEN EVENTS
COLUMN 17 PEAK WIND IN M.P.H.
PRELIMINARY LOCAL CLIMATOLOGICAL DATA (WS FORM: F-6) , PAGE 2
STATION: BURLEY ID
MONTH: APRIL
YEAR: 2021
LATITUDE: 42 32 N
LONGITUDE: 113 46 W
[TEMPERATURE DATA] [PRECIPITATION DATA] SYMBOLS USED IN COLUMN 16
AVERAGE MONTHLY: 47.7 TOTAL FOR MONTH: 0.48 1 = FOG OR MIST
DPTR FM NORMAL: 1.6 DPTR FM NORMAL: -0.61 2 = FOG REDUCING VISIBILITY
HIGHEST: 87 ON 30 GRTST 24HR 0.37 ON 14-15 TO 1/4 MILE OR LESS
LOWEST: 21 ON 9 3 = THUNDER
SNOW, ICE PELLETS, HAIL 4 = ICE PELLETS
TOTAL MONTH: M 5 = HAIL
GRTST 24HR M ON M 6 = FREEZING RAIN OR DRIZZLE
GRTST DEPTH: M ON M 7 = DUSTSTORM OR SANDSTORM:
VSBY 1/2 MILE OR LESS
8 = SMOKE OR HAZE
[NO. OF DAYS WITH] [WEATHER - DAYS WITH] 9 = BLOWING SNOW
X = TORNADO
MAX 32 OR BELOW: 0 0.01 INCH OR MORE: 4
MAX 90 OR ABOVE: 0 0.10 INCH OR MORE: 2
MIN 32 OR BELOW: 10 0.50 INCH OR MORE: 0
MIN 0 OR BELOW: 0 1.00 INCH OR MORE: 0
[HDD (BASE 65) ]
TOTAL THIS MO. 516 CLEAR (SCALE 0-3) 21
DPTR FM NORMAL -53 PTCLDY (SCALE 4-7) 6
TOTAL FM JUL 1 5461 CLOUDY (SCALE 8-10) 3
DPTR FM NORMAL -926
[CDD (BASE 65) ]
TOTAL THIS MO. 5
DPTR FM NORMAL 5 [PRESSURE DATA]
TOTAL FM JAN 1 5 HIGHEST SLP 30.33 ON 29
DPTR FM NORMAL 5 LOWEST SLP 29.60 ON 26
[REMARKS]
3RD: HIGH OF 77 BREAKS OLD RECORD OF 76 SET IN 1921.
30TH: HIGH OF 87 BREAKS OLD RECORD OF 83 SET IN 1928.
#FINAL-04-21#