000
CXUS55 KPIH 011703
CF6BYI
PRELIMINARY LOCAL CLIMATOLOGICAL DATA (WS FORM: F-6)
STATION: BURLEY
MONTH: NOVEMBER
YEAR: 2023
LATITUDE: 42 32 N
LONGITUDE: 113 46 W
TEMPERATURE IN F: :PCPN: SNOW: WIND :SUNSHINE: SKY :PK WND
================================================================================
1 2 3 4 5 6A 6B 7 8 9 10 11 12 13 14 15 16 17 18
12Z AVG MX 2MIN
DY MAX MIN AVG DEP HDD CDD WTR SNW DPTH SPD SPD DIR MIN PSBL S-S WX SPD DR
================================================================================
1 56 28 42 -1 23 0 0.00 M M 1.9 7 250 M M 1 10 230
2 60 34 47 4 18 0 T M M 3.5 12 220 M M 8 21 260
3 61 36 49 7 16 0 0.00 M M 5.3 12 290 M M 5 18 19 290
4 61 30 46 4 19 0 0.11 M M 3.3 18 240 M M 4 12 26 240
5 58 44 51 9 14 0 0.06 M M 5.3 16 210 M M 5 21 200
6 60 39 50 9 15 0 0.10 M M 5.6 21 270 M M 7 1 32 260
7 48 36 42 1 23 0 0.02 M M 10.3 22 240 M M 6 32 270
8 45 28 37 -3 28 0 0.00 M M 11.1 21 250 M M 2 29 240
9 48 24 36 -4 29 0 0.00 M M 3.1 9 50 M M 0 13 40
10 52 29 41 1 24 0 0.00 M M 6.1 16 200 M M 2 22 220
11 57 28 43 4 22 0 0.00 M M 6.0 17 210 M M 1 23 210
12 63 25 44 5 21 0 0.00 M M 2.3 12 220 M M 0 15 220
13 59 34 47 9 18 0 0.00 M M 11.4 23 200 M M 0 31 210
14 62 25 44 6 21 0 0.00 M M 3.7 20 200 M M 0 8 26 200
15 65 28 47 9 18 0 0.00 M M 4.8 20 200 M M 0 23 210
16 58 35 47 10 18 0 0.00 M M 7.1 18 250 M M 2 26 230
17 58 26 42 5 23 0 0.00 M M 5.1 12 50 M M 0 16 40
18 55 32 44 7 21 0 T M M 6.9 20 200 M M 2 26 200
19 48 33 41 5 24 0 0.15 M M 18.2 33 260 M M 10 1 54 270
20 41 25 33 -3 32 0 0.00 M M 8.2 21 250 M M 3 34 260
21 47 21 34 -1 31 0 0.00 M M 5.1 15 80 M M 0 20 50
22 51 22 37 2 28 0 0.00 M M 3.2 9 280 M M 1 13 290
23 36 30 33 -2 32 0 0.89 M M 5.0 12 290 M M 10 12 16 260
24 30 26 28 -6 37 0 0.68 M M 5.5 12 280 M M 10 1 19 300
25 29 1 15 -19 50 0 0.00 M M 3.9 14 260 M M 6 128 19 260
26 21 -2 10 -24 55 0 T M M 3.3 10 80 M M 6 128 15 70
27 25 -8 9 -24 56 0 T M M 3.0 12 60 M M 4 128 16 40
28 28 3 16 -17 49 0 0.00 M M 8.4 21 60 M M 0 1 29 60
29 27 2 15 -18 50 0 0.00 M M 1.3 6 210 M M 1 18 8 310
30 28 11 20 -12 45 0 0.01 M M 0.8 6 160 M M 7 18 7 140
================================================================================
SM 1437 725 860 0 2.02 M 168.7 M 103
================================================================================
AV 47.9 24.2 5.6 FASTST M M 3 MAX(MPH)
MISC ----> 33 260 54 270
================================================================================
NOTES:
# LAST OF SEVERAL OCCURRENCES
COLUMN 17 PEAK WIND IN M.P.H.
PRELIMINARY LOCAL CLIMATOLOGICAL DATA (WS FORM: F-6) , PAGE 2
STATION: BURLEY
MONTH: NOVEMBER
YEAR: 2023
LATITUDE: 42 32 N
LONGITUDE: 113 46 W
[TEMPERATURE DATA] [PRECIPITATION DATA] SYMBOLS USED IN COLUMN 16
AVERAGE MONTHLY: 36.0 TOTAL FOR MONTH: 2.02 1 = FOG OR MIST
DPTR FM NORMAL: -1.6 DPTR FM NORMAL: 1.22 2 = FOG REDUCING VISIBILITY
HIGHEST: 65 ON 15 GRTST 24HR 1.49 ON 23-24 TO 1/4 MILE OR LESS
LOWEST: -8 ON 27 3 = THUNDER
SNOW, ICE PELLETS, HAIL 4 = ICE PELLETS
TOTAL MONTH: M 5 = HAIL
GRTST 24HR M ON M 6 = FREEZING RAIN OR DRIZZLE
GRTST DEPTH: M ON M 7 = DUSTSTORM OR SANDSTORM:
VSBY 1/2 MILE OR LESS
8 = SMOKE OR HAZE
[NO. OF DAYS WITH] [WEATHER - DAYS WITH] 9 = BLOWING SNOW
X = TORNADO
MAX 32 OR BELOW: 7 0.01 INCH OR MORE: 8
MAX 90 OR ABOVE: 0 0.10 INCH OR MORE: 5
MIN 32 OR BELOW: 22 0.50 INCH OR MORE: 2
MIN 0 OR BELOW: 2 1.00 INCH OR MORE: 0
[HDD (BASE 65) ]
TOTAL THIS MO. 860 CLEAR (SCALE 0-3) 16
DPTR FM NORMAL 36 PTCLDY (SCALE 4-7) 11
TOTAL FM JUL 1 1441 CLOUDY (SCALE 8-10) 3
DPTR FM NORMAL -66
[CDD (BASE 65) ]
TOTAL THIS MO. 0
DPTR FM NORMAL 0 [PRESSURE DATA]
TOTAL FM JAN 1 472 HIGHEST SLP 30.73 ON 21
DPTR FM NORMAL -20 LOWEST SLP 29.66 ON 6
[REMARKS]
BURLEY:
23RD: RAINFALL OF 0.89 BREAKS OLD RECORD OF 0.39 SET IN 1979.
24TH: RAINFALL OF 0.68 BREAKS OLD RECORD OF 0.47 SET IN 1984.
27TH: LOW OF -8 TIES OLD RECORD SET IN 1919.
#FINAL-11-23#