000
CXUS54 KHGX 011410
CF6BYY
PRELIMINARY LOCAL CLIMATOLOGICAL DATA (WS FORM: F-6)
STATION: Bay City
MONTH: JUNE
YEAR: 2023
LATITUDE: 28 58 N
LONGITUDE: 95 52 W
TEMPERATURE IN F: :PCPN: SNOW: WIND :SUNSHINE: SKY :PK WND
================================================================================
1 2 3 4 5 6A 6B 7 8 9 10 11 12 13 14 15 16 17 18
12Z AVG MX 2MIN
DY MAX MIN AVG DEP HDD CDD WTR SNW DPTH SPD SPD DIR MIN PSBL S-S WX SPD DR
================================================================================
1 86 68 77 M 0 12 0.00 0.0 0 6.5 13 140 M M 2 16 130
2 86 67 77 M 0 12 0.00 0.0 0 4.6 13 170 M M 2 1 17 150
3 88 69 79 M 0 14 0.00 0.0 0 4.9 12 200 M M 2 1 M M
4 85 66 76 M 0 11 0.40 0.0 0 4.5 16 20 M M 2 22 20
5 82 67 75 M 0 10 M 0.0 0 2.6 16 190 M M 5 8 16 70
6 84 65 75 M 0 10 0.00 0.0 0 2.5 7 160 M M 2 1 M M
7 88 66 77 M 0 12 0.00 0.0 0 2.6 12 170 M M 2 M M
8 90 70 80 M 0 15 0.00 0.0 0 3.6 9 180 M M 2 16 210
9 93 69 81 M 0 16 M 0.0 0 3.7 14 180 M M 1 1 22 180
10 91 71 81 M 0 16 M 0.0 0 7.8 21 80 M M 2 1 24 80
11 91 71 81 M 0 16 M 0.0 0 9.1 17 220 M M 2 25 220
12 90 73 82 M 0 17 M 0.0 0 7.1 13 170 M M 5 1 17 200
13 89 74 82 M 0 17 0.00 0.0 0 9.2 16 160 M M 6 1 23 160
14 90 78 84 M 0 19 0.00 0.0 0 10.9 18 180 M M 5 1 25 180
15 92 79 86 M 0 21 0.00 0.0 0 10.2 17 190 M M 6 1 22 170
16 91 78 85 M 0 20 M 0.0 0 9.1 15 190 M M 7 1 21 200
17 93 78 86 M 0 21 0.00 0.0 0 8.0 15 210 M M 4 1 21 210
18 93 79 86 M 0 21 0.00 0.0 0 12.2 22 200 M M 6 1 28 200
19 93 80 87 M 0 22 0.00 0.0 0 10.0 17 190 M M 5 1 25 210
20 94 82 88 M 0 23 0.00 0.0 0 11.8 16 190 M M 6 1 24 190
21 95 74 85 M 0 20 1.02 0.0 0 9.8 33 320 M M 4 18 39 320
22 92 74 83 M 0 18 0.00 0.0 0 8.2 14 210 M M 1 1 31 200
23 92 78 85 M 0 20 0.00 0.0 0 6.1 13 190 M M 4 1 18 190
24 92 77 85 M 0 20 M 0.0 M 8.2 15 180 M M 4 1 18 180
25 92 80 86 M 0 21 M 0.0 M 9.8 15 180 M M 5 20 220
26 92 77 85 M 0 20 0.00 0.0 0 9.2 15 190 M M 3 21 180
27 92 79 86 M 0 21 0.00 0.0 0 9.3 16 200 M M 5 20 210
28 93 78 86 M 0 21 0.00 0.0 0 7.5 13 170 M M 2 18 240
29 92 76 84 M 0 19 0.00 0.0 0 6.8 15 160 M M 2 1 18 180
30 93 74 84 M 0 19 0.00 0.0 0 6.9 15 180 M M 2 1 20 170
================================================================================
SM 2714 2217 0 524 1.42 0.0 222.7 M 106
================================================================================
AV 90.5 73.9 7.4 FASTST M M 4 MAX(MPH)
MISC ----> 33 320 39 320
================================================================================
NOTES:
# LAST OF SEVERAL OCCURRENCES
COLUMN 17 PEAK WIND IN M.P.H.
PRELIMINARY LOCAL CLIMATOLOGICAL DATA (WS FORM: F-6) , PAGE 2
STATION: Bay City
MONTH: JUNE
YEAR: 2023
LATITUDE: 28 58 N
LONGITUDE: 95 52 W
[TEMPERATURE DATA] [PRECIPITATION DATA] SYMBOLS USED IN COLUMN 16
AVERAGE MONTHLY: 82.2 TOTAL FOR MONTH: 1.42 1 = FOG OR MIST
DPTR FM NORMAL: 0.0 DPTR FM NORMAL: M 2 = FOG REDUCING VISIBILITY
HIGHEST: 95 ON 21 GRTST 24HR 1.02 ON 21-21 TO 1/4 MILE OR LESS
LOWEST: 65 ON 6 3 = THUNDER
SNOW, ICE PELLETS, HAIL 4 = ICE PELLETS
TOTAL MONTH: 0.0 INCH 5 = HAIL
GRTST 24HR 0.0 6 = FREEZING RAIN OR DRIZZLE
GRTST DEPTH: 0 7 = DUSTSTORM OR SANDSTORM:
VSBY 1/2 MILE OR LESS
8 = SMOKE OR HAZE
[NO. OF DAYS WITH] [WEATHER - DAYS WITH] 9 = BLOWING SNOW
X = TORNADO
MAX 32 OR BELOW: 0 0.01 INCH OR MORE: 2
MAX 90 OR ABOVE: 22 0.10 INCH OR MORE: 2
MIN 32 OR BELOW: 0 0.50 INCH OR MORE: 1
MIN 0 OR BELOW: 0 1.00 INCH OR MORE: 1
[HDD (BASE 65) ]
TOTAL THIS MO. 0 CLEAR (SCALE 0-3) 15
DPTR FM NORMAL M PTCLDY (SCALE 4-7) 15
TOTAL FM JUL 1 1013 CLOUDY (SCALE 8-10) 0
DPTR FM NORMAL M
[CDD (BASE 65) ]
TOTAL THIS MO. 524
DPTR FM NORMAL M [PRESSURE DATA]
TOTAL FM JAN 1 1304 HIGHEST SLP M ON M
DPTR FM NORMAL M LOWEST SLP M ON M
[REMARKS]
#FINAL-06-23#