000
CXUS56 KTFX 241828
CF6BZN
PRELIMINARY LOCAL CLIMATOLOGICAL DATA (WS FORM: F-6)
STATION: BOZEMAN/GALLATIN FIELD MT
MONTH: FEBRUARY
YEAR: 2024
LATITUDE: 45 46 N
LONGITUDE: 111 9 W
TEMPERATURE IN F: :PCPN: SNOW: WIND :SUNSHINE: SKY :PK WND
================================================================================
1 2 3 4 5 6A 6B 7 8 9 10 11 12 13 14 15 16 17 18
12Z AVG MX 2MIN
DY MAX MIN AVG DEP HDD CDD WTR SNW DPTH SPD SPD DIR MIN PSBL S-S WX SPD DR
================================================================================
1 51 18 35 13 30 0 0.00 0.0 0 2.7 15 150 M M 0 17 160
2 45 30 38 16 27 0 0.00 0.0 0 3.2 9 130 M M 5 11 170
3 39 32 36 14 29 0 0.29 3.0 0 2.3 12 290 M M 10 12 16 290
4 33 8 21 -1 44 0 0.17 2.0 4 3.7 10 250 M M 9 12 14 230
5 35 15 25 3 40 0 T T 5 3.8 12 150 M M 4 128 14 240
6 35 16 26 4 39 0 0.03 0.4 5 1.8 15 320 M M 9 128 20 320
7 36 29 33 10 32 0 0.12 1.4 6 3.3 10 290 M M 10 12 13 280
8 33 13 23 0 42 0 T T 5 2.0 7 260 M M 9 128 10 250
9 31 16 24 1 41 0 0.01 0.3 5 4.2 10 250 M M 10 128 14 260
10 31 16 24 1 41 0 T 0.3 5 2.7 9 240 M M 6 1 11 240
11 37 16 27 4 38 0 T T 6 1.5 7 300 M M 9 1 9 280
12 38 24 31 8 34 0 T T 4 4.0 14 60 M M 10 18 16 320
13 40 21 31 8 34 0 0.00 0.0 4 4.3 20 330 M M 8 24 330
14 25 18 22 -2 43 0 0.01 0.5 4 3.6 10 340 M M 10 1 12 250
15 21 14 18 -6 47 0 0.12 3.5 6 5.3 10 330 M M 10 1 13 330
16 18 -8 5 -19 60 0 T T 8 2.3 14 340 M M 6 18 19 340
17 15 -15 0 -24 65 0 0.00 0.0 6 2.6 9 80 M M 0 18 10 80
18 30 -4 13 -11 52 0 T T 6 2.5 10 190 M M 6 1 11 190
19 38 15 27 2 38 0 0.00 0.0 5 3.6 13 70 M M 5 128 15 80
20 47 17 32 7 33 0 0.00 0.0 4 3.8 16 260 M M 6 22 280
21 45 20 33 8 32 0 0.00 0.0 4 4.3 12 150 M M 3 13 140
22 44 23 34 8 31 0 0.00 0.0 3 3.5 10 300 M M 9 19 300
23 44 19 32 6 33 0 0.00 0.0 2 4.4 17 250 M M 1 24 250
24 47 30 39 13 26 0 0.00 0.0 1 13.1 26 240 M M 6 38 240
25 52 43 48 21 17 0 0.00 0.0 0 16.3 28 220 M M 10 37 220
26 50 12 31 4 34 0 0.17 5.5 0 13.7 32 230 M M 8 128 44 220
27 19 -1 9 -18 56 0 0.01 0.8 6 4.5 15 340 M M 5 1 19 340
28 43 8 26 -2 39 0 0.00 0.0 6 5.7 20 230 M M 5 27 220
29 51 27 39 11 26 0 0.00 0.0 2 6.5 24 220 M M 2 33 220
================================================================================
SM 1073 472 1103 0 0.93 17.7 135.2 M 191
================================================================================
AV 37.0 16.3 4.7 FASTST M M 7 MAX(MPH)
MISC ----> 32 230 44 220
================================================================================
NOTES:
# LAST OF SEVERAL OCCURRENCES
COLUMN 17 PEAK WIND IN M.P.H.
PRELIMINARY LOCAL CLIMATOLOGICAL DATA (WS FORM: F-6) , PAGE 2
STATION: BOZEMAN/GALLATIN FIELD MT
MONTH: FEBRUARY
YEAR: 2024
LATITUDE: 45 46 N
LONGITUDE: 111 9 W
[TEMPERATURE DATA] [PRECIPITATION DATA] SYMBOLS USED IN COLUMN 16
AVERAGE MONTHLY: 26.6 TOTAL FOR MONTH: 0.93 1 = FOG OR MIST
DPTR FM NORMAL: 2.4 DPTR FM NORMAL: 0.51 2 = FOG REDUCING VISIBILITY
HIGHEST: 52 ON 25 GRTST 24HR 0.44 ON 3- 4 TO 1/4 MILE OR LESS
LOWEST: -15 ON 17 3 = THUNDER
SNOW, ICE PELLETS, HAIL 4 = ICE PELLETS
TOTAL MONTH: 17.7 INCHES 5 = HAIL
GRTST 24HR 5.5 ON 26-26 6 = FREEZING RAIN OR DRIZZLE
GRTST DEPTH: 8 ON 16 7 = DUSTSTORM OR SANDSTORM:
VSBY 1/2 MILE OR LESS
8 = SMOKE OR HAZE
[NO. OF DAYS WITH] [WEATHER - DAYS WITH] 9 = BLOWING SNOW
X = TORNADO
MAX 32 OR BELOW: 8 0.01 INCH OR MORE: 9
MAX 90 OR ABOVE: 0 0.10 INCH OR MORE: 5
MIN 32 OR BELOW: 28 0.50 INCH OR MORE: 0
MIN 0 OR BELOW: 4 1.00 INCH OR MORE: 0
[HDD (BASE 65) ]
TOTAL THIS MO. 1103 CLEAR (SCALE 0-3) 5
DPTR FM NORMAL -41 PTCLDY (SCALE 4-7) 12
TOTAL FM JUL 1 5525 CLOUDY (SCALE 8-10) 12
DPTR FM NORMAL -525
[CDD (BASE 65) ]
TOTAL THIS MO. 0
DPTR FM NORMAL 0 [PRESSURE DATA]
TOTAL FM JAN 1 0 HIGHEST SLP 30.76 ON 17
DPTR FM NORMAL 0 LOWEST SLP 29.30 ON 26
[REMARKS]
#FINAL-02-24#