000
CXUS55 KGJT 010910
CF6CAG
PRELIMINARY LOCAL CLIMATOLOGICAL DATA (WS FORM: F-6)
STATION: CRAIG CO
MONTH: JULY
YEAR: 2021
LATITUDE: 40 30 N
LONGITUDE: 107 32 W
TEMPERATURE IN F: :PCPN: SNOW: WIND :SUNSHINE: SKY :PK WND
================================================================================
1 2 3 4 5 6A 6B 7 8 9 10 11 12 13 14 15 16 17 18
12Z AVG MX 2MIN
DY MAX MIN AVG DEP HDD CDD WTR SNW DPTH SPD SPD DIR MIN PSBL S-S WX SPD DR
================================================================================
1 83 50 67 2 0 2 0.02 M M 5.8 18 180 M M 1 3 26 280
2 90 47 69 3 0 4 0.00 M M 5.8 32 200 M M 0 3 42 200
3 93 48 71 5 0 6 0.00 M M 6.0 17 250 M M 1 25 250
4 96 49 73 7 0 8 0.00 M M 3.4 17 340 M M 0 22 280
5 93 50 72 6 0 7 T M M 6.0 23 360 M M 2 3 35 330
6 89 50 70 3 0 5 0.00 M M 5.9 18 350 M M 0 26 340
7 95 47 71 4 0 6 0.00 M M 3.1 15 290 M M 0 20 290
8 101 51 76 9 0 11 T M M 8.0 22 340 M M 0 3 32 340
9 101 49 75 8 0 10 0.00 M M 7.7 24 320 M M 0 35 310
10 91 46 69 1 0 4 0.00 M M 5.0 17 350 M M 0 32 340
11 92 43 68 0 0 3 0.00 M M 2.9 12 330 M M 0 16 350
12 97 43 70 2 0 5 0.00 M M 4.6 25 330 M M 0 39 330
13 84 56 70 2 0 5 T M M 7.7 37 170 M M 2 8 50 170
14 83 52 68 0 0 3 T M M 7.2 23 120 M M 1 3 30 130
15 90 44 67 -2 0 2 T M M 5.9 25 360 M M 1 3 39 340
16 89 44 67 -2 0 2 0.00 M M 5.1 21 160 M M 0 28 170
17 90 47 69 0 0 4 0.00 M M 6.0 29 160 M M 1 37 150
18 97 50 74 5 0 9 0.00 M M 4.0 18 50 M M 0 25 50
19 98 58 78 9 0 13 0.00 M M 5.2 17 260 M M 0 25 260
20 91 53 72 3 0 7 0.07 M M 5.6 26 170 M M 2 3 36 160
21 93 56 75 6 0 10 0.01 M M 4.5 24 260 M M 2 32 270
22 92 58 75 6 0 10 0.00 M M 6.2 24 160 M M 2 30 170
23 91 60 76 6 0 11 0.00 M M 5.6 16 120 M M 3 23 120
24 86 52 69 -1 0 4 0.00 M M 3.0 15 100 M M 0 8 19 120
25 93 60 77 7 0 12 0.03 M M 5.0 22 220 M M 1 3 29 220
26 96 50 73 3 0 8 0.00 M M 2.9 13 40 M M 0 19 60
27 96 55 76 6 0 11 0.00 M M 4.4 17 260 M M 0 22 250
28 97 55 76 6 0 11 T M M 5.3 22 240 M M 1 3 33 300
29 92 60 76 7 0 11 T M M 5.4 28 160 M M 2 3 37 150
30 89 58 74 5 0 9 0.01 M M 8.1 23 230 M M 5 38 34 120
31 86 57 72 3 0 7 0.01 M M 6.0 20 70 M M 3 3 27 60
================================================================================
SM 2854 1598 0 220 0.15 M 167.3 M 30
================================================================================
AV 92.1 51.5 5.4 FASTST M M 1 MAX(MPH)
MISC ----> 37 170 50 170
================================================================================
NOTES:
# LAST OF SEVERAL OCCURRENCES
COLUMN 17 PEAK WIND IN M.P.H.
PRELIMINARY LOCAL CLIMATOLOGICAL DATA (WS FORM: F-6) , PAGE 2
STATION: CRAIG CO
MONTH: JULY
YEAR: 2021
LATITUDE: 40 30 N
LONGITUDE: 107 32 W
[TEMPERATURE DATA] [PRECIPITATION DATA] SYMBOLS USED IN COLUMN 16
AVERAGE MONTHLY: 71.8 TOTAL FOR MONTH: 0.15 1 = FOG OR MIST
DPTR FM NORMAL: 3.5 DPTR FM NORMAL: -0.78 2 = FOG REDUCING VISIBILITY
HIGHEST: 101 ON 9, 8 GRTST 24HR 0.08 ON 20-21 TO 1/4 MILE OR LESS
LOWEST: 43 ON 12,11 3 = THUNDER
SNOW, ICE PELLETS, HAIL 4 = ICE PELLETS
TOTAL MONTH: M 5 = HAIL
GRTST 24HR M ON M 6 = FREEZING RAIN OR DRIZZLE
GRTST DEPTH: M ON M 7 = DUSTSTORM OR SANDSTORM:
VSBY 1/2 MILE OR LESS
8 = SMOKE OR HAZE
[NO. OF DAYS WITH] [WEATHER - DAYS WITH] 9 = BLOWING SNOW
X = TORNADO
MAX 32 OR BELOW: 0 0.01 INCH OR MORE: 6
MAX 90 OR ABOVE: 23 0.10 INCH OR MORE: 0
MIN 32 OR BELOW: 0 0.50 INCH OR MORE: 0
MIN 0 OR BELOW: 0 1.00 INCH OR MORE: 0
[HDD (BASE 65) ]
TOTAL THIS MO. 0 CLEAR (SCALE 0-3) 30
DPTR FM NORMAL -15 PTCLDY (SCALE 4-7) 1
TOTAL FM JUL 1 0 CLOUDY (SCALE 8-10) 0
DPTR FM NORMAL -11
[CDD (BASE 65) ]
TOTAL THIS MO. 220
DPTR FM NORMAL 104 [PRESSURE DATA]
TOTAL FM JAN 1 277 HIGHEST SLP M ON M
DPTR FM NORMAL 140 LOWEST SLP 29.79 ON 8
[REMARKS]
#FINAL-07-21#