000
CXUS51 KCLE 010900
CF6CAK
PRELIMINARY LOCAL CLIMATOLOGICAL DATA (WS FORM: F-6)
STATION: AKRON CANTON OH
MONTH: NOVEMBER
YEAR: 2021
LATITUDE: 40 55 N
LONGITUDE: 81 26 W
TEMPERATURE IN F: :PCPN: SNOW: WIND :SUNSHINE: SKY :PK WND
================================================================================
1 2 3 4 5 6A 6B 7 8 9 10 11 12 13 14 15 16 17 18
12Z AVG MX 2MIN
DY MAX MIN AVG DEP HDD CDD WTR SNW DPTH SPD SPD DIR MIN PSBL S-S WX SPD DR
================================================================================
1 52 38 45 -3 20 0 T 0.0 0 8.9 17 260 M M 6 23 310
2 50 38 44 -3 21 0 0.00 0.0 0 8.4 20 260 M M 8 27 250
3 48 30 39 -8 26 0 0.00 0.0 0 5.9 13 300 M M 6 17 270
4 49 30 40 -7 25 0 0.00 0.0 0 4.7 10 300 M M 5 13 310
5 50 29 40 -6 25 0 0.00 0.0 0 2.2 8 130 M M 3 18 9 90
6 54 31 43 -3 22 0 0.00 0.0 0 3.8 9 170 M M 0 14 160
7 61 33 47 1 18 0 0.00 0.0 0 4.3 13 220 M M 0 16 280
8 68 39 54 9 11 0 0.00 0.0 0 8.0 18 220 M M 1 18 22 240
9 68 43 56 11 9 0 0.00 0.0 0 6.1 14 210 M M 5 26 210
10 62 43 53 9 12 0 0.00 0.0 0 5.6 10 100 M M 6 128 15 110
11 69 48 59 15 6 0 0.59 0.0 0 13.0 28 180 M M 8 1 36 160
12 55 41 48 4 17 0 0.01 0.0 0 14.0 33 210 M M 6 43 210
13 41 34 38 -5 27 0 0.02 0.1 0 13.7 22 260 M M 10 8 31 250
14 37 34 36 -7 29 0 0.27 1.7 0 12.4 21 210 M M 10 18 25 200
15 41 30 36 -7 29 0 0.05 T T 11.3 22 270 M M 9 1 30 290
16 46 30 38 -4 27 0 0.00 0.0 0 5.0 13 140 M M 8 18 16 140
17 67 40 54 12 11 0 0.00 0.0 0 15.6 25 220 M M 9 34 210
18 64 33 49 7 16 0 0.37 T 0 14.1 26 270 M M 9 1 37 270
19 38 29 34 -7 31 0 T T 0 9.2 18 270 M M 8 24 270
20 45 27 36 -5 29 0 0.00 0.0 0 9.8 17 180 M M 8 21 170
21 44 36 40 0 25 0 0.15 0.0 0 9.4 17 220 M M 9 1 24 230
22 44 29 37 -3 28 0 0.00 0.0 0 10.3 23 310 M M 6 28 300
23 38 22 30 -10 35 0 0.00 0.0 0 7.1 14 280 M M 3 20 270
24 49 25 37 -2 28 0 0.00 0.0 0 11.2 18 170 M M 6 22 170
25 50 40 45 6 20 0 0.19 0.0 0 11.8 20 310 M M 10 18 27 310
26 40 28 34 -5 31 0 0.03 T 0 14.7 24 300 M M 10 18 35 290
27 36 26 31 -7 34 0 0.17 2.4 0 9.0 16 200 M M 10 1 19 190
28 39 31 35 -3 30 0 0.02 0.4 1 11.5 22 280 M M 9 18 28 290
29 40 28 34 -4 31 0 0.04 0.4 T 10.0 18 250 M M 7 1 24 280
30 46 32 39 2 26 0 0.08 0.8 1 11.2 22 260 M M 8 1 27 280
================================================================================
SM 1491 997 699 0 1.99 5.8 282.2 M 203
================================================================================
AV 49.7 33.2 9.4 FASTST M M 7 MAX(MPH)
MISC ----> 33 210 43 210
================================================================================
NOTES:
# LAST OF SEVERAL OCCURRENCES
COLUMN 17 PEAK WIND IN M.P.H.
PRELIMINARY LOCAL CLIMATOLOGICAL DATA (WS FORM: F-6) , PAGE 2
STATION: AKRON CANTON OH
MONTH: NOVEMBER
YEAR: 2021
LATITUDE: 40 55 N
LONGITUDE: 81 26 W
[TEMPERATURE DATA] [PRECIPITATION DATA] SYMBOLS USED IN COLUMN 16
AVERAGE MONTHLY: 41.5 TOTAL FOR MONTH: 1.99 1 = FOG OR MIST
DPTR FM NORMAL: -1.0 DPTR FM NORMAL: -1.09 2 = FOG REDUCING VISIBILITY
HIGHEST: 69 ON 11 GRTST 24HR 0.60 ON 11-12 TO 1/4 MILE OR LESS
LOWEST: 22 ON 23 3 = THUNDER
SNOW, ICE PELLETS, HAIL 4 = ICE PELLETS
TOTAL MONTH: 5.8 INCHES 5 = HAIL
GRTST 24HR 2.4 ON 27-27 6 = FREEZING RAIN OR DRIZZLE
GRTST DEPTH: 1 ON 30,28 7 = DUSTSTORM OR SANDSTORM:
VSBY 1/2 MILE OR LESS
8 = SMOKE OR HAZE
[NO. OF DAYS WITH] [WEATHER - DAYS WITH] 9 = BLOWING SNOW
X = TORNADO
MAX 32 OR BELOW: 0 0.01 INCH OR MORE: 13
MAX 90 OR ABOVE: 0 0.10 INCH OR MORE: 6
MIN 32 OR BELOW: 16 0.50 INCH OR MORE: 1
MIN 0 OR BELOW: 0 1.00 INCH OR MORE: 0
[HDD (BASE 65) ]
TOTAL THIS MO. 699 CLEAR (SCALE 0-3) 5
DPTR FM NORMAL 22 PTCLDY (SCALE 4-7) 14
TOTAL FM JUL 1 905 CLOUDY (SCALE 8-10) 11
DPTR FM NORMAL -229
[CDD (BASE 65) ]
TOTAL THIS MO. 0
DPTR FM NORMAL 0 [PRESSURE DATA]
TOTAL FM JAN 1 1161 HIGHEST SLP 30.53 ON 19
DPTR FM NORMAL 292 LOWEST SLP 29.71 ON 14
[REMARKS]
#FINAL-11-21#