000
CXUS55 KABQ 011110
CF6CAO
PRELIMINARY LOCAL CLIMATOLOGICAL DATA (WS FORM: F-6)
STATION: CLAYTON NM
MONTH: NOVEMBER
YEAR: 2022
LATITUDE: 36 27 N
LONGITUDE: 103 9 W
TEMPERATURE IN F: :PCPN: SNOW: WIND :SUNSHINE: SKY :PK WND
================================================================================
1 2 3 4 5 6A 6B 7 8 9 10 11 12 13 14 15 16 17 18
12Z AVG MX 2MIN
DY MAX MIN AVG DEP HDD CDD WTR SNW DPTH SPD SPD DIR MIN PSBL S-S WX SPD DR
================================================================================
1 70 37 54 5 11 0 0.00 0.0 0 13.3 23 210 M M 0 35 200
2 72 43 58 9 7 0 0.00 0.0 0 M 32 200 M M 0 48 210
3 69 37 53 5 12 0 0.00 0.0 0 M 39 200 M M M 52 200
4 40 25 33 -15 32 0 0.04 T 0 M 24 10 M M M 31 10
5 66 26 46 -2 19 0 0.00 0.0 0 12.0 22 200 M M M 32 250
6 59 35 47 0 18 0 0.00 0.0 0 10.4 22 30 M M M 29 40
7 60 27 44 -3 21 0 0.00 0.0 0 9.8 23 23 M M M 30 160
8 70 50 60 14 5 0 0.00 0.0 0 21.9 37 200 M M 4 1 49 200
9 70 54 62 16 3 0 0.00 0.0 0 27.3 41 200 M M 2 56 200
10 57 28 43 -3 22 0 0.00 0.0 0 11.1 23 240 M M 0 34 240
11 38 17 28 -17 37 0 0.00 0.0 0 10.0 24 30 M M 5 31 30
12 50 18 34 -11 31 0 0.00 0.0 0 9.2 16 190 M M 0 26 170
13 58 20 39 -6 26 0 0.00 0.0 0 16.4 31 360 M M 0 42 360
14 38 22 30 -14 35 0 0.03 0.6 1 16.0 35 350 M M 8 1 47 350
15 36 18 27 -17 38 0 T T T 3.6 12 110 M M 7 16 80
16 44 21 33 -11 32 0 T T T 6.1 17 20 M M 3 1 25 20
17 47 22 35 -8 30 0 0.00 0.0 0 15.5 25 40 M M 3 31 40
18 21 17 19 -24 46 0 T 0.1 0 9.2 16 50 M M 10 1 20 50
19 41 10 26 -16 39 0 0.00 0.0 T 8.6 20 30 M M 0 24 40
20 52 21 37 -5 28 0 0.00 0.0 0 12.0 21 220 M M 0 28 220
21 56 17 37 -5 28 0 0.00 0.0 0 7.1 14 300 M M 0 15 250
22 59 23 41 0 24 0 0.00 0.0 0 8.9 20 360 M M 0 25 360
23 63 19 41 0 24 0 0.00 0.0 0 11.7 32 360 M M 0 47 360
24 40 34 37 -3 28 0 0.00 0.0 0 27.6 44 360 M M 4 57 360
25 51 25 38 -2 27 0 0.00 0.0 0 10.0 22 360 M M 1 29 350
26 61 29 45 5 20 0 0.00 0.0 0 11.8 23 340 M M 1 33 340
27 45 28 37 -2 28 0 T 0.0 0 11.4 28 360 M M 5 35 360
28 63 32 48 9 17 0 0.00 0.0 0 15.8 25 220 M M 0 41 220
29 42 9 26 -13 39 0 0.00 0.0 0 13.2 26 360 M M 1 36 360
30 42 9 26 -12 39 0 0.00 0.0 0 16.1 31 200 M M 0 40 200
================================================================================
SM 1580 773 766 0 0.07 0.7 346.0 M 54
================================================================================
AV 52.7 25.8 12.8 FASTST M M 2 MAX(MPH)
MISC ----> 44 360 57 360
================================================================================
NOTES:
# LAST OF SEVERAL OCCURRENCES
COLUMN 17 PEAK WIND IN M.P.H.
PRELIMINARY LOCAL CLIMATOLOGICAL DATA (WS FORM: F-6) , PAGE 2
STATION: CLAYTON NM
MONTH: NOVEMBER
YEAR: 2022
LATITUDE: 36 27 N
LONGITUDE: 103 9 W
[TEMPERATURE DATA] [PRECIPITATION DATA] SYMBOLS USED IN COLUMN 16
AVERAGE MONTHLY: 39.2 TOTAL FOR MONTH: 0.07 1 = FOG OR MIST
DPTR FM NORMAL: -4.5 DPTR FM NORMAL: -0.38 2 = FOG REDUCING VISIBILITY
HIGHEST: 72 ON 2 GRTST 24HR 0.04 ON 4- 4 TO 1/4 MILE OR LESS
LOWEST: 9 ON 30,29 3 = THUNDER
SNOW, ICE PELLETS, HAIL 4 = ICE PELLETS
TOTAL MONTH: 0.7 INCH 5 = HAIL
GRTST 24HR 0.6 ON 14-14 6 = FREEZING RAIN OR DRIZZLE
GRTST DEPTH: 1 ON 14 7 = DUSTSTORM OR SANDSTORM:
VSBY 1/2 MILE OR LESS
8 = SMOKE OR HAZE
[NO. OF DAYS WITH] [WEATHER - DAYS WITH] 9 = BLOWING SNOW
X = TORNADO
MAX 32 OR BELOW: 1 0.01 INCH OR MORE: 2
MAX 90 OR ABOVE: 0 0.10 INCH OR MORE: 0
MIN 32 OR BELOW: 23 0.50 INCH OR MORE: 0
MIN 0 OR BELOW: 0 1.00 INCH OR MORE: 0
[HDD (BASE 65) ]
TOTAL THIS MO. 766 CLEAR (SCALE 0-3) 17
DPTR FM NORMAL 126 PTCLDY (SCALE 4-7) 7
TOTAL FM JUL 1 1076 CLOUDY (SCALE 8-10) 6
DPTR FM NORMAL 30
[CDD (BASE 65) ]
TOTAL THIS MO. 0
DPTR FM NORMAL 0 [PRESSURE DATA]
TOTAL FM JAN 1 1252 HIGHEST SLP 30.54 ON 16
DPTR FM NORMAL 285 LOWEST SLP 29.40 ON 29
[REMARKS]
#FINAL-11-22#