000
CXUS56 KMTR 010900
CF6CCR
PRELIMINARY LOCAL CLIMATOLOGICAL DATA (WS FORM: F-6)
STATION: CONCORD AIRPORT
MONTH: APRIL
YEAR: 2022
LATITUDE: 37 58 N
LONGITUDE: 122 3 W
TEMPERATURE IN F: :PCPN: SNOW: WIND :SUNSHINE: SKY :PK WND
================================================================================
1 2 3 4 5 6A 6B 7 8 9 10 11 12 13 14 15 16 17 18
12Z AVG MX 2MIN
DY MAX MIN AVG DEP HDD CDD WTR SNW DPTH SPD SPD DIR MIN PSBL S-S WX SPD DR
================================================================================
1 77 47 62 4 3 0 0.00 M M 5.0 14 290 M M 0 17 250
2 80 48 64 6 1 0 0.00 M M 5.8 16 300 M M 0 18 21 50
3 79 46 63 5 2 0 0.00 M M 7.9 22 270 M M 0 26 270
4 72 53 63 5 2 0 0.00 M M 10.0 20 280 M M 0 26 270
5 74 49 62 3 3 0 0.00 M M 5.1 14 290 M M 0 18 250
6 86 46 66 7 0 1 0.00 M M 4.9 10 20 M M 0 8 15 20
7 87 50 69 10 0 4 0.00 M M 4.3 14 30 M M 0 18 20
8 88 54 71 12 0 6 0.00 M M 6.7 18 290 M M 0 22 290
9 79 48 64 5 1 0 0.00 M M 5.6 15 290 M M 0 19 280
10 72 43 58 -1 7 0 0.00 M M 9.6 21 280 M M 0 26 270
11 61 46 54 -5 11 0 T M M 16.1 30 260 M M 3 18 39 250
12 62 40 51 -9 14 0 0.00 M M 11.4 24 280 M M 0 30 280
13 62 42 52 -8 13 0 0.00 M M 8.6 18 230 M M 5 23 230
14 61 51 56 -4 9 0 0.01 M M 11.2 20 210 M M 10 18 26 200
15 69 46 58 -2 7 0 0.00 M M 7.9 17 270 M M 2 24 190
16 69 47 58 -2 7 0 0.22 M M 11.0 17 230 M M 5 1 21 220
17 68 45 57 -3 8 0 0.00 M M 8.4 17 320 M M 0 23 190
18 71 44 58 -2 7 0 T M M 10.3 20 190 M M 2 26 190
19 68 50 59 -2 6 0 0.08 M M 7.4 17 300 M M 4 1 21 310
20 72 47 60 -1 5 0 0.20 M M 10.3 25 210 M M 5 1 32 230
21 67 52 60 -1 5 0 0.26 M M 8.5 22 210 M M 6 1 29 210
22 66 47 57 -4 8 0 T M M 6.9 17 290 M M 4 21 270
23 76 46 61 0 4 0 0.00 M M 6.3 20 290 M M 0 24 280
24 80 49 65 3 0 0 0.00 M M 5.6 15 280 M M 0 19 330
25 79 49 64 2 1 0 0.00 M M 8.1 16 190 M M 0 24 300
26 72 51 62 0 3 0 0.00 M M 11.1 20 190 M M 0 25 190
27 72 49 61 -1 4 0 0.00 M M 13.3 20 210 M M 0 25 190
28 68 47 58 -4 7 0 0.00 M M 10.5 21 270 M M 0 30 240
29 76 45 61 -1 4 0 0.00 M M 7.1 16 270 M M 0 21 290
30 76 52 64 2 1 0 0.00 M M 12.4 23 270 M M 0 30 290
================================================================================
SM 2189 1429 143 11 0.77 M 257.3 M 46
================================================================================
AV 73.0 47.6 8.6 FASTST M M 2 MAX(MPH)
MISC ----> 30 260 39 250
================================================================================
NOTES:
# LAST OF SEVERAL OCCURRENCES
COLUMN 17 PEAK WIND IN M.P.H.
PRELIMINARY LOCAL CLIMATOLOGICAL DATA (WS FORM: F-6) , PAGE 2
STATION: CONCORD AIRPORT
MONTH: APRIL
YEAR: 2022
LATITUDE: 37 58 N
LONGITUDE: 122 3 W
[TEMPERATURE DATA] [PRECIPITATION DATA] SYMBOLS USED IN COLUMN 16
AVERAGE MONTHLY: 60.3 TOTAL FOR MONTH: 0.77 1 = FOG OR MIST
DPTR FM NORMAL: 0.2 DPTR FM NORMAL: -0.35 2 = FOG REDUCING VISIBILITY
HIGHEST: 88 ON 8 GRTST 24HR 0.46 ON 20-21 TO 1/4 MILE OR LESS
LOWEST: 40 ON 12 3 = THUNDER
SNOW, ICE PELLETS, HAIL 4 = ICE PELLETS
TOTAL MONTH: M 5 = HAIL
GRTST 24HR M ON M 6 = FREEZING RAIN OR DRIZZLE
GRTST DEPTH: M ON M 7 = DUSTSTORM OR SANDSTORM:
VSBY 1/2 MILE OR LESS
8 = SMOKE OR HAZE
[NO. OF DAYS WITH] [WEATHER - DAYS WITH] 9 = BLOWING SNOW
X = TORNADO
MAX 32 OR BELOW: 0 0.01 INCH OR MORE: 5
MAX 90 OR ABOVE: 0 0.10 INCH OR MORE: 3
MIN 32 OR BELOW: 0 0.50 INCH OR MORE: 0
MIN 0 OR BELOW: 0 1.00 INCH OR MORE: 0
[HDD (BASE 65) ]
TOTAL THIS MO. 143 CLEAR (SCALE 0-3) 23
DPTR FM NORMAL -20 PTCLDY (SCALE 4-7) 6
TOTAL FM JUL 1 2043 CLOUDY (SCALE 8-10) 1
DPTR FM NORMAL -36
[CDD (BASE 65) ]
TOTAL THIS MO. 11
DPTR FM NORMAL -6 [PRESSURE DATA]
TOTAL FM JAN 1 14 HIGHEST SLP M ON M
DPTR FM NORMAL -5 LOWEST SLP 29.79 ON 11
[REMARKS]
#FINAL-04-22#