000
CXUS53 KARX 010900
CF6CCY
PRELIMINARY LOCAL CLIMATOLOGICAL DATA (WS FORM: F-6)
STATION: CHARLES_CITY IA
MONTH: MARCH
YEAR: 2023
LATITUDE: 43 4 N
LONGITUDE: 92 37 W
TEMPERATURE IN F: :PCPN: SNOW: WIND :SUNSHINE: SKY :PK WND
================================================================================
1 2 3 4 5 6A 6B 7 8 9 10 11 12 13 14 15 16 17 18
12Z AVG MX 2MIN
DY MAX MIN AVG DEP HDD CDD WTR SNW DPTH SPD SPD DIR MIN PSBL S-S WX SPD DR
================================================================================
1 45 30 38 10 27 0 M M M 14.8 23 240 M M 8 1 30 240
2 30 25 28 0 37 0 M M M 7.6 18 340 M M 8 22 320
3 45 27 36 8 29 0 0.00 0.0 M 5.7 13 330 M M 1 1 15 40
4 43 28 36 7 29 0 0.00 0.0 M 6.2 13 300 M M 3 1 18 280
5 41 27 34 5 31 0 0.46 M M 12.9 23 70 M M 5 1 32 60
6 37 32 35 5 30 0 M M M 12.7 21 340 M M 9 12 28 340
7 41 32 37 7 28 0 M M M 11.3 16 110 M M 9 24 90
8 37 34 36 5 29 0 M M M 14.0 20 140 M M 9 28 140
9 36 28 32 1 33 0 M M M 12.4 17 100 M M 8 27 70
10 30 19 25 -7 40 0 M M M 9.2 14 340 M M 9 17 340
11 32 30 31 -1 34 0 M M M 13.0 21 130 M M 10 1 27 130
12 32 23 28 -4 37 0 M M M 15.4 24 290 M M 9 12 33 290
13 28 16 22 -11 43 0 M M M 13.7 18 330 M M 8 27 300
14 32 10 21 -13 44 0 0.00 0.0 M 8.4 15 150 M M 2 1 M M
15 50 30 40 6 25 0 0.00 0.0 M 18.0 23 170 M M 2 29 170
16 46 23 35 1 30 0 0.15 M M 18.6 31 310 M M 9 1 43 330
17 23 7 15 -20 50 0 T M M 24.2 29 310 M M 9 38 310
18 23 7 15 -20 50 0 T M M 18.7 24 310 M M 7 33 310
19 39 9 24 -12 41 0 0.00 M M 12.6 18 210 M M 0 28 210
20 46 28 37 1 28 0 0.00 0.0 0 10.3 17 190 M M 2 22 240
21 55 30 43 6 22 0 0.00 0.0 0 12.7 18 170 M M 4 1 28 170
22 45 30 38 1 27 0 0.02 0.0 0 12.1 17 340 M M 9 12 23 170
23 37 27 32 -6 33 0 M M M 8.8 15 340 M M 6 17 350
24 46 25 36 -2 29 0 0.00 0.0 M 7.9 13 110 M M 0 20 130
25 48 30 39 0 26 0 0.00 0.0 M 9.4 15 310 M M 3 21 310
26 43 27 35 -4 30 0 0.00 0.0 0 9.2 14 330 M M 1 1 M M
27 46 25 36 -4 29 0 0.00 0.0 M 9.4 15 330 M M 0 21 330
28 43 21 32 -8 33 0 0.00 0.0 M 9.7 17 250 M M 1 23 250
29 32 19 26 -14 39 0 M M M 11.8 20 350 M M 3 28 330
30 54 21 38 -3 27 0 0.10 M M 14.5 24 120 M M 7 1 31 120
31 70 34 52 11 13 0 0.68 M M 13.7 36 250 M M 9 1 44 250
================================================================================
SM 1255 754 1003 0 1.41 0.0 378.9 M 170
================================================================================
AV 40.5 24.3 12.2 FASTST M M 5 MAX(MPH)
MISC ----> 36 250 44 250
================================================================================
NOTES:
# LAST OF SEVERAL OCCURRENCES
COLUMN 17 PEAK WIND IN M.P.H.
PRELIMINARY LOCAL CLIMATOLOGICAL DATA (WS FORM: F-6) , PAGE 2
STATION: CHARLES_CITY IA
MONTH: MARCH
YEAR: 2023
LATITUDE: 43 4 N
LONGITUDE: 92 37 W
[TEMPERATURE DATA] [PRECIPITATION DATA] SYMBOLS USED IN COLUMN 16
AVERAGE MONTHLY: 32.4 TOTAL FOR MONTH: 1.41 1 = FOG OR MIST
DPTR FM NORMAL: -2.0 DPTR FM NORMAL: -0.46 2 = FOG REDUCING VISIBILITY
HIGHEST: 70 ON 31 GRTST 24HR 0.68 ON 31-31 TO 1/4 MILE OR LESS
LOWEST: 7 ON 18,17 3 = THUNDER
SNOW, ICE PELLETS, HAIL 4 = ICE PELLETS
TOTAL MONTH: 0.0 INCH 5 = HAIL
GRTST 24HR 0.0 6 = FREEZING RAIN OR DRIZZLE
GRTST DEPTH: 0 7 = DUSTSTORM OR SANDSTORM:
VSBY 1/2 MILE OR LESS
8 = SMOKE OR HAZE
[NO. OF DAYS WITH] [WEATHER - DAYS WITH] 9 = BLOWING SNOW
X = TORNADO
MAX 32 OR BELOW: 9 0.01 INCH OR MORE: 5
MAX 90 OR ABOVE: 0 0.10 INCH OR MORE: 4
MIN 32 OR BELOW: 29 0.50 INCH OR MORE: 1
MIN 0 OR BELOW: 0 1.00 INCH OR MORE: 0
[HDD (BASE 65) ]
TOTAL THIS MO. 1003 CLEAR (SCALE 0-3) 12
DPTR FM NORMAL 54 PTCLDY (SCALE 4-7) 8
TOTAL FM JUL 1 6437 CLOUDY (SCALE 8-10) 11
DPTR FM NORMAL -152
[CDD (BASE 65) ]
TOTAL THIS MO. 0
DPTR FM NORMAL 0 [PRESSURE DATA]
TOTAL FM JAN 1 0 HIGHEST SLP M ON M
DPTR FM NORMAL 0 LOWEST SLP M ON M
[REMARKS]
#FINAL-03-23#