000
CXUS53 KARX 010900
CF6CCY
PRELIMINARY LOCAL CLIMATOLOGICAL DATA (WS FORM: F-6)
STATION: CHARLES_CITY IA
MONTH: MAY
YEAR: 2021
LATITUDE: 43 4 N
LONGITUDE: 92 37 W
TEMPERATURE IN F: :PCPN: SNOW: WIND :SUNSHINE: SKY :PK WND
================================================================================
1 2 3 4 5 6A 6B 7 8 9 10 11 12 13 14 15 16 17 18
12Z AVG MX 2MIN
DY MAX MIN AVG DEP HDD CDD WTR SNW DPTH SPD SPD DIR MIN PSBL S-S WX SPD DR
================================================================================
1 93 52 73 19 0 8 0.00 0.0 0 20.3 33 230 M M 1 43 230
2 84 57 71 16 0 6 0.07 0.0 0 11.9 18 220 M M 3 13 27 220
3 68 50 59 4 6 0 0.11 0.0 0 11.7 21 340 M M 6 12 28 350
4 61 41 51 -5 14 0 0.00 0.0 0 13.2 20 350 M M 2 28 350
5 M 34 M M M M M 0.0 0 4.8 7 340 M M 0 M M
6 M M M M M M M M M M M M M M 0 M M
7 M M M M M M M M M M M M M M 0 M M
8 M M M M M M M M M M M M M M 0 M M
9 M M M M M M M M M M M M M M 0 M M
10 M M M M M M M M M M M M M M 0 M M
11 M M M M M M M M M M M M M M 0 M M
12 M M M M M M 0.00 0.0 0 M M M M M 0 M M
13 M M M M M M 0.00 0.0 0 M M M M M 0 M M
14 M M M M M M M 0.0 0 M M M M M 0 M M
15 M M M M M M M M M M M M M M 0 M M
16 M M M M M M M M M M M M M M 0 M M
17 72 57 65 5 0 0 0.00 0.0 0 11.6 18 120 M M 1 8 25 110
18 64 55 60 0 5 0 0.28 0.0 M 12.8 17 140 M M 9 1 25 120
19 73 63 68 8 0 3 0.11 0.0 M 12.0 21 170 M M 9 12 33 150
20 72 64 68 8 0 3 0.49 0.0 M 13.7 18 170 M M 9 1 30 190
21 75 66 71 10 0 6 0.26 0.0 M 14.3 20 180 M M 7 1 30 180
22 77 64 71 10 0 6 0.00 0.0 0 10.0 17 190 M M 8 16 180
23 81 64 73 12 0 8 0.01 0.0 0 7.4 13 170 M M 7 18 16 170
24 82 64 73 11 0 8 0.00 0.0 0 14.8 23 220 M M 2 32 220
25 84 63 74 12 0 9 0.01 0.0 0 14.3 22 190 M M 5 28 190
26 72 55 64 2 1 0 0.00 0.0 0 10.4 18 320 M M 1 25 320
27 57 43 50 -13 15 0 0.83 M M 17.6 31 90 M M 8 1 38 90
28 50 39 45 -18 20 0 M M M 12.3 17 50 M M 7 1 24 50
29 63 36 50 -13 15 0 0.00 0.0 0 6.7 12 110 M M 0 8 17 170
30 63 48 56 -8 9 0 0.00 0.0 0 5.5 13 310 M M 4 20 310
31 75 48 62 -2 3 0 M M M 6.0 12 80 M M 2 24 220
================================================================================
SM 1366 1063 88 57 2.17 0.0 231.4 M 91
================================================================================
AV 71.9 53.2 11.6 FASTST M M 3 MAX(MPH)
MISC ----> 33 230 43 230
================================================================================
NOTES:
# LAST OF SEVERAL OCCURRENCES
COLUMN 17 PEAK WIND IN M.P.H.
PRELIMINARY LOCAL CLIMATOLOGICAL DATA (WS FORM: F-6) , PAGE 2
STATION: CHARLES_CITY IA
MONTH: MAY
YEAR: 2021
LATITUDE: 43 4 N
LONGITUDE: 92 37 W
[TEMPERATURE DATA] [PRECIPITATION DATA] SYMBOLS USED IN COLUMN 16
AVERAGE MONTHLY: 62.5 TOTAL FOR MONTH: 2.17 1 = FOG OR MIST
DPTR FM NORMAL: 3.3 DPTR FM NORMAL: -2.38 2 = FOG REDUCING VISIBILITY
HIGHEST: 93 ON 1 GRTST 24HR 0.83 ON 27-27 TO 1/4 MILE OR LESS
LOWEST: 34 ON 5 3 = THUNDER
SNOW, ICE PELLETS, HAIL 4 = ICE PELLETS
TOTAL MONTH: 0.0 INCH 5 = HAIL
GRTST 24HR 0.0 6 = FREEZING RAIN OR DRIZZLE
GRTST DEPTH: 0 7 = DUSTSTORM OR SANDSTORM:
VSBY 1/2 MILE OR LESS
8 = SMOKE OR HAZE
[NO. OF DAYS WITH] [WEATHER - DAYS WITH] 9 = BLOWING SNOW
X = TORNADO
MAX 32 OR BELOW: 0 0.01 INCH OR MORE: 9
MAX 90 OR ABOVE: 1 0.10 INCH OR MORE: 6
MIN 32 OR BELOW: 0 0.50 INCH OR MORE: 1
MIN 0 OR BELOW: 0 1.00 INCH OR MORE: 0
[HDD (BASE 65) ]
TOTAL THIS MO. 88 CLEAR (SCALE 0-3) 19
DPTR FM NORMAL -124 PTCLDY (SCALE 4-7) 7
TOTAL FM JUL 1 7001 CLOUDY (SCALE 8-10) 5
DPTR FM NORMAL -311
[CDD (BASE 65) ]
TOTAL THIS MO. 57
DPTR FM NORMAL 23 [PRESSURE DATA]
TOTAL FM JAN 1 64 HIGHEST SLP M ON M
DPTR FM NORMAL 24 LOWEST SLP M ON M
[REMARKS]
#FINAL-05-21#