000
CXUS54 KLZK 011330
CF6CDH
PRELIMINARY LOCAL CLIMATOLOGICAL DATA (WS FORM: F-6)
STATION: CAMDEN AIRPORT
MONTH: JANUARY
YEAR: 2024
LATITUDE: 33 57 N
LONGITUDE: 92 46 W
TEMPERATURE IN F: :PCPN: SNOW: WIND :SUNSHINE: SKY :PK WND
================================================================================
1 2 3 4 5 6A 6B 7 8 9 10 11 12 13 14 15 16 17 18
12Z AVG MX 2MIN
DY MAX MIN AVG DEP HDD CDD WTR SNW DPTH SPD SPD DIR MIN PSBL S-S WX SPD DR
================================================================================
1 50 30 40 -2 25 0 0.00 M M 4.0 14 30 M M 0 20 40
2 50 23 37 M 28 0 0.00 M M 0.0 M M M M 0 M M
3 54 30 42 M 23 0 0.00 M M 0.0 M M M M 5 M M
4 55 25 40 M 25 0 0.00 M M 2.9 10 70 M M 1 18 15 50
5 37 30 34 M 31 0 0.89 M M 2.3 12 40 M M 9 1 17 40
6 46 37 42 M 23 0 0.00 M M 0.6 6 250 M M 10 1 12 99
7 61 28 45 M 20 0 0.00 M M 0.2 5 140 M M 0 1 M M
8 52 32 42 M 23 0 0.51 M M 3.6 16 80 M M 8 1 22 90
9 48 34 41 M 24 0 0.00 M M 7.1 15 M M M 2 8 30 280
10 61 25 43 M 22 0 0.00 M M 4.3 18 190 M M 1 1 22 200
11 66 32 49 M 16 0 0.01 M M 3.1 13 160 M M 7 18 20 130
12 64 32 48 M 17 0 0.22 M M 10.7 21 M M M 3 18 36 300
13 55 21 38 M 27 0 0.00 M M 3.4 14 180 M M 0 18 17 190
14 32 16 24 M 41 0 0.00 M M 7.9 14 20 M M 5 8 20 40
15 18 14 16 M 49 0 0.01 M M 7.0 13 20 M M 7 18 10
16 27 10 19 M 46 0 0.00 M M 3.4 10 330 M M 0 17 340
17 41 7 24 M 41 0 0.02 M M 3.9 10 180 M M 0 8 15 180
18 41 27 34 M 31 0 0.00 M M 1.3 9 160 M M 10 1 M M
19 43 25 34 M 31 0 0.00 M M 4.1 14 10 M M 3 12 20 M
20 36 18 27 M 38 0 0.00 M M 3.8 10 30 M M 0 17 20
21 37 16 27 M 38 0 0.00 M M 1.5 7 60 M M 5 12 0
22 46 34 40 M 25 0 0.49 M M 6.1 15 140 M M 9 22 140
23 61 46 54 M 11 0 2.36 M M 2.5 12 130 M M 10 20 130
24 63 57 60 M 5 0 0.11 M M 2.0 13 130 M M 9 22 M
25 66 46 56 M 9 0 0.24 M M 0.7 6 220 M M 7 12 220
26 57 43 50 M 15 0 0.12 M M 2.5 9 30 M M 9 1 15 30
27 55 43 49 M 16 0 0.69 M M 6.6 12 340 M M 10 20 320
28 59 36 48 M 17 0 0.00 M M 3.4 12 320 M M 5 15 320
29 64 30 47 M 18 0 0.00 M M 0.2 6 160 M M 1 1 M M
30 75 37 56 M 9 0 0.00 M M 1.8 9 310 M M 0 14 300
31 66 36 51 M 14 0 0.00 M M 0.0 M M M M 0 M M
================================================================================
SM 1586 920 758 0 5.67 M 100.8 M 136
================================================================================
AV 51.2 29.7 3.3 FASTST M M 4 MAX(MPH)
MISC ----> 21 9999 36 300
================================================================================
NOTES:
# LAST OF SEVERAL OCCURRENCES
COLUMN 17 PEAK WIND IN M.P.H.
PRELIMINARY LOCAL CLIMATOLOGICAL DATA (WS FORM: F-6) , PAGE 2
STATION: CAMDEN AIRPORT
MONTH: JANUARY
YEAR: 2024
LATITUDE: 33 57 N
LONGITUDE: 92 46 W
[TEMPERATURE DATA] [PRECIPITATION DATA] SYMBOLS USED IN COLUMN 16
AVERAGE MONTHLY: 40.4 TOTAL FOR MONTH: 5.67 1 = FOG OR MIST
DPTR FM NORMAL: 0.0 DPTR FM NORMAL: M 2 = FOG REDUCING VISIBILITY
HIGHEST: 75 ON 30 GRTST 24HR 2.37 ON 22-23 TO 1/4 MILE OR LESS
LOWEST: 7 ON 17 3 = THUNDER
SNOW, ICE PELLETS, HAIL 4 = ICE PELLETS
TOTAL MONTH: M 5 = HAIL
GRTST 24HR M ON M 6 = FREEZING RAIN OR DRIZZLE
GRTST DEPTH: M ON M 7 = DUSTSTORM OR SANDSTORM:
VSBY 1/2 MILE OR LESS
8 = SMOKE OR HAZE
[NO. OF DAYS WITH] [WEATHER - DAYS WITH] 9 = BLOWING SNOW
X = TORNADO
MAX 32 OR BELOW: 3 0.01 INCH OR MORE: 12
MAX 90 OR ABOVE: 0 0.10 INCH OR MORE: 9
MIN 32 OR BELOW: 20 0.50 INCH OR MORE: 4
MIN 0 OR BELOW: 0 1.00 INCH OR MORE: 1
[HDD (BASE 65) ]
TOTAL THIS MO. 758 CLEAR (SCALE 0-3) 15
DPTR FM NORMAL M PTCLDY (SCALE 4-7) 8
TOTAL FM JUL 1 1699 CLOUDY (SCALE 8-10) 8
DPTR FM NORMAL M
[CDD (BASE 65) ]
TOTAL THIS MO. 0
DPTR FM NORMAL M [PRESSURE DATA]
TOTAL FM JAN 1 0 HIGHEST SLP M ON M
DPTR FM NORMAL M LOWEST SLP M ON M
[REMARKS]
#FINAL-01-24#