000
CXUS54 KLUB 010730
CF6CDS
PRELIMINARY LOCAL CLIMATOLOGICAL DATA (WS FORM: F-6)
STATION: CHILDRESS
MONTH: APRIL
YEAR: 2021
LATITUDE: 34 25 N
LONGITUDE: 100 17 W
TEMPERATURE IN F: :PCPN: SNOW: WIND :SUNSHINE: SKY :PK WND
================================================================================
1 2 3 4 5 6A 6B 7 8 9 10 11 12 13 14 15 16 17 18
12Z AVG MX 2MIN
DY MAX MIN AVG DEP HDD CDD WTR SNW DPTH SPD SPD DIR MIN PSBL S-S WX SPD DR
================================================================================
1 69 37 53 -5 12 0 0.00 0.0 0 9.3 20 170 M M 0 29 170
2 70 42 56 -2 9 0 0.00 0.0 0 14.9 26 180 M M 2 34 190
3 76 42 59 0 6 0 0.00 0.0 0 11.2 18 180 M M 0 27 180
4 77 46 62 3 3 0 0.00 0.0 0 12.0 21 190 M M 1 1 29 190
5 82 53 68 9 0 3 0.00 0.0 0 17.8 29 180 M M 1 38 200
6 92 56 74 14 0 9 0.00 0.0 0 16.0 36 350 M M 0 8 45 350
7 74 47 61 1 4 0 0.00 0.0 0 15.2 37 350 M M 0 8 47 350
8 80 44 62 2 3 0 0.00 0.0 0 7.6 17 210 M M 0 21 220
9 85 50 68 8 0 3 0.00 0.0 0 16.0 36 10 M M 0 43 10
10 72 36 54 -7 11 0 0.00 0.0 0 7.3 17 340 M M 0 23 340
11 87 46 67 6 0 2 0.00 0.0 0 7.2 16 220 M M 0 20 200
12 64 51 58 -3 7 0 0.00 0.0 0 15.3 26 30 M M 0 40 40
13 66 41 54 -8 11 0 0.21 0.0 0 11.5 21 50 M M 6 3 29 50
14 51 48 50 -12 15 0 0.10 0.0 0 9.4 16 60 M M 10 1 22 50
15 51 46 49 -13 16 0 0.41 0.0 0 9.6 20 90 M M 10 138 26 90
16 57 42 50 -12 15 0 0.02 0.0 0 14.7 29 360 M M 9 1 33 10
17 58 39 49 -14 16 0 0.00 0.0 0 10.4 23 360 M M 4 29 10
18 68 37 53 -10 12 0 0.00 0.0 0 7.3 18 330 M M 0 24 330
19 75 42 59 -4 6 0 0.00 0.0 0 9.4 22 230 M M 2 28 220
20 57 36 47 -17 18 0 0.00 0.0 0 15.8 33 360 M M 3 41 10
21 61 34 48 -16 17 0 0.00 0.0 0 6.5 17 140 M M 1 23 130
22 54 48 51 -13 14 0 T 0.0 0 12.9 21 180 M M 10 26 160
23 71 50 61 -3 4 0 0.17 0.0 0 10.4 23 340 M M 7 1238 31 350
24 71 49 60 -5 5 0 0.00 0.0 0 10.4 17 140 M M 2 22 140
25 92 48 70 5 0 5 0.00 0.0 0 14.9 30 200 M M 0 1 39 200
26 91 61 76 10 0 11 0.00 0.0 0 12.8 24 240 M M 0 32 190
27 78 61 70 4 0 5 0.08 0.0 0 9.5 28 130 M M 1 138 33 140
28 78 63 71 5 0 6 0.07 0.0 0 13.4 25 10 M M 7 12 32 10
29 77 58 68 2 0 3 0.00 0.0 0 13.7 24 50 M M 2 33 50
30 79 55 67 0 0 2 0.04 0.0 M 6.3 16 110 M M 2 22 110
================================================================================
SM 2163 1408 204 49 1.10 0.0 348.7 M 80
================================================================================
AV 72.1 46.9 11.6 FASTST M M 3 MAX(MPH)
MISC ----> 37 350 47 350
================================================================================
NOTES:
# LAST OF SEVERAL OCCURRENCES
COLUMN 17 PEAK WIND IN M.P.H.
PRELIMINARY LOCAL CLIMATOLOGICAL DATA (WS FORM: F-6) , PAGE 2
STATION: CHILDRESS
MONTH: APRIL
YEAR: 2021
LATITUDE: 34 25 N
LONGITUDE: 100 17 W
[TEMPERATURE DATA] [PRECIPITATION DATA] SYMBOLS USED IN COLUMN 16
AVERAGE MONTHLY: 59.5 TOTAL FOR MONTH: 1.10 1 = FOG OR MIST
DPTR FM NORMAL: -2.8 DPTR FM NORMAL: -1.02 2 = FOG REDUCING VISIBILITY
HIGHEST: 92 ON 25, 6 GRTST 24HR 0.43 ON 15-16 TO 1/4 MILE OR LESS
LOWEST: 34 ON 21 3 = THUNDER
SNOW, ICE PELLETS, HAIL 4 = ICE PELLETS
TOTAL MONTH: 0.0 INCH 5 = HAIL
GRTST 24HR 0.0 6 = FREEZING RAIN OR DRIZZLE
GRTST DEPTH: 0 7 = DUSTSTORM OR SANDSTORM:
VSBY 1/2 MILE OR LESS
8 = SMOKE OR HAZE
[NO. OF DAYS WITH] [WEATHER - DAYS WITH] 9 = BLOWING SNOW
X = TORNADO
MAX 32 OR BELOW: 0 0.01 INCH OR MORE: 8
MAX 90 OR ABOVE: 3 0.10 INCH OR MORE: 4
MIN 32 OR BELOW: 0 0.50 INCH OR MORE: 0
MIN 0 OR BELOW: 0 1.00 INCH OR MORE: 0
[HDD (BASE 65) ]
TOTAL THIS MO. 204 CLEAR (SCALE 0-3) 22
DPTR FM NORMAL 51 PTCLDY (SCALE 4-7) 4
TOTAL FM JUL 1 3266 CLOUDY (SCALE 8-10) 4
DPTR FM NORMAL 179
[CDD (BASE 65) ]
TOTAL THIS MO. 49
DPTR FM NORMAL -23 [PRESSURE DATA]
TOTAL FM JAN 1 54 HIGHEST SLP M ON M
DPTR FM NORMAL -37 LOWEST SLP 29.44 ON 6
[REMARKS]
#FINAL-04-21#