000
CXUS55 KGJT 010910
CF6CEZ
PRELIMINARY LOCAL CLIMATOLOGICAL DATA (WS FORM: F-6)
STATION: CORTEZ CO
MONTH: JUNE
YEAR: 2022
LATITUDE: 37 17 N
LONGITUDE: 108 38 W
TEMPERATURE IN F: :PCPN: SNOW: WIND :SUNSHINE: SKY :PK WND
================================================================================
1 2 3 4 5 6A 6B 7 8 9 10 11 12 13 14 15 16 17 18
12Z AVG MX 2MIN
DY MAX MIN AVG DEP HDD CDD WTR SNW DPTH SPD SPD DIR MIN PSBL S-S WX SPD DR
================================================================================
1 80 33 57 -4 8 0 0.00 M M 7.5 17 290 M M 0 23 270
2 84 35 60 -1 5 0 0.00 M M 6.8 20 300 M M 0 35 200
3 87 39 63 1 2 0 0.00 M M 6.9 21 260 M M 0 36 290
4 84 39 62 0 3 0 0.00 M M 6.5 23 200 M M 0 31 180
5 85 52 69 7 0 4 0.00 M M 7.9 17 300 M M 0 26 300
6 89 45 67 5 0 2 0.00 M M 6.6 20 290 M M 1 30 270
7 91 48 70 7 0 5 0.00 M M 7.0 22 280 M M 0 30 310
8 93 46 70 7 0 5 0.00 M M 7.7 23 300 M M 0 34 300
9 93 54 74 11 0 9 0.00 M M 8.3 23 290 M M 0 33 270
10 96 45 71 7 0 6 0.00 M M 8.0 23 310 M M 0 32 260
11 96 52 74 10 0 9 0.00 M M 8.1 23 270 M M 0 43 290
12 94 53 74 10 0 9 0.00 M M 9.1 29 220 M M 0 8 45 220
13 92 55 74 9 0 9 0.00 M M 16.0 35 210 M M 3 8 45 220
14 83 50 67 2 0 2 0.00 M M 9.2 25 280 M M 0 37 260
15 88 41 65 0 0 0 0.00 M M 6.0 15 290 M M 0 23 310
16 97 39 68 2 0 3 0.00 M M 7.4 26 150 M M 0 8 40 150
17 93 68 81 15 0 16 T M M 16.9 36 140 M M 2 3 55 140
18 83 58 71 5 0 6 0.45 M M 9.2 30 200 M M 6 13 42 230
19 78 59 69 2 0 4 0.04 M M 12.0 26 140 M M 4 3 37 140
20 80 45 63 -4 2 0 0.00 M M 5.2 16 290 M M 0 22 270
21 89 37 63 -4 2 0 0.00 M M 6.4 23 160 M M 0 31 160
22 81 62 72 4 0 7 0.00 M M 8.3 22 160 M M 4 34 160
23 86 59 73 5 0 8 0.08 M M 5.8 25 290 M M 4 3 33 290
24 87 53 70 2 0 5 0.00 M M 5.8 22 280 M M 1 31 310
25 90 48 69 1 0 4 T M M 6.2 22 150 M M 2 29 150
26 81 54 68 -1 0 3 0.48 M M 7.3 20 180 M M 6 13 32 200
27 83 49 66 -3 0 1 0.14 M M 5.3 17 210 M M 0 3 22 210
28 86 55 71 2 0 6 T M M 5.2 21 70 M M 1 3 30 80
29 91 50 71 1 0 6 0.00 M M 5.2 24 290 M M 0 8 33 290
30 86 60 73 3 0 8 0.01 M M 6.0 28 290 M M 4 35 290
================================================================================
SM 2626 1483 22 137 1.20 M 233.8 M 38
================================================================================
AV 87.5 49.4 7.8 FASTST M M 1 MAX(MPH)
MISC ----> 36 140 55 140
================================================================================
NOTES:
# LAST OF SEVERAL OCCURRENCES
COLUMN 17 PEAK WIND IN M.P.H.
PRELIMINARY LOCAL CLIMATOLOGICAL DATA (WS FORM: F-6) , PAGE 2
STATION: CORTEZ CO
MONTH: JUNE
YEAR: 2022
LATITUDE: 37 17 N
LONGITUDE: 108 38 W
[TEMPERATURE DATA] [PRECIPITATION DATA] SYMBOLS USED IN COLUMN 16
AVERAGE MONTHLY: 68.5 TOTAL FOR MONTH: 1.20 1 = FOG OR MIST
DPTR FM NORMAL: 3.0 DPTR FM NORMAL: 0.91 2 = FOG REDUCING VISIBILITY
HIGHEST: 97 ON 16 GRTST 24HR 0.48 ON 25-26 TO 1/4 MILE OR LESS
LOWEST: 33 ON 1 3 = THUNDER
SNOW, ICE PELLETS, HAIL 4 = ICE PELLETS
TOTAL MONTH: M 5 = HAIL
GRTST 24HR M ON M 6 = FREEZING RAIN OR DRIZZLE
GRTST DEPTH: M ON M 7 = DUSTSTORM OR SANDSTORM:
VSBY 1/2 MILE OR LESS
8 = SMOKE OR HAZE
[NO. OF DAYS WITH] [WEATHER - DAYS WITH] 9 = BLOWING SNOW
X = TORNADO
MAX 32 OR BELOW: 0 0.01 INCH OR MORE: 6
MAX 90 OR ABOVE: 11 0.10 INCH OR MORE: 3
MIN 32 OR BELOW: 0 0.50 INCH OR MORE: 0
MIN 0 OR BELOW: 0 1.00 INCH OR MORE: 0
[HDD (BASE 65) ]
TOTAL THIS MO. 22 CLEAR (SCALE 0-3) 23
DPTR FM NORMAL -39 PTCLDY (SCALE 4-7) 7
TOTAL FM JUL 1 5892 CLOUDY (SCALE 8-10) 0
DPTR FM NORMAL -412
[CDD (BASE 65) ]
TOTAL THIS MO. 137
DPTR FM NORMAL 63 [PRESSURE DATA]
TOTAL FM JAN 1 141 HIGHEST SLP M ON M
DPTR FM NORMAL 60 LOWEST SLP 29.52 ON 13
[REMARKS]
#FINAL-06-22#